[INFO] fetching crate hesoyam_core 0.1.6...
[INFO] checking hesoyam_core-0.1.6 against 1.55.0 for beta-1.56-3
[INFO] extracting crate hesoyam_core 0.1.6 into /workspace/builds/worker-6/source
[INFO] validating manifest of crates.io crate hesoyam_core 0.1.6 on toolchain 1.55.0
[INFO] running `Command { std: "/workspace/cargo-home/bin/cargo" "+1.55.0" "metadata" "--manifest-path" "Cargo.toml" "--no-deps", kill_on_drop: false }`
[INFO] started tweaking crates.io crate hesoyam_core 0.1.6
[INFO] finished tweaking crates.io crate hesoyam_core 0.1.6
[INFO] tweaked toml for crates.io crate hesoyam_core 0.1.6 written to /workspace/builds/worker-6/source/Cargo.toml
[INFO] running `Command { std: "/workspace/cargo-home/bin/cargo" "+1.55.0" "generate-lockfile" "--manifest-path" "Cargo.toml" "-Zno-index-update", kill_on_drop: false }`
[INFO] [stderr]     Blocking waiting for file lock on package cache
[INFO] running `Command { std: "/workspace/cargo-home/bin/cargo" "+1.55.0" "fetch" "--manifest-path" "Cargo.toml", kill_on_drop: false }`
[INFO] [stderr]     Blocking waiting for file lock on package cache
[INFO] running `Command { std: "docker" "create" "-v" "/var/lib/crater-agent-workspace/builds/worker-6/target:/opt/rustwide/target:rw,Z" "-v" "/var/lib/crater-agent-workspace/builds/worker-6/source:/opt/rustwide/workdir:ro,Z" "-v" "/var/lib/crater-agent-workspace/cargo-home:/opt/rustwide/cargo-home:ro,Z" "-v" "/var/lib/crater-agent-workspace/rustup-home:/opt/rustwide/rustup-home:ro,Z" "-e" "SOURCE_DIR=/opt/rustwide/workdir" "-e" "CARGO_TARGET_DIR=/opt/rustwide/target" "-e" "CARGO_HOME=/opt/rustwide/cargo-home" "-e" "RUSTUP_HOME=/opt/rustwide/rustup-home" "-w" "/opt/rustwide/workdir" "-m" "1610612736" "--user" "0:0" "--network" "none" "ghcr.io/rust-lang/crates-build-env/linux@sha256:a89201d6b5b9fd45c15d5952ece0a0129e7e80cb26ec023fd59cf09bc26f1604" "/opt/rustwide/cargo-home/bin/cargo" "+1.55.0" "metadata" "--no-deps" "--format-version=1", kill_on_drop: false }`
[INFO] [stderr] WARNING: Your kernel does not support swap limit capabilities or the cgroup is not mounted. Memory limited without swap.
[INFO] [stdout] 87780fbf2bcd3610ecd54c070bde56df9af3bd0f97f4feb717bab5ff41c01258
[INFO] running `Command { std: "docker" "start" "-a" "87780fbf2bcd3610ecd54c070bde56df9af3bd0f97f4feb717bab5ff41c01258", kill_on_drop: false }`
[INFO] running `Command { std: "docker" "inspect" "87780fbf2bcd3610ecd54c070bde56df9af3bd0f97f4feb717bab5ff41c01258", kill_on_drop: false }`
[INFO] running `Command { std: "docker" "rm" "-f" "87780fbf2bcd3610ecd54c070bde56df9af3bd0f97f4feb717bab5ff41c01258", kill_on_drop: false }`
[INFO] [stdout] 87780fbf2bcd3610ecd54c070bde56df9af3bd0f97f4feb717bab5ff41c01258
[INFO] running `Command { std: "docker" "create" "-v" "/var/lib/crater-agent-workspace/builds/worker-6/target:/opt/rustwide/target:rw,Z" "-v" "/var/lib/crater-agent-workspace/builds/worker-6/source:/opt/rustwide/workdir:ro,Z" "-v" "/var/lib/crater-agent-workspace/cargo-home:/opt/rustwide/cargo-home:ro,Z" "-v" "/var/lib/crater-agent-workspace/rustup-home:/opt/rustwide/rustup-home:ro,Z" "-e" "SOURCE_DIR=/opt/rustwide/workdir" "-e" "CARGO_TARGET_DIR=/opt/rustwide/target" "-e" "CARGO_INCREMENTAL=0" "-e" "RUST_BACKTRACE=full" "-e" "RUSTFLAGS=--cap-lints=warn" "-e" "CARGO_HOME=/opt/rustwide/cargo-home" "-e" "RUSTUP_HOME=/opt/rustwide/rustup-home" "-w" "/opt/rustwide/workdir" "-m" "1610612736" "--user" "0:0" "--network" "none" "ghcr.io/rust-lang/crates-build-env/linux@sha256:a89201d6b5b9fd45c15d5952ece0a0129e7e80cb26ec023fd59cf09bc26f1604" "/opt/rustwide/cargo-home/bin/cargo" "+1.55.0" "check" "--frozen" "--all" "--all-targets" "--message-format=json", kill_on_drop: false }`
[INFO] [stdout] 5f1443c32da8b619f9def90d4f6cba3158f9707840e0f94804b3344f47a80f77
[INFO] [stderr] WARNING: Your kernel does not support swap limit capabilities or the cgroup is not mounted. Memory limited without swap.
[INFO] running `Command { std: "docker" "start" "-a" "5f1443c32da8b619f9def90d4f6cba3158f9707840e0f94804b3344f47a80f77", kill_on_drop: false }`
[INFO] [stderr]    Compiling libc v0.2.103
[INFO] [stderr]     Checking tracing v0.1.29
[INFO] [stderr]     Checking http-body v0.3.1
[INFO] [stderr]     Checking phf v0.8.0
[INFO] [stderr]     Checking bstr v0.2.17
[INFO] [stderr]     Checking serde_urlencoded v0.7.0
[INFO] [stderr]    Compiling futures-macro v0.3.17
[INFO] [stderr]    Compiling pin-project-internal v1.0.8
[INFO] [stderr]     Checking crypto-mac v0.9.1
[INFO] [stderr]     Checking syn v1.0.80
[INFO] [stderr]     Checking hmac v0.9.0
[INFO] [stderr]     Checking csv v1.1.6
[INFO] [stderr]     Checking net2 v0.2.37
[INFO] [stderr]     Checking iovec v0.1.4
[INFO] [stderr]     Checking num_cpus v1.13.0
[INFO] [stderr]     Checking getrandom v0.1.16
[INFO] [stderr]     Checking openssl-sys v0.9.67
[INFO] [stderr]     Checking time v0.1.44
[INFO] [stderr]     Checking parking_lot_core v0.8.5
[INFO] [stderr]     Checking socket2 v0.3.19
[INFO] [stderr]     Checking backtrace v0.3.61
[INFO] [stderr]     Checking chrono v0.4.19
[INFO] [stderr]     Checking rand_core v0.5.1
[INFO] [stderr]     Checking parking_lot v0.11.2
[INFO] [stderr]     Checking mio v0.6.23
[INFO] [stderr]     Checking error-chain v0.12.4
[INFO] [stderr]     Checking rand_chacha v0.2.2
[INFO] [stderr]     Checking futures-util v0.3.17
[INFO] [stderr]     Checking pin-project v1.0.8
[INFO] [stderr]     Checking rand v0.7.3
[INFO] [stderr]     Checking tracing-futures v0.2.5
[INFO] [stderr]     Checking mio-uds v0.6.8
[INFO] [stderr]     Checking openssl v0.10.36
[INFO] [stderr]     Checking tokio v0.2.25
[INFO] [stderr]     Checking postgres-protocol v0.5.3
[INFO] [stderr]     Checking postgres-types v0.1.3
[INFO] [stderr]     Checking futures-executor v0.3.17
[INFO] [stderr]     Checking futures v0.3.17
[INFO] [stderr]     Checking native-tls v0.2.8
[INFO] [stderr]     Checking tokio-util v0.3.1
[INFO] [stderr]     Checking tokio-tls v0.3.1
[INFO] [stderr]     Checking h2 v0.2.7
[INFO] [stderr]     Checking tokio-postgres v0.5.5
[INFO] [stderr]     Checking postgres v0.17.5
[INFO] [stderr]     Checking hyper v0.13.10
[INFO] [stderr]     Checking hyper-tls v0.4.3
[INFO] [stderr]     Checking reqwest v0.10.10
[INFO] [stderr]     Checking hesoyam_core v0.1.6 (/opt/rustwide/workdir)
[INFO] [stdout] error[E0432]: unresolved import `syn::export`
[INFO] [stdout]  --> src/model/field_type.rs:3:10
[INFO] [stdout]   |
[INFO] [stdout] 3 | use syn::export::{TokenStream2 as TokenStream, ToTokens};
[INFO] [stdout]   |          ^^^^^^ could not find `export` in `syn`
[INFO] [stdout] 
[INFO] [stdout] 
[INFO] [stdout] error[E0432]: unresolved import `syn::export`
[INFO] [stdout]  --> src/model/field.rs:3:10
[INFO] [stdout]   |
[INFO] [stdout] 3 | use syn::export::Debug;
[INFO] [stdout]   |          ^^^^^^ could not find `export` in `syn`
[INFO] [stdout] 
[INFO] [stdout] 
[INFO] [stdout] error: cannot determine resolution for the derive macro `Debug`
[INFO] [stdout]  --> src/model/field.rs:7:10
[INFO] [stdout]   |
[INFO] [stdout] 7 | #[derive(Debug, PartialEq, Eq, Hash)]
[INFO] [stdout]   |          ^^^^^
[INFO] [stdout]   |
[INFO] [stdout]   = note: import resolution is stuck, try simplifying macro imports
[INFO] [stdout] 
[INFO] [stdout] 
[INFO] [stdout] warning: unused import: `std::str::FromStr`
[INFO] [stdout]  --> src/model/field_type.rs:1:5
[INFO] [stdout]   |
[INFO] [stdout] 1 | use std::str::FromStr;
[INFO] [stdout]   |     ^^^^^^^^^^^^^^^^^
[INFO] [stdout]   |
[INFO] [stdout]   = note: `#[warn(unused_imports)]` on by default
[INFO] [stdout] 
[INFO] [stdout] 
[INFO] [stdout] error: aborting due to 3 previous errors; 1 warning emitted
[INFO] [stdout] 
[INFO] [stdout] 
[INFO] [stdout] For more information about this error, try `rustc --explain E0432`.
[INFO] [stdout] 
[INFO] [stderr] error: could not compile `hesoyam_core` due to 4 previous errors; 1 warning emitted
[INFO] [stderr] warning: build failed, waiting for other jobs to finish...
[INFO] [stdout] error[E0432]: unresolved import `syn::export`
[INFO] [stdout]  --> src/model/field_type.rs:3:10
[INFO] [stdout]   |
[INFO] [stdout] 3 | use syn::export::{TokenStream2 as TokenStream, ToTokens};
[INFO] [stdout]   |          ^^^^^^ could not find `export` in `syn`
[INFO] [stdout] 
[INFO] [stdout] 
[INFO] [stdout] error[E0432]: unresolved import `syn::export`
[INFO] [stdout]  --> src/model/field.rs:3:10
[INFO] [stdout]   |
[INFO] [stdout] 3 | use syn::export::Debug;
[INFO] [stdout]   |          ^^^^^^ could not find `export` in `syn`
[INFO] [stdout] 
[INFO] [stdout] 
[INFO] [stdout] error: cannot determine resolution for the derive macro `Debug`
[INFO] [stdout]  --> src/model/field.rs:7:10
[INFO] [stdout]   |
[INFO] [stdout] 7 | #[derive(Debug, PartialEq, Eq, Hash)]
[INFO] [stdout]   |          ^^^^^
[INFO] [stdout]   |
[INFO] [stdout]   = note: import resolution is stuck, try simplifying macro imports
[INFO] [stdout] 
[INFO] [stdout] 
[INFO] [stdout] warning: unused import: `std::str::FromStr`
[INFO] [stdout]  --> src/model/field_type.rs:1:5
[INFO] [stdout]   |
[INFO] [stdout] 1 | use std::str::FromStr;
[INFO] [stdout]   |     ^^^^^^^^^^^^^^^^^
[INFO] [stdout]   |
[INFO] [stdout]   = note: `#[warn(unused_imports)]` on by default
[INFO] [stdout] 
[INFO] [stdout] 
[INFO] [stdout] error: aborting due to 3 previous errors; 1 warning emitted
[INFO] [stdout] 
[INFO] [stdout] 
[INFO] [stdout] For more information about this error, try `rustc --explain E0432`.
[INFO] [stdout] 
[INFO] [stderr] error: build failed
[INFO] running `Command { std: "docker" "inspect" "5f1443c32da8b619f9def90d4f6cba3158f9707840e0f94804b3344f47a80f77", kill_on_drop: false }`
[INFO] running `Command { std: "docker" "rm" "-f" "5f1443c32da8b619f9def90d4f6cba3158f9707840e0f94804b3344f47a80f77", kill_on_drop: false }`
[INFO] [stdout] 5f1443c32da8b619f9def90d4f6cba3158f9707840e0f94804b3344f47a80f77
