[INFO] fetching crate hawktracer-parser 0.2.3...
[INFO] checking hawktracer-parser-0.2.3 against 1.55.0 for beta-1.56-3
[INFO] extracting crate hawktracer-parser 0.2.3 into /workspace/builds/worker-72/source
[INFO] validating manifest of crates.io crate hawktracer-parser 0.2.3 on toolchain 1.55.0
[INFO] running `Command { std: "/workspace/cargo-home/bin/cargo" "+1.55.0" "metadata" "--manifest-path" "Cargo.toml" "--no-deps", kill_on_drop: false }`
[INFO] started tweaking crates.io crate hawktracer-parser 0.2.3
[INFO] finished tweaking crates.io crate hawktracer-parser 0.2.3
[INFO] tweaked toml for crates.io crate hawktracer-parser 0.2.3 written to /workspace/builds/worker-72/source/Cargo.toml
[INFO] running `Command { std: "/workspace/cargo-home/bin/cargo" "+1.55.0" "generate-lockfile" "--manifest-path" "Cargo.toml" "-Zno-index-update", kill_on_drop: false }`
[INFO] [stderr]     Blocking waiting for file lock on package cache
[INFO] running `Command { std: "/workspace/cargo-home/bin/cargo" "+1.55.0" "fetch" "--manifest-path" "Cargo.toml", kill_on_drop: false }`
[INFO] [stderr]     Blocking waiting for file lock on package cache
[INFO] running `Command { std: "docker" "create" "-v" "/var/lib/crater-agent-workspace/builds/worker-72/target:/opt/rustwide/target:rw,Z" "-v" "/var/lib/crater-agent-workspace/builds/worker-72/source:/opt/rustwide/workdir:ro,Z" "-v" "/var/lib/crater-agent-workspace/cargo-home:/opt/rustwide/cargo-home:ro,Z" "-v" "/var/lib/crater-agent-workspace/rustup-home:/opt/rustwide/rustup-home:ro,Z" "-e" "SOURCE_DIR=/opt/rustwide/workdir" "-e" "CARGO_TARGET_DIR=/opt/rustwide/target" "-e" "CARGO_HOME=/opt/rustwide/cargo-home" "-e" "RUSTUP_HOME=/opt/rustwide/rustup-home" "-w" "/opt/rustwide/workdir" "-m" "1610612736" "--user" "0:0" "--network" "none" "ghcr.io/rust-lang/crates-build-env/linux@sha256:a89201d6b5b9fd45c15d5952ece0a0129e7e80cb26ec023fd59cf09bc26f1604" "/opt/rustwide/cargo-home/bin/cargo" "+1.55.0" "metadata" "--no-deps" "--format-version=1", kill_on_drop: false }`
[INFO] [stdout] b97ae2671b2fb0a31a6005ac91bcd20fd964fa7a173b08e60e5786d2263e338c
[INFO] running `Command { std: "docker" "start" "-a" "b97ae2671b2fb0a31a6005ac91bcd20fd964fa7a173b08e60e5786d2263e338c", kill_on_drop: false }`
[INFO] running `Command { std: "docker" "inspect" "b97ae2671b2fb0a31a6005ac91bcd20fd964fa7a173b08e60e5786d2263e338c", kill_on_drop: false }`
[INFO] running `Command { std: "docker" "rm" "-f" "b97ae2671b2fb0a31a6005ac91bcd20fd964fa7a173b08e60e5786d2263e338c", kill_on_drop: false }`
[INFO] [stdout] b97ae2671b2fb0a31a6005ac91bcd20fd964fa7a173b08e60e5786d2263e338c
[INFO] running `Command { std: "docker" "create" "-v" "/var/lib/crater-agent-workspace/builds/worker-72/target:/opt/rustwide/target:rw,Z" "-v" "/var/lib/crater-agent-workspace/builds/worker-72/source:/opt/rustwide/workdir:ro,Z" "-v" "/var/lib/crater-agent-workspace/cargo-home:/opt/rustwide/cargo-home:ro,Z" "-v" "/var/lib/crater-agent-workspace/rustup-home:/opt/rustwide/rustup-home:ro,Z" "-e" "SOURCE_DIR=/opt/rustwide/workdir" "-e" "CARGO_TARGET_DIR=/opt/rustwide/target" "-e" "CARGO_INCREMENTAL=0" "-e" "RUST_BACKTRACE=full" "-e" "RUSTFLAGS=--cap-lints=warn" "-e" "CARGO_HOME=/opt/rustwide/cargo-home" "-e" "RUSTUP_HOME=/opt/rustwide/rustup-home" "-w" "/opt/rustwide/workdir" "-m" "1610612736" "--user" "0:0" "--network" "none" "ghcr.io/rust-lang/crates-build-env/linux@sha256:a89201d6b5b9fd45c15d5952ece0a0129e7e80cb26ec023fd59cf09bc26f1604" "/opt/rustwide/cargo-home/bin/cargo" "+1.55.0" "check" "--frozen" "--all" "--all-targets" "--message-format=json", kill_on_drop: false }`
[INFO] [stdout] d82b2911d5254e5fc69cf014d2be04e1ea27b15f53c10bde8a4d47181469a9bf
[INFO] running `Command { std: "docker" "start" "-a" "d82b2911d5254e5fc69cf014d2be04e1ea27b15f53c10bde8a4d47181469a9bf", kill_on_drop: false }`
[INFO] [stderr]     Blocking waiting for file lock on package cache
[INFO] [stderr]     Checking hawktracer-parser v0.2.3 (/opt/rustwide/workdir)
[INFO] [stdout] error[E0432]: unresolved import `hawktracer_parser_test_utilities`
[INFO] [stdout]   --> src/event_reader.rs:71:9
[INFO] [stdout]    |
[INFO] [stdout] 71 |     use hawktracer_parser_test_utilities::FakeDataReader;
[INFO] [stdout]    |         ^^^^^^^^^^^^^^^^^^^^^^^^^^^^^^^^ use of undeclared crate or module `hawktracer_parser_test_utilities`
[INFO] [stdout] 
[INFO] [stdout] 
[INFO] [stdout] error[E0432]: unresolved import `hawktracer_parser_test_utilities`
[INFO] [stdout]   --> src/data_provider.rs:96:9
[INFO] [stdout]    |
[INFO] [stdout] 96 |     use hawktracer_parser_test_utilities::FakeDataReader;
[INFO] [stdout]    |         ^^^^^^^^^^^^^^^^^^^^^^^^^^^^^^^^ use of undeclared crate or module `hawktracer_parser_test_utilities`
[INFO] [stdout] 
[INFO] [stdout] 
[INFO] [stdout] error[E0432]: unresolved import `hawktracer_parser_test_utilities`
[INFO] [stdout]    --> src/data_struct_reader.rs:105:9
[INFO] [stdout]     |
[INFO] [stdout] 105 |     use hawktracer_parser_test_utilities::FakeDataReader;
[INFO] [stdout]     |         ^^^^^^^^^^^^^^^^^^^^^^^^^^^^^^^^ use of undeclared crate or module `hawktracer_parser_test_utilities`
[INFO] [stdout] 
[INFO] [stdout] 
[INFO] [stdout] error: aborting due to 3 previous errors
[INFO] [stdout] 
[INFO] [stdout] 
[INFO] [stdout] For more information about this error, try `rustc --explain E0432`.
[INFO] [stdout] 
[INFO] [stderr] error: could not compile `hawktracer-parser` due to 4 previous errors
[INFO] running `Command { std: "docker" "inspect" "d82b2911d5254e5fc69cf014d2be04e1ea27b15f53c10bde8a4d47181469a9bf", kill_on_drop: false }`
[INFO] running `Command { std: "docker" "rm" "-f" "d82b2911d5254e5fc69cf014d2be04e1ea27b15f53c10bde8a4d47181469a9bf", kill_on_drop: false }`
[INFO] [stdout] d82b2911d5254e5fc69cf014d2be04e1ea27b15f53c10bde8a4d47181469a9bf
