[INFO] fetching crate gungeon-save 0.0.1...
[INFO] checking gungeon-save-0.0.1 against beta-2021-10-15 for beta-1.56-3
[INFO] extracting crate gungeon-save 0.0.1 into /workspace/builds/worker-53/source
[INFO] validating manifest of crates.io crate gungeon-save 0.0.1 on toolchain beta-2021-10-15
[INFO] running `Command { std: "/workspace/cargo-home/bin/cargo" "+beta-2021-10-15" "metadata" "--manifest-path" "Cargo.toml" "--no-deps", kill_on_drop: false }`
[INFO] started tweaking crates.io crate gungeon-save 0.0.1
[INFO] finished tweaking crates.io crate gungeon-save 0.0.1
[INFO] tweaked toml for crates.io crate gungeon-save 0.0.1 written to /workspace/builds/worker-53/source/Cargo.toml
[INFO] crate crates.io crate gungeon-save 0.0.1 already has a lockfile, it will not be regenerated
[INFO] running `Command { std: "/workspace/cargo-home/bin/cargo" "+beta-2021-10-15" "fetch" "--manifest-path" "Cargo.toml", kill_on_drop: false }`
[INFO] [stderr]     Blocking waiting for file lock on package cache
[INFO] running `Command { std: "docker" "create" "-v" "/var/lib/crater-agent-workspace/builds/worker-53/target:/opt/rustwide/target:rw,Z" "-v" "/var/lib/crater-agent-workspace/builds/worker-53/source:/opt/rustwide/workdir:ro,Z" "-v" "/var/lib/crater-agent-workspace/cargo-home:/opt/rustwide/cargo-home:ro,Z" "-v" "/var/lib/crater-agent-workspace/rustup-home:/opt/rustwide/rustup-home:ro,Z" "-e" "SOURCE_DIR=/opt/rustwide/workdir" "-e" "CARGO_TARGET_DIR=/opt/rustwide/target" "-e" "CARGO_HOME=/opt/rustwide/cargo-home" "-e" "RUSTUP_HOME=/opt/rustwide/rustup-home" "-w" "/opt/rustwide/workdir" "-m" "1610612736" "--user" "0:0" "--network" "none" "ghcr.io/rust-lang/crates-build-env/linux@sha256:a89201d6b5b9fd45c15d5952ece0a0129e7e80cb26ec023fd59cf09bc26f1604" "/opt/rustwide/cargo-home/bin/cargo" "+beta-2021-10-15" "metadata" "--no-deps" "--format-version=1", kill_on_drop: false }`
[INFO] [stdout] 99cc4f16c90883699543107c096af76706431c7ec6aa1bee64d0afc6097b7a8b
[INFO] running `Command { std: "docker" "start" "-a" "99cc4f16c90883699543107c096af76706431c7ec6aa1bee64d0afc6097b7a8b", kill_on_drop: false }`
[INFO] running `Command { std: "docker" "inspect" "99cc4f16c90883699543107c096af76706431c7ec6aa1bee64d0afc6097b7a8b", kill_on_drop: false }`
[INFO] running `Command { std: "docker" "rm" "-f" "99cc4f16c90883699543107c096af76706431c7ec6aa1bee64d0afc6097b7a8b", kill_on_drop: false }`
[INFO] [stdout] 99cc4f16c90883699543107c096af76706431c7ec6aa1bee64d0afc6097b7a8b
[INFO] running `Command { std: "docker" "create" "-v" "/var/lib/crater-agent-workspace/builds/worker-53/target:/opt/rustwide/target:rw,Z" "-v" "/var/lib/crater-agent-workspace/builds/worker-53/source:/opt/rustwide/workdir:ro,Z" "-v" "/var/lib/crater-agent-workspace/cargo-home:/opt/rustwide/cargo-home:ro,Z" "-v" "/var/lib/crater-agent-workspace/rustup-home:/opt/rustwide/rustup-home:ro,Z" "-e" "SOURCE_DIR=/opt/rustwide/workdir" "-e" "CARGO_TARGET_DIR=/opt/rustwide/target" "-e" "CARGO_INCREMENTAL=0" "-e" "RUST_BACKTRACE=full" "-e" "RUSTFLAGS=--cap-lints=warn" "-e" "CARGO_HOME=/opt/rustwide/cargo-home" "-e" "RUSTUP_HOME=/opt/rustwide/rustup-home" "-w" "/opt/rustwide/workdir" "-m" "1610612736" "--user" "0:0" "--network" "none" "ghcr.io/rust-lang/crates-build-env/linux@sha256:a89201d6b5b9fd45c15d5952ece0a0129e7e80cb26ec023fd59cf09bc26f1604" "/opt/rustwide/cargo-home/bin/cargo" "+beta-2021-10-15" "check" "--frozen" "--all" "--all-targets" "--message-format=json", kill_on_drop: false }`
[INFO] [stdout] 01ef7d26503e38dd4fdf22525c0421204e972f46adc42e3b0597911d3e2e6e3e
[INFO] running `Command { std: "docker" "start" "-a" "01ef7d26503e38dd4fdf22525c0421204e972f46adc42e3b0597911d3e2e6e3e", kill_on_drop: false }`
[INFO] [stderr]     Blocking waiting for file lock on package cache
[INFO] [stderr]     Checking gungeon-save v0.0.1 (/opt/rustwide/workdir)
[INFO] [stdout] error[E0432]: unresolved import `app_dirs`
[INFO] [stdout]  --> src/main.rs:1:5
[INFO] [stdout]   |
[INFO] [stdout] 1 | use app_dirs::*;
[INFO] [stdout]   |     ^^^^^^^^ use of undeclared crate or module `app_dirs`
[INFO] [stdout] 
[INFO] [stdout] 
[INFO] [stdout] error[E0432]: unresolved import `app_dirs`
[INFO] [stdout]  --> src/main.rs:1:5
[INFO] [stdout]   |
[INFO] [stdout] 1 | use app_dirs::*;
[INFO] [stdout]   |     ^^^^^^^^ use of undeclared crate or module `app_dirs`
[INFO] [stdout] 
[INFO] [stdout] 
[INFO] [stdout] error[E0433]: failed to resolve: use of undeclared type `AppDataType`
[INFO] [stdout]   --> src/main.rs:31:53
[INFO] [stdout]    |
[INFO] [stdout] 31 |             let mut directory = match get_data_root(AppDataType::UserData) {
[INFO] [stdout]    |                                                     ^^^^^^^^^^^ use of undeclared type `AppDataType`
[INFO] [stdout] 
[INFO] [stdout] 
[INFO] [stdout] error[E0425]: cannot find function `get_data_root` in this scope
[INFO] [stdout]   --> src/main.rs:31:39
[INFO] [stdout]    |
[INFO] [stdout] 31 |             let mut directory = match get_data_root(AppDataType::UserData) {
[INFO] [stdout]    |                                       ^^^^^^^^^^^^^ not found in this scope
[INFO] [stdout] 
[INFO] [stdout] 
[INFO] [stdout] error: aborting due to 3 previous errors
[INFO] [stdout] 
[INFO] [stdout] 
[INFO] [stdout] Some errors have detailed explanations: E0425, E0432, E0433.
[INFO] [stdout] 
[INFO] [stdout] For more information about an error, try `rustc --explain E0425`.
[INFO] [stdout] 
[INFO] [stdout] error[E0433]: failed to resolve: use of undeclared type `AppDataType`
[INFO] [stdout]   --> src/main.rs:31:53
[INFO] [stdout]    |
[INFO] [stdout] 31 |             let mut directory = match get_data_root(AppDataType::UserData) {
[INFO] [stdout]    |                                                     ^^^^^^^^^^^ use of undeclared type `AppDataType`
[INFO] [stdout] 
[INFO] [stdout] 
[INFO] [stdout] error[E0425]: cannot find function `get_data_root` in this scope
[INFO] [stdout]   --> src/main.rs:31:39
[INFO] [stdout]    |
[INFO] [stdout] 31 |             let mut directory = match get_data_root(AppDataType::UserData) {
[INFO] [stdout]    |                                       ^^^^^^^^^^^^^ not found in this scope
[INFO] [stdout] 
[INFO] [stdout] 
[INFO] [stderr] error: could not compile `gungeon-save` due to 4 previous errors
[INFO] [stderr] warning: build failed, waiting for other jobs to finish...
[INFO] [stdout] error: aborting due to 3 previous errors
[INFO] [stdout] 
[INFO] [stdout] 
[INFO] [stdout] Some errors have detailed explanations: E0425, E0432, E0433.
[INFO] [stdout] 
[INFO] [stdout] For more information about an error, try `rustc --explain E0425`.
[INFO] [stdout] 
[INFO] [stderr] error: build failed
[INFO] running `Command { std: "docker" "inspect" "01ef7d26503e38dd4fdf22525c0421204e972f46adc42e3b0597911d3e2e6e3e", kill_on_drop: false }`
[INFO] running `Command { std: "docker" "rm" "-f" "01ef7d26503e38dd4fdf22525c0421204e972f46adc42e3b0597911d3e2e6e3e", kill_on_drop: false }`
[INFO] [stdout] 01ef7d26503e38dd4fdf22525c0421204e972f46adc42e3b0597911d3e2e6e3e
