[INFO] fetching crate grin_miner_config 0.5.2...
[INFO] checking grin_miner_config-0.5.2 against beta-2021-10-15 for beta-1.56-3
[INFO] extracting crate grin_miner_config 0.5.2 into /workspace/builds/worker-82/source
[INFO] validating manifest of crates.io crate grin_miner_config 0.5.2 on toolchain beta-2021-10-15
[INFO] running `Command { std: "/workspace/cargo-home/bin/cargo" "+beta-2021-10-15" "metadata" "--manifest-path" "Cargo.toml" "--no-deps", kill_on_drop: false }`
[INFO] started tweaking crates.io crate grin_miner_config 0.5.2
[INFO] finished tweaking crates.io crate grin_miner_config 0.5.2
[INFO] tweaked toml for crates.io crate grin_miner_config 0.5.2 written to /workspace/builds/worker-82/source/Cargo.toml
[INFO] running `Command { std: "/workspace/cargo-home/bin/cargo" "+beta-2021-10-15" "generate-lockfile" "--manifest-path" "Cargo.toml" "-Zno-index-update", kill_on_drop: false }`
[INFO] [stderr]     Blocking waiting for file lock on package cache
[INFO] running `Command { std: "/workspace/cargo-home/bin/cargo" "+beta-2021-10-15" "fetch" "--manifest-path" "Cargo.toml", kill_on_drop: false }`
[INFO] [stderr]     Blocking waiting for file lock on package cache
[INFO] [stderr]     Blocking waiting for file lock on package cache
[INFO] running `Command { std: "docker" "create" "-v" "/var/lib/crater-agent-workspace/builds/worker-82/target:/opt/rustwide/target:rw,Z" "-v" "/var/lib/crater-agent-workspace/builds/worker-82/source:/opt/rustwide/workdir:ro,Z" "-v" "/var/lib/crater-agent-workspace/cargo-home:/opt/rustwide/cargo-home:ro,Z" "-v" "/var/lib/crater-agent-workspace/rustup-home:/opt/rustwide/rustup-home:ro,Z" "-e" "SOURCE_DIR=/opt/rustwide/workdir" "-e" "CARGO_TARGET_DIR=/opt/rustwide/target" "-e" "CARGO_HOME=/opt/rustwide/cargo-home" "-e" "RUSTUP_HOME=/opt/rustwide/rustup-home" "-w" "/opt/rustwide/workdir" "-m" "1610612736" "--user" "0:0" "--network" "none" "ghcr.io/rust-lang/crates-build-env/linux@sha256:a89201d6b5b9fd45c15d5952ece0a0129e7e80cb26ec023fd59cf09bc26f1604" "/opt/rustwide/cargo-home/bin/cargo" "+beta-2021-10-15" "metadata" "--no-deps" "--format-version=1", kill_on_drop: false }`
[INFO] [stdout] 75c0f740246c59a3ba90b7448518610321ea06d6cbf6cd8e22d50713c8e976a4
[INFO] running `Command { std: "docker" "start" "-a" "75c0f740246c59a3ba90b7448518610321ea06d6cbf6cd8e22d50713c8e976a4", kill_on_drop: false }`
[INFO] running `Command { std: "docker" "inspect" "75c0f740246c59a3ba90b7448518610321ea06d6cbf6cd8e22d50713c8e976a4", kill_on_drop: false }`
[INFO] running `Command { std: "docker" "rm" "-f" "75c0f740246c59a3ba90b7448518610321ea06d6cbf6cd8e22d50713c8e976a4", kill_on_drop: false }`
[INFO] [stdout] 75c0f740246c59a3ba90b7448518610321ea06d6cbf6cd8e22d50713c8e976a4
[INFO] running `Command { std: "docker" "create" "-v" "/var/lib/crater-agent-workspace/builds/worker-82/target:/opt/rustwide/target:rw,Z" "-v" "/var/lib/crater-agent-workspace/builds/worker-82/source:/opt/rustwide/workdir:ro,Z" "-v" "/var/lib/crater-agent-workspace/cargo-home:/opt/rustwide/cargo-home:ro,Z" "-v" "/var/lib/crater-agent-workspace/rustup-home:/opt/rustwide/rustup-home:ro,Z" "-e" "SOURCE_DIR=/opt/rustwide/workdir" "-e" "CARGO_TARGET_DIR=/opt/rustwide/target" "-e" "CARGO_INCREMENTAL=0" "-e" "RUST_BACKTRACE=full" "-e" "RUSTFLAGS=--cap-lints=warn" "-e" "CARGO_HOME=/opt/rustwide/cargo-home" "-e" "RUSTUP_HOME=/opt/rustwide/rustup-home" "-w" "/opt/rustwide/workdir" "-m" "1610612736" "--user" "0:0" "--network" "none" "ghcr.io/rust-lang/crates-build-env/linux@sha256:a89201d6b5b9fd45c15d5952ece0a0129e7e80cb26ec023fd59cf09bc26f1604" "/opt/rustwide/cargo-home/bin/cargo" "+beta-2021-10-15" "check" "--frozen" "--all" "--all-targets" "--message-format=json", kill_on_drop: false }`
[INFO] [stdout] 8935e32760365201c913126c51796c6c3a66073163a979e3d893cb2d62aa65ca
[INFO] running `Command { std: "docker" "start" "-a" "8935e32760365201c913126c51796c6c3a66073163a979e3d893cb2d62aa65ca", kill_on_drop: false }`
[INFO] [stderr]    Compiling arrayvec v0.4.12
[INFO] [stderr]    Compiling slog-async v2.7.0
[INFO] [stderr]    Compiling gcc v0.3.55
[INFO] [stderr]     Checking slog v2.1.1
[INFO] [stderr]     Checking nodrop v0.1.14
[INFO] [stderr]     Checking constant_time_eq v0.1.5
[INFO] [stderr]    Compiling libloading v0.4.3
[INFO] [stderr]    Compiling fs_extra v1.2.0
[INFO] [stderr]     Checking rustc-serialize v0.3.24
[INFO] [stderr]     Checking byteorder v0.5.3
[INFO] [stderr]     Checking thread_local v1.1.3
[INFO] [stderr]     Checking addr2line v0.16.0
[INFO] [stderr]    Compiling cmake v0.1.46
[INFO] [stderr]     Checking dirs-sys-next v0.1.2
[INFO] [stderr]     Checking time v0.1.43
[INFO] [stderr]     Checking dirs v1.0.5
[INFO] [stderr]     Checking serde_json v1.0.68
[INFO] [stderr]     Checking dirs-next v2.0.0
[INFO] [stderr]     Checking backtrace v0.3.61
[INFO] [stderr]     Checking chrono v0.4.19
[INFO] [stderr]     Checking term v0.7.0
[INFO] [stderr]    Compiling cuckoo_miner v0.5.2
[INFO] [stderr]    Compiling rust-crypto v0.2.36
[INFO] [stdout] error[E0407]: method `emit_u128` is not a member of trait `Serializer`
[INFO] [stdout]    --> /opt/rustwide/cargo-home/registry/src/github.com-1ecc6299db9ec823/slog-async-2.7.0/lib.rs:148:5
[INFO] [stdout]     |
[INFO] [stdout] 148 | /     fn emit_u128(&mut self, key: Key, val: u128) -> slog::Result {
[INFO] [stdout] 149 | |         take(&mut self.kv, |kv| Box::new((kv, SingleKV(key, val))));
[INFO] [stdout] 150 | |         Ok(())
[INFO] [stdout] 151 | |     }
[INFO] [stdout]     | |_____^ not a member of trait `Serializer`
[INFO] [stdout] 
[INFO] [stdout] 
[INFO] [stdout] error[E0407]: method `emit_i128` is not a member of trait `Serializer`
[INFO] [stdout]    --> /opt/rustwide/cargo-home/registry/src/github.com-1ecc6299db9ec823/slog-async-2.7.0/lib.rs:153:5
[INFO] [stdout]     |
[INFO] [stdout] 153 | /     fn emit_i128(&mut self, key: Key, val: i128) -> slog::Result {
[INFO] [stdout] 154 | |         take(&mut self.kv, |kv| Box::new((kv, SingleKV(key, val))));
[INFO] [stdout] 155 | |         Ok(())
[INFO] [stdout] 156 | |     }
[INFO] [stdout]     | |_____^ not a member of trait `Serializer`
[INFO] [stdout] 
[INFO] [stdout] 
[INFO] [stdout] error[E0277]: the trait bound `u128: Value` is not satisfied
[INFO] [stdout]     --> /opt/rustwide/cargo-home/registry/src/github.com-1ecc6299db9ec823/slog-async-2.7.0/lib.rs:149:61
[INFO] [stdout]      |
[INFO] [stdout] 149  |         take(&mut self.kv, |kv| Box::new((kv, SingleKV(key, val))));
[INFO] [stdout]      |                                                             ^^^ the trait `Value` is not implemented for `u128`
[INFO] [stdout]      |
[INFO] [stdout] note: required by `SingleKV`
[INFO] [stdout]     --> /opt/rustwide/cargo-home/registry/src/github.com-1ecc6299db9ec823/slog-2.1.1/src/lib.rs:2687:1
[INFO] [stdout]      |
[INFO] [stdout] 2687 | / pub struct SingleKV<V>(pub Key, pub V)
[INFO] [stdout] 2688 | | where
[INFO] [stdout] 2689 | |     V: Value;
[INFO] [stdout]      | |_____________^
[INFO] [stdout] 
[INFO] [stdout] 
[INFO] [stdout] error[E0277]: the trait bound `u128: Value` is not satisfied
[INFO] [stdout]     --> /opt/rustwide/cargo-home/registry/src/github.com-1ecc6299db9ec823/slog-async-2.7.0/lib.rs:149:47
[INFO] [stdout]      |
[INFO] [stdout] 149  |         take(&mut self.kv, |kv| Box::new((kv, SingleKV(key, val))));
[INFO] [stdout]      |                                               ^^^^^^^^^^^^^^^^^^ the trait `Value` is not implemented for `u128`
[INFO] [stdout]      |
[INFO] [stdout] note: required by a bound in `SingleKV`
[INFO] [stdout]     --> /opt/rustwide/cargo-home/registry/src/github.com-1ecc6299db9ec823/slog-2.1.1/src/lib.rs:2689:8
[INFO] [stdout]      |
[INFO] [stdout] 2689 |     V: Value;
[INFO] [stdout]      |        ^^^^^ required by this bound in `SingleKV`
[INFO] [stdout] 
[INFO] [stdout] 
[INFO] [stdout] error[E0277]: the trait bound `u128: Value` is not satisfied
[INFO] [stdout]     --> /opt/rustwide/cargo-home/registry/src/github.com-1ecc6299db9ec823/slog-async-2.7.0/lib.rs:149:42
[INFO] [stdout]      |
[INFO] [stdout] 149  |         take(&mut self.kv, |kv| Box::new((kv, SingleKV(key, val))));
[INFO] [stdout]      |                                          ^^^^^^^^^^^^^^^^^^^^^^^^ the trait `Value` is not implemented for `u128`
[INFO] [stdout]      |
[INFO] [stdout] note: required by a bound in `SingleKV`
[INFO] [stdout]     --> /opt/rustwide/cargo-home/registry/src/github.com-1ecc6299db9ec823/slog-2.1.1/src/lib.rs:2689:8
[INFO] [stdout]      |
[INFO] [stdout] 2689 |     V: Value;
[INFO] [stdout]      |        ^^^^^ required by this bound in `SingleKV`
[INFO] [stdout] 
[INFO] [stdout] 
[INFO] [stdout] error[E0277]: the trait bound `u128: Value` is not satisfied
[INFO] [stdout]     --> /opt/rustwide/cargo-home/registry/src/github.com-1ecc6299db9ec823/slog-async-2.7.0/lib.rs:149:33
[INFO] [stdout]      |
[INFO] [stdout] 149  |         take(&mut self.kv, |kv| Box::new((kv, SingleKV(key, val))));
[INFO] [stdout]      |                                 ^^^^^^^^^^^^^^^^^^^^^^^^^^^^^^^^^^ the trait `Value` is not implemented for `u128`
[INFO] [stdout]      |
[INFO] [stdout] note: required by a bound in `SingleKV`
[INFO] [stdout]     --> /opt/rustwide/cargo-home/registry/src/github.com-1ecc6299db9ec823/slog-2.1.1/src/lib.rs:2689:8
[INFO] [stdout]      |
[INFO] [stdout] 2689 |     V: Value;
[INFO] [stdout]      |        ^^^^^ required by this bound in `SingleKV`
[INFO] [stdout] 
[INFO] [stdout] 
[INFO] [stdout] error[E0277]: the trait bound `i128: Value` is not satisfied
[INFO] [stdout]     --> /opt/rustwide/cargo-home/registry/src/github.com-1ecc6299db9ec823/slog-async-2.7.0/lib.rs:154:61
[INFO] [stdout]      |
[INFO] [stdout] 154  |         take(&mut self.kv, |kv| Box::new((kv, SingleKV(key, val))));
[INFO] [stdout]      |                                                             ^^^ the trait `Value` is not implemented for `i128`
[INFO] [stdout]      |
[INFO] [stdout] note: required by `SingleKV`
[INFO] [stdout]     --> /opt/rustwide/cargo-home/registry/src/github.com-1ecc6299db9ec823/slog-2.1.1/src/lib.rs:2687:1
[INFO] [stdout]      |
[INFO] [stdout] 2687 | / pub struct SingleKV<V>(pub Key, pub V)
[INFO] [stdout] 2688 | | where
[INFO] [stdout] 2689 | |     V: Value;
[INFO] [stdout]      | |_____________^
[INFO] [stdout] 
[INFO] [stdout] 
[INFO] [stdout] error[E0277]: the trait bound `i128: Value` is not satisfied
[INFO] [stdout]     --> /opt/rustwide/cargo-home/registry/src/github.com-1ecc6299db9ec823/slog-async-2.7.0/lib.rs:154:47
[INFO] [stdout]      |
[INFO] [stdout] 154  |         take(&mut self.kv, |kv| Box::new((kv, SingleKV(key, val))));
[INFO] [stdout]      |                                               ^^^^^^^^^^^^^^^^^^ the trait `Value` is not implemented for `i128`
[INFO] [stdout]      |
[INFO] [stdout] note: required by a bound in `SingleKV`
[INFO] [stdout]     --> /opt/rustwide/cargo-home/registry/src/github.com-1ecc6299db9ec823/slog-2.1.1/src/lib.rs:2689:8
[INFO] [stdout]      |
[INFO] [stdout] 2689 |     V: Value;
[INFO] [stdout]      |        ^^^^^ required by this bound in `SingleKV`
[INFO] [stdout] 
[INFO] [stdout] 
[INFO] [stdout] error[E0277]: the trait bound `i128: Value` is not satisfied
[INFO] [stdout]     --> /opt/rustwide/cargo-home/registry/src/github.com-1ecc6299db9ec823/slog-async-2.7.0/lib.rs:154:42
[INFO] [stdout]      |
[INFO] [stdout] 154  |         take(&mut self.kv, |kv| Box::new((kv, SingleKV(key, val))));
[INFO] [stdout]      |                                          ^^^^^^^^^^^^^^^^^^^^^^^^ the trait `Value` is not implemented for `i128`
[INFO] [stdout]      |
[INFO] [stdout] note: required by a bound in `SingleKV`
[INFO] [stdout]     --> /opt/rustwide/cargo-home/registry/src/github.com-1ecc6299db9ec823/slog-2.1.1/src/lib.rs:2689:8
[INFO] [stdout]      |
[INFO] [stdout] 2689 |     V: Value;
[INFO] [stdout]      |        ^^^^^ required by this bound in `SingleKV`
[INFO] [stdout] 
[INFO] [stdout] 
[INFO] [stdout] error[E0277]: the trait bound `i128: Value` is not satisfied
[INFO] [stdout]     --> /opt/rustwide/cargo-home/registry/src/github.com-1ecc6299db9ec823/slog-async-2.7.0/lib.rs:154:33
[INFO] [stdout]      |
[INFO] [stdout] 154  |         take(&mut self.kv, |kv| Box::new((kv, SingleKV(key, val))));
[INFO] [stdout]      |                                 ^^^^^^^^^^^^^^^^^^^^^^^^^^^^^^^^^^ the trait `Value` is not implemented for `i128`
[INFO] [stdout]      |
[INFO] [stdout] note: required by a bound in `SingleKV`
[INFO] [stdout]     --> /opt/rustwide/cargo-home/registry/src/github.com-1ecc6299db9ec823/slog-2.1.1/src/lib.rs:2689:8
[INFO] [stdout]      |
[INFO] [stdout] 2689 |     V: Value;
[INFO] [stdout]      |        ^^^^^ required by this bound in `SingleKV`
[INFO] [stdout] 
[INFO] [stdout] 
[INFO] [stdout] error: aborting due to 10 previous errors
[INFO] [stdout] 
[INFO] [stdout] 
[INFO] [stdout] Some errors have detailed explanations: E0277, E0407.
[INFO] [stdout] 
[INFO] [stdout] For more information about an error, try `rustc --explain E0277`.
[INFO] [stdout] 
[INFO] [stderr] error: could not compile `slog-async` due to 11 previous errors
[INFO] [stderr] warning: build failed, waiting for other jobs to finish...
[INFO] [stderr] error: build failed
[INFO] running `Command { std: "docker" "inspect" "8935e32760365201c913126c51796c6c3a66073163a979e3d893cb2d62aa65ca", kill_on_drop: false }`
[INFO] running `Command { std: "docker" "rm" "-f" "8935e32760365201c913126c51796c6c3a66073163a979e3d893cb2d62aa65ca", kill_on_drop: false }`
[INFO] [stdout] 8935e32760365201c913126c51796c6c3a66073163a979e3d893cb2d62aa65ca
