[INFO] fetching crate grin-miner 0.4.2...
[INFO] checking grin-miner-0.4.2 against 1.55.0 for beta-1.56-3
[INFO] extracting crate grin-miner 0.4.2 into /workspace/builds/worker-101/source
[INFO] validating manifest of crates.io crate grin-miner 0.4.2 on toolchain 1.55.0
[INFO] running `Command { std: "/workspace/cargo-home/bin/cargo" "+1.55.0" "metadata" "--manifest-path" "Cargo.toml" "--no-deps", kill_on_drop: false }`
[INFO] started tweaking crates.io crate grin-miner 0.4.2
[INFO] finished tweaking crates.io crate grin-miner 0.4.2
[INFO] tweaked toml for crates.io crate grin-miner 0.4.2 written to /workspace/builds/worker-101/source/Cargo.toml
[INFO] running `Command { std: "/workspace/cargo-home/bin/cargo" "+1.55.0" "generate-lockfile" "--manifest-path" "Cargo.toml" "-Zno-index-update", kill_on_drop: false }`
[INFO] [stderr]     Blocking waiting for file lock on package cache
[INFO] running `Command { std: "/workspace/cargo-home/bin/cargo" "+1.55.0" "fetch" "--manifest-path" "Cargo.toml", kill_on_drop: false }`
[INFO] [stderr]     Blocking waiting for file lock on package cache
[INFO] [stderr]     Blocking waiting for file lock on package cache
[INFO] running `Command { std: "docker" "create" "-v" "/var/lib/crater-agent-workspace/builds/worker-101/target:/opt/rustwide/target:rw,Z" "-v" "/var/lib/crater-agent-workspace/builds/worker-101/source:/opt/rustwide/workdir:ro,Z" "-v" "/var/lib/crater-agent-workspace/cargo-home:/opt/rustwide/cargo-home:ro,Z" "-v" "/var/lib/crater-agent-workspace/rustup-home:/opt/rustwide/rustup-home:ro,Z" "-e" "SOURCE_DIR=/opt/rustwide/workdir" "-e" "CARGO_TARGET_DIR=/opt/rustwide/target" "-e" "CARGO_HOME=/opt/rustwide/cargo-home" "-e" "RUSTUP_HOME=/opt/rustwide/rustup-home" "-w" "/opt/rustwide/workdir" "-m" "1610612736" "--user" "0:0" "--network" "none" "ghcr.io/rust-lang/crates-build-env/linux@sha256:a89201d6b5b9fd45c15d5952ece0a0129e7e80cb26ec023fd59cf09bc26f1604" "/opt/rustwide/cargo-home/bin/cargo" "+1.55.0" "metadata" "--no-deps" "--format-version=1", kill_on_drop: false }`
[INFO] [stdout] 9ee6b83b2f4a735249b7e41e05111fe4be361f98cd9ffd26049205ac42b95037
[INFO] running `Command { std: "docker" "start" "-a" "9ee6b83b2f4a735249b7e41e05111fe4be361f98cd9ffd26049205ac42b95037", kill_on_drop: false }`
[INFO] running `Command { std: "docker" "inspect" "9ee6b83b2f4a735249b7e41e05111fe4be361f98cd9ffd26049205ac42b95037", kill_on_drop: false }`
[INFO] running `Command { std: "docker" "rm" "-f" "9ee6b83b2f4a735249b7e41e05111fe4be361f98cd9ffd26049205ac42b95037", kill_on_drop: false }`
[INFO] [stdout] 9ee6b83b2f4a735249b7e41e05111fe4be361f98cd9ffd26049205ac42b95037
[INFO] running `Command { std: "docker" "create" "-v" "/var/lib/crater-agent-workspace/builds/worker-101/target:/opt/rustwide/target:rw,Z" "-v" "/var/lib/crater-agent-workspace/builds/worker-101/source:/opt/rustwide/workdir:ro,Z" "-v" "/var/lib/crater-agent-workspace/cargo-home:/opt/rustwide/cargo-home:ro,Z" "-v" "/var/lib/crater-agent-workspace/rustup-home:/opt/rustwide/rustup-home:ro,Z" "-e" "SOURCE_DIR=/opt/rustwide/workdir" "-e" "CARGO_TARGET_DIR=/opt/rustwide/target" "-e" "CARGO_INCREMENTAL=0" "-e" "RUST_BACKTRACE=full" "-e" "RUSTFLAGS=--cap-lints=warn" "-e" "CARGO_HOME=/opt/rustwide/cargo-home" "-e" "RUSTUP_HOME=/opt/rustwide/rustup-home" "-w" "/opt/rustwide/workdir" "-m" "1610612736" "--user" "0:0" "--network" "none" "ghcr.io/rust-lang/crates-build-env/linux@sha256:a89201d6b5b9fd45c15d5952ece0a0129e7e80cb26ec023fd59cf09bc26f1604" "/opt/rustwide/cargo-home/bin/cargo" "+1.55.0" "check" "--frozen" "--all" "--all-targets" "--message-format=json", kill_on_drop: false }`
[INFO] [stdout] 33fce8416b2377766f62456e4bcf87e836768f403a7c66785b5aa0745ea7c6e0
[INFO] running `Command { std: "docker" "start" "-a" "33fce8416b2377766f62456e4bcf87e836768f403a7c66785b5aa0745ea7c6e0", kill_on_drop: false }`
[INFO] [stderr]     Blocking waiting for file lock on package cache
[INFO] [stderr]    Compiling serde v1.0.130
[INFO] [stderr]    Compiling unicode-bidi v0.3.7
[INFO] [stderr]     Checking slog v2.1.1
[INFO] [stderr]    Compiling gcc v0.3.55
[INFO] [stderr]    Compiling percent-encoding v1.0.1
[INFO] [stderr]    Compiling fs_extra v1.2.0
[INFO] [stderr]    Compiling bitflags v0.9.1
[INFO] [stderr]    Compiling libloading v0.4.3
[INFO] [stderr]    Compiling regex v0.2.11
[INFO] [stderr]     Checking ucd-util v0.1.8
[INFO] [stderr]     Checking utf8-ranges v1.0.4
[INFO] [stderr]     Checking byteorder v0.5.3
[INFO] [stderr]     Checking glob v0.2.11
[INFO] [stderr]     Checking array-macro v1.0.5
[INFO] [stderr]     Checking crossbeam-utils v0.5.0
[INFO] [stderr]     Checking reexport-proc-macro v1.0.6
[INFO] [stderr]     Checking maplit v1.0.2
[INFO] [stderr]     Checking xi-unicode v0.1.0
[INFO] [stderr]     Checking unicode-segmentation v1.8.0
[INFO] [stderr]     Checking term v0.4.6
[INFO] [stderr]     Checking bufstream v0.1.4
[INFO] [stderr]    Compiling cmake v0.1.46
[INFO] [stderr]    Compiling libz-sys v1.1.3
[INFO] [stderr]    Compiling log v0.4.14
[INFO] [stderr]     Checking rand_core v0.3.1
[INFO] [stderr]     Checking owning_ref v0.4.1
[INFO] [stderr]    Compiling num-iter v0.1.42
[INFO] [stderr]    Compiling num-complex v0.2.4
[INFO] [stderr]     Checking thread_local v0.3.6
[INFO] [stderr]    Compiling ncurses v5.101.0
[INFO] [stderr]     Checking crossbeam-utils v0.6.6
[INFO] [stderr]    Compiling unicode-normalization v0.1.19
[INFO] [stderr]    Compiling time v0.1.43
[INFO] [stderr]     Checking term_size v0.3.2
[INFO] [stderr]     Checking dirs v1.0.5
[INFO] [stderr]    Compiling parking_lot_core v0.3.1
[INFO] [stderr]     Checking object v0.26.2
[INFO] [stderr]     Checking crossbeam-channel v0.5.1
[INFO] [stderr]     Checking blake2-rfc v0.2.18
[INFO] [stderr]     Checking aho-corasick v0.6.10
[INFO] [stderr]     Checking openssl-sys v0.9.67
[INFO] [stderr]     Checking signal-hook v0.1.17
[INFO] [stderr]    Compiling serde_derive v1.0.130
[INFO] [stderr]    Compiling enum-map-derive v0.4.6
[INFO] [stderr]    Compiling enumset_derive v0.3.2
[INFO] [stderr]     Checking regex-syntax v0.5.6
[INFO] [stderr]     Checking slog-term v2.8.0
[INFO] [stderr]     Checking rand v0.5.6
[INFO] [stderr]     Checking log v0.3.9
[INFO] [stderr]     Checking openssl v0.10.36
[INFO] [stderr]     Checking lock_api v0.1.5
[INFO] [stderr]     Checking crossbeam-epoch v0.6.1
[INFO] [stderr]    Compiling libgit2-sys v0.6.19
[INFO] [stderr]    Compiling cuckoo_miner v0.4.2
[INFO] [stderr]     Checking enumset v0.3.19
[INFO] [stderr]    Compiling rust-crypto v0.2.36
[INFO] [stderr]     Checking enum-map v0.4.1
[INFO] [stderr]    Compiling idna v0.1.5
[INFO] [stderr]     Checking slog-async v2.7.0
[INFO] [stderr]     Checking num v0.2.1
[INFO] [stdout] error[E0407]: method `emit_u128` is not a member of trait `Serializer`
[INFO] [stdout]    --> /opt/rustwide/cargo-home/registry/src/github.com-1ecc6299db9ec823/slog-async-2.7.0/lib.rs:148:5
[INFO] [stdout]     |
[INFO] [stdout] 148 | /     fn emit_u128(&mut self, key: Key, val: u128) -> slog::Result {
[INFO] [stdout] 149 | |         take(&mut self.kv, |kv| Box::new((kv, SingleKV(key, val))));
[INFO] [stdout] 150 | |         Ok(())
[INFO] [stdout] 151 | |     }
[INFO] [stdout]     | |_____^ not a member of trait `Serializer`
[INFO] [stdout] 
[INFO] [stdout] 
[INFO] [stdout] error[E0407]: method `emit_i128` is not a member of trait `Serializer`
[INFO] [stdout]    --> /opt/rustwide/cargo-home/registry/src/github.com-1ecc6299db9ec823/slog-async-2.7.0/lib.rs:153:5
[INFO] [stdout]     |
[INFO] [stdout] 153 | /     fn emit_i128(&mut self, key: Key, val: i128) -> slog::Result {
[INFO] [stdout] 154 | |         take(&mut self.kv, |kv| Box::new((kv, SingleKV(key, val))));
[INFO] [stdout] 155 | |         Ok(())
[INFO] [stdout] 156 | |     }
[INFO] [stdout]     | |_____^ not a member of trait `Serializer`
[INFO] [stdout] 
[INFO] [stdout] 
[INFO] [stderr]     Checking backtrace v0.3.61
[INFO] [stdout] error[E0277]: the trait bound `u128: Value` is not satisfied
[INFO] [stdout]     --> /opt/rustwide/cargo-home/registry/src/github.com-1ecc6299db9ec823/slog-async-2.7.0/lib.rs:149:61
[INFO] [stdout]      |
[INFO] [stdout] 149  |         take(&mut self.kv, |kv| Box::new((kv, SingleKV(key, val))));
[INFO] [stdout]      |                                                             ^^^ the trait `Value` is not implemented for `u128`
[INFO] [stdout]      |
[INFO] [stdout] note: required by `SingleKV`
[INFO] [stdout]     --> /opt/rustwide/cargo-home/registry/src/github.com-1ecc6299db9ec823/slog-2.1.1/src/lib.rs:2687:1
[INFO] [stdout]      |
[INFO] [stdout] 2687 | / pub struct SingleKV<V>(pub Key, pub V)
[INFO] [stdout] 2688 | | where
[INFO] [stdout] 2689 | |     V: Value;
[INFO] [stdout]      | |_____________^
[INFO] [stdout] 
[INFO] [stdout] 
[INFO] [stdout] error[E0277]: the trait bound `u128: Value` is not satisfied
[INFO] [stdout]     --> /opt/rustwide/cargo-home/registry/src/github.com-1ecc6299db9ec823/slog-async-2.7.0/lib.rs:149:47
[INFO] [stdout]      |
[INFO] [stdout] 149  |         take(&mut self.kv, |kv| Box::new((kv, SingleKV(key, val))));
[INFO] [stdout]      |                                               ^^^^^^^^^^^^^^^^^^ the trait `Value` is not implemented for `u128`
[INFO] [stdout]      | 
[INFO] [stdout]     ::: /opt/rustwide/cargo-home/registry/src/github.com-1ecc6299db9ec823/slog-2.1.1/src/lib.rs:2689:8
[INFO] [stdout]      |
[INFO] [stdout] 2689 |     V: Value;
[INFO] [stdout]      |        ----- required by this bound in `SingleKV`
[INFO] [stdout] 
[INFO] [stdout] 
[INFO] [stdout] error[E0277]: the trait bound `u128: Value` is not satisfied
[INFO] [stdout]     --> /opt/rustwide/cargo-home/registry/src/github.com-1ecc6299db9ec823/slog-async-2.7.0/lib.rs:149:42
[INFO] [stdout]      |
[INFO] [stdout] 149  |         take(&mut self.kv, |kv| Box::new((kv, SingleKV(key, val))));
[INFO] [stdout]      |                                          ^^^^^^^^^^^^^^^^^^^^^^^^ the trait `Value` is not implemented for `u128`
[INFO] [stdout]      | 
[INFO] [stdout]     ::: /opt/rustwide/cargo-home/registry/src/github.com-1ecc6299db9ec823/slog-2.1.1/src/lib.rs:2689:8
[INFO] [stdout]      |
[INFO] [stdout] 2689 |     V: Value;
[INFO] [stdout]      |        ----- required by this bound in `SingleKV`
[INFO] [stdout] 
[INFO] [stdout] 
[INFO] [stdout] error[E0277]: the trait bound `u128: Value` is not satisfied
[INFO] [stdout]     --> /opt/rustwide/cargo-home/registry/src/github.com-1ecc6299db9ec823/slog-async-2.7.0/lib.rs:149:33
[INFO] [stdout]      |
[INFO] [stdout] 149  |         take(&mut self.kv, |kv| Box::new((kv, SingleKV(key, val))));
[INFO] [stdout]      |                                 ^^^^^^^^^^^^^^^^^^^^^^^^^^^^^^^^^^ the trait `Value` is not implemented for `u128`
[INFO] [stdout]      | 
[INFO] [stdout]     ::: /opt/rustwide/cargo-home/registry/src/github.com-1ecc6299db9ec823/slog-2.1.1/src/lib.rs:2689:8
[INFO] [stdout]      |
[INFO] [stdout] 2689 |     V: Value;
[INFO] [stdout]      |        ----- required by this bound in `SingleKV`
[INFO] [stdout] 
[INFO] [stdout] 
[INFO] [stdout] error[E0277]: the trait bound `i128: Value` is not satisfied
[INFO] [stdout]     --> /opt/rustwide/cargo-home/registry/src/github.com-1ecc6299db9ec823/slog-async-2.7.0/lib.rs:154:61
[INFO] [stdout]      |
[INFO] [stdout] 154  |         take(&mut self.kv, |kv| Box::new((kv, SingleKV(key, val))));
[INFO] [stdout]      |                                                             ^^^ the trait `Value` is not implemented for `i128`
[INFO] [stdout]      |
[INFO] [stdout] note: required by `SingleKV`
[INFO] [stdout]     --> /opt/rustwide/cargo-home/registry/src/github.com-1ecc6299db9ec823/slog-2.1.1/src/lib.rs:2687:1
[INFO] [stdout]      |
[INFO] [stdout] 2687 | / pub struct SingleKV<V>(pub Key, pub V)
[INFO] [stdout] 2688 | | where
[INFO] [stdout] 2689 | |     V: Value;
[INFO] [stdout]      | |_____________^
[INFO] [stdout] 
[INFO] [stdout] 
[INFO] [stdout] error[E0277]: the trait bound `i128: Value` is not satisfied
[INFO] [stdout]     --> /opt/rustwide/cargo-home/registry/src/github.com-1ecc6299db9ec823/slog-async-2.7.0/lib.rs:154:47
[INFO] [stdout]      |
[INFO] [stdout] 154  |         take(&mut self.kv, |kv| Box::new((kv, SingleKV(key, val))));
[INFO] [stdout]      |                                               ^^^^^^^^^^^^^^^^^^ the trait `Value` is not implemented for `i128`
[INFO] [stdout]      | 
[INFO] [stdout]     ::: /opt/rustwide/cargo-home/registry/src/github.com-1ecc6299db9ec823/slog-2.1.1/src/lib.rs:2689:8
[INFO] [stdout]      |
[INFO] [stdout] 2689 |     V: Value;
[INFO] [stdout]      |        ----- required by this bound in `SingleKV`
[INFO] [stdout] 
[INFO] [stdout] 
[INFO] [stdout] error[E0277]: the trait bound `i128: Value` is not satisfied
[INFO] [stdout]     --> /opt/rustwide/cargo-home/registry/src/github.com-1ecc6299db9ec823/slog-async-2.7.0/lib.rs:154:42
[INFO] [stdout]      |
[INFO] [stdout] 154  |         take(&mut self.kv, |kv| Box::new((kv, SingleKV(key, val))));
[INFO] [stdout]      |                                          ^^^^^^^^^^^^^^^^^^^^^^^^ the trait `Value` is not implemented for `i128`
[INFO] [stdout]      | 
[INFO] [stdout]     ::: /opt/rustwide/cargo-home/registry/src/github.com-1ecc6299db9ec823/slog-2.1.1/src/lib.rs:2689:8
[INFO] [stdout]      |
[INFO] [stdout] 2689 |     V: Value;
[INFO] [stdout]      |        ----- required by this bound in `SingleKV`
[INFO] [stdout] 
[INFO] [stdout] 
[INFO] [stdout] error[E0277]: the trait bound `i128: Value` is not satisfied
[INFO] [stdout]     --> /opt/rustwide/cargo-home/registry/src/github.com-1ecc6299db9ec823/slog-async-2.7.0/lib.rs:154:33
[INFO] [stdout]      |
[INFO] [stdout] 154  |         take(&mut self.kv, |kv| Box::new((kv, SingleKV(key, val))));
[INFO] [stdout]      |                                 ^^^^^^^^^^^^^^^^^^^^^^^^^^^^^^^^^^ the trait `Value` is not implemented for `i128`
[INFO] [stdout]      | 
[INFO] [stdout]     ::: /opt/rustwide/cargo-home/registry/src/github.com-1ecc6299db9ec823/slog-2.1.1/src/lib.rs:2689:8
[INFO] [stdout]      |
[INFO] [stdout] 2689 |     V: Value;
[INFO] [stdout]      |        ----- required by this bound in `SingleKV`
[INFO] [stdout] 
[INFO] [stdout] 
[INFO] [stdout] error: aborting due to 10 previous errors
[INFO] [stdout] 
[INFO] [stdout] 
[INFO] [stdout] Some errors have detailed explanations: E0277, E0407.
[INFO] [stdout] 
[INFO] [stdout] For more information about an error, try `rustc --explain E0277`.
[INFO] [stdout] 
[INFO] [stderr] error: could not compile `slog-async` due to 11 previous errors
[INFO] [stderr] warning: build failed, waiting for other jobs to finish...
[INFO] [stderr] error: build failed
[INFO] running `Command { std: "docker" "inspect" "33fce8416b2377766f62456e4bcf87e836768f403a7c66785b5aa0745ea7c6e0", kill_on_drop: false }`
[INFO] running `Command { std: "docker" "rm" "-f" "33fce8416b2377766f62456e4bcf87e836768f403a7c66785b5aa0745ea7c6e0", kill_on_drop: false }`
[INFO] [stdout] 33fce8416b2377766f62456e4bcf87e836768f403a7c66785b5aa0745ea7c6e0
