[INFO] fetching crate google-dns1_beta1 0.1.5+20150114...
[INFO] checking google-dns1_beta1-0.1.5+20150114 against 1.55.0 for beta-1.56-3
[INFO] extracting crate google-dns1_beta1 0.1.5+20150114 into /workspace/builds/worker-23/source
[INFO] validating manifest of crates.io crate google-dns1_beta1 0.1.5+20150114 on toolchain 1.55.0
[INFO] running `Command { std: "/workspace/cargo-home/bin/cargo" "+1.55.0" "metadata" "--manifest-path" "Cargo.toml" "--no-deps", kill_on_drop: false }`
[INFO] started tweaking crates.io crate google-dns1_beta1 0.1.5+20150114
[INFO] finished tweaking crates.io crate google-dns1_beta1 0.1.5+20150114
[INFO] tweaked toml for crates.io crate google-dns1_beta1 0.1.5+20150114 written to /workspace/builds/worker-23/source/Cargo.toml
[INFO] running `Command { std: "/workspace/cargo-home/bin/cargo" "+1.55.0" "generate-lockfile" "--manifest-path" "Cargo.toml" "-Zno-index-update", kill_on_drop: false }`
[INFO] [stderr]     Blocking waiting for file lock on package cache
[INFO] running `Command { std: "/workspace/cargo-home/bin/cargo" "+1.55.0" "fetch" "--manifest-path" "Cargo.toml", kill_on_drop: false }`
[INFO] [stderr]     Blocking waiting for file lock on package cache
[INFO] [stderr]     Blocking waiting for file lock on package cache
[INFO] running `Command { std: "docker" "create" "-v" "/var/lib/crater-agent-workspace/builds/worker-23/target:/opt/rustwide/target:rw,Z" "-v" "/var/lib/crater-agent-workspace/builds/worker-23/source:/opt/rustwide/workdir:ro,Z" "-v" "/var/lib/crater-agent-workspace/cargo-home:/opt/rustwide/cargo-home:ro,Z" "-v" "/var/lib/crater-agent-workspace/rustup-home:/opt/rustwide/rustup-home:ro,Z" "-e" "SOURCE_DIR=/opt/rustwide/workdir" "-e" "CARGO_TARGET_DIR=/opt/rustwide/target" "-e" "CARGO_HOME=/opt/rustwide/cargo-home" "-e" "RUSTUP_HOME=/opt/rustwide/rustup-home" "-w" "/opt/rustwide/workdir" "-m" "1610612736" "--user" "0:0" "--network" "none" "ghcr.io/rust-lang/crates-build-env/linux@sha256:a89201d6b5b9fd45c15d5952ece0a0129e7e80cb26ec023fd59cf09bc26f1604" "/opt/rustwide/cargo-home/bin/cargo" "+1.55.0" "metadata" "--no-deps" "--format-version=1", kill_on_drop: false }`
[INFO] [stdout] b2963d5336bd242419d34a9a8544a2cac10579b80d5cdd69dbcd9e430bb48830
[INFO] running `Command { std: "docker" "start" "-a" "b2963d5336bd242419d34a9a8544a2cac10579b80d5cdd69dbcd9e430bb48830", kill_on_drop: false }`
[INFO] running `Command { std: "docker" "inspect" "b2963d5336bd242419d34a9a8544a2cac10579b80d5cdd69dbcd9e430bb48830", kill_on_drop: false }`
[INFO] running `Command { std: "docker" "rm" "-f" "b2963d5336bd242419d34a9a8544a2cac10579b80d5cdd69dbcd9e430bb48830", kill_on_drop: false }`
[INFO] [stdout] b2963d5336bd242419d34a9a8544a2cac10579b80d5cdd69dbcd9e430bb48830
[INFO] running `Command { std: "docker" "create" "-v" "/var/lib/crater-agent-workspace/builds/worker-23/target:/opt/rustwide/target:rw,Z" "-v" "/var/lib/crater-agent-workspace/builds/worker-23/source:/opt/rustwide/workdir:ro,Z" "-v" "/var/lib/crater-agent-workspace/cargo-home:/opt/rustwide/cargo-home:ro,Z" "-v" "/var/lib/crater-agent-workspace/rustup-home:/opt/rustwide/rustup-home:ro,Z" "-e" "SOURCE_DIR=/opt/rustwide/workdir" "-e" "CARGO_TARGET_DIR=/opt/rustwide/target" "-e" "CARGO_INCREMENTAL=0" "-e" "RUST_BACKTRACE=full" "-e" "RUSTFLAGS=--cap-lints=warn" "-e" "CARGO_HOME=/opt/rustwide/cargo-home" "-e" "RUSTUP_HOME=/opt/rustwide/rustup-home" "-w" "/opt/rustwide/workdir" "-m" "1610612736" "--user" "0:0" "--network" "none" "ghcr.io/rust-lang/crates-build-env/linux@sha256:a89201d6b5b9fd45c15d5952ece0a0129e7e80cb26ec023fd59cf09bc26f1604" "/opt/rustwide/cargo-home/bin/cargo" "+1.55.0" "check" "--frozen" "--all" "--all-targets" "--message-format=json", kill_on_drop: false }`
[INFO] [stdout] 5fcce12a4e18aa6052610b436ab0046ca405b4bbf3fa7a5880dbd7f7270a9309
[INFO] running `Command { std: "docker" "start" "-a" "5fcce12a4e18aa6052610b436ab0046ca405b4bbf3fa7a5880dbd7f7270a9309", kill_on_drop: false }`
[INFO] [stderr]     Blocking waiting for file lock on package cache
[INFO] [stderr]    Compiling syn v1.0.80
[INFO] [stderr]    Compiling aster v0.27.0
[INFO] [stderr]    Compiling anyhow v1.0.44
[INFO] [stderr]    Compiling async-trait v0.1.51
[INFO] [stderr]    Compiling serde_codegen v0.8.9
[INFO] [stderr]    Compiling serde_codegen_internals v0.8.9
[INFO] [stderr]    Compiling quasi v0.20.1
[INFO] [stderr]     Checking mime v0.3.16
[INFO] [stderr]     Checking mio v0.7.13
[INFO] [stderr]     Checking want v0.3.0
[INFO] [stderr]     Checking rustls v0.19.1
[INFO] [stdout] error[E0463]: can't find crate for `syntax`
[INFO] [stdout]   --> /opt/rustwide/cargo-home/registry/src/github.com-1ecc6299db9ec823/quasi-0.20.1/src/lib.rs:23:1
[INFO] [stdout]    |
[INFO] [stdout] 23 | extern crate syntax;
[INFO] [stdout]    | ^^^^^^^^^^^^^^^^^^^^ can't find crate
[INFO] [stdout] 
[INFO] [stdout] 
[INFO] [stderr] error: could not compile `quasi` due to 2 previous errors
[INFO] [stdout] error: aborting due to previous error
[INFO] [stdout] 
[INFO] [stdout] 
[INFO] [stderr] warning: build failed, waiting for other jobs to finish...
[INFO] [stdout] For more information about this error, try `rustc --explain E0463`.
[INFO] [stdout] 
[INFO] [stdout] error[E0463]: can't find crate for `syntax`
[INFO] [stdout]   --> /opt/rustwide/cargo-home/registry/src/github.com-1ecc6299db9ec823/serde_codegen_internals-0.8.9/src/lib.rs:13:1
[INFO] [stdout]    |
[INFO] [stdout] 13 | extern crate syntax;
[INFO] [stdout]    | ^^^^^^^^^^^^^^^^^^^^ can't find crate
[INFO] [stdout] 
[INFO] [stdout] 
[INFO] [stdout] error[E0463]: can't find crate for `syntax`
[INFO] [stdout]   --> /opt/rustwide/cargo-home/registry/src/github.com-1ecc6299db9ec823/aster-0.27.0/src/lib.rs:10:1
[INFO] [stdout]    |
[INFO] [stdout] 10 | extern crate syntax;
[INFO] [stdout]    | ^^^^^^^^^^^^^^^^^^^^ can't find crate
[INFO] [stdout] 
[INFO] [stdout] 
[INFO] [stdout] error: aborting due to previous error
[INFO] [stdout] 
[INFO] [stdout] 
[INFO] [stdout] For more information about this error, try `rustc --explain E0463`.
[INFO] [stdout] 
[INFO] [stdout] error: aborting due to previous error
[INFO] [stdout] 
[INFO] [stdout] 
[INFO] [stdout] For more information about this error, try `rustc --explain E0463`.
[INFO] [stdout] 
[INFO] [stderr] error: build failed
[INFO] running `Command { std: "docker" "inspect" "5fcce12a4e18aa6052610b436ab0046ca405b4bbf3fa7a5880dbd7f7270a9309", kill_on_drop: false }`
[INFO] running `Command { std: "docker" "rm" "-f" "5fcce12a4e18aa6052610b436ab0046ca405b4bbf3fa7a5880dbd7f7270a9309", kill_on_drop: false }`
[INFO] [stdout] 5fcce12a4e18aa6052610b436ab0046ca405b4bbf3fa7a5880dbd7f7270a9309
