[INFO] fetching crate google-dfareporting2 0.1.5+20150326...
[INFO] checking google-dfareporting2-0.1.5+20150326 against 1.55.0 for beta-1.56-3
[INFO] extracting crate google-dfareporting2 0.1.5+20150326 into /workspace/builds/worker-117/source
[INFO] validating manifest of crates.io crate google-dfareporting2 0.1.5+20150326 on toolchain 1.55.0
[INFO] running `Command { std: "/workspace/cargo-home/bin/cargo" "+1.55.0" "metadata" "--manifest-path" "Cargo.toml" "--no-deps", kill_on_drop: false }`
[INFO] started tweaking crates.io crate google-dfareporting2 0.1.5+20150326
[INFO] finished tweaking crates.io crate google-dfareporting2 0.1.5+20150326
[INFO] tweaked toml for crates.io crate google-dfareporting2 0.1.5+20150326 written to /workspace/builds/worker-117/source/Cargo.toml
[INFO] running `Command { std: "/workspace/cargo-home/bin/cargo" "+1.55.0" "generate-lockfile" "--manifest-path" "Cargo.toml" "-Zno-index-update", kill_on_drop: false }`
[INFO] [stderr]     Blocking waiting for file lock on package cache
[INFO] running `Command { std: "/workspace/cargo-home/bin/cargo" "+1.55.0" "fetch" "--manifest-path" "Cargo.toml", kill_on_drop: false }`
[INFO] [stderr]     Blocking waiting for file lock on package cache
[INFO] [stderr]     Blocking waiting for file lock on package cache
[INFO] running `Command { std: "docker" "create" "-v" "/var/lib/crater-agent-workspace/builds/worker-117/target:/opt/rustwide/target:rw,Z" "-v" "/var/lib/crater-agent-workspace/builds/worker-117/source:/opt/rustwide/workdir:ro,Z" "-v" "/var/lib/crater-agent-workspace/cargo-home:/opt/rustwide/cargo-home:ro,Z" "-v" "/var/lib/crater-agent-workspace/rustup-home:/opt/rustwide/rustup-home:ro,Z" "-e" "SOURCE_DIR=/opt/rustwide/workdir" "-e" "CARGO_TARGET_DIR=/opt/rustwide/target" "-e" "CARGO_HOME=/opt/rustwide/cargo-home" "-e" "RUSTUP_HOME=/opt/rustwide/rustup-home" "-w" "/opt/rustwide/workdir" "-m" "1610612736" "--user" "0:0" "--network" "none" "ghcr.io/rust-lang/crates-build-env/linux@sha256:a89201d6b5b9fd45c15d5952ece0a0129e7e80cb26ec023fd59cf09bc26f1604" "/opt/rustwide/cargo-home/bin/cargo" "+1.55.0" "metadata" "--no-deps" "--format-version=1", kill_on_drop: false }`
[INFO] [stdout] 6716987e3f7dcf6e1dee05e9c4dbb5a401c8477417997e609cd86731798c139a
[INFO] running `Command { std: "docker" "start" "-a" "6716987e3f7dcf6e1dee05e9c4dbb5a401c8477417997e609cd86731798c139a", kill_on_drop: false }`
[INFO] running `Command { std: "docker" "inspect" "6716987e3f7dcf6e1dee05e9c4dbb5a401c8477417997e609cd86731798c139a", kill_on_drop: false }`
[INFO] running `Command { std: "docker" "rm" "-f" "6716987e3f7dcf6e1dee05e9c4dbb5a401c8477417997e609cd86731798c139a", kill_on_drop: false }`
[INFO] [stdout] 6716987e3f7dcf6e1dee05e9c4dbb5a401c8477417997e609cd86731798c139a
[INFO] running `Command { std: "docker" "create" "-v" "/var/lib/crater-agent-workspace/builds/worker-117/target:/opt/rustwide/target:rw,Z" "-v" "/var/lib/crater-agent-workspace/builds/worker-117/source:/opt/rustwide/workdir:ro,Z" "-v" "/var/lib/crater-agent-workspace/cargo-home:/opt/rustwide/cargo-home:ro,Z" "-v" "/var/lib/crater-agent-workspace/rustup-home:/opt/rustwide/rustup-home:ro,Z" "-e" "SOURCE_DIR=/opt/rustwide/workdir" "-e" "CARGO_TARGET_DIR=/opt/rustwide/target" "-e" "CARGO_INCREMENTAL=0" "-e" "RUST_BACKTRACE=full" "-e" "RUSTFLAGS=--cap-lints=warn" "-e" "CARGO_HOME=/opt/rustwide/cargo-home" "-e" "RUSTUP_HOME=/opt/rustwide/rustup-home" "-w" "/opt/rustwide/workdir" "-m" "1610612736" "--user" "0:0" "--network" "none" "ghcr.io/rust-lang/crates-build-env/linux@sha256:a89201d6b5b9fd45c15d5952ece0a0129e7e80cb26ec023fd59cf09bc26f1604" "/opt/rustwide/cargo-home/bin/cargo" "+1.55.0" "check" "--frozen" "--all" "--all-targets" "--message-format=json", kill_on_drop: false }`
[INFO] [stdout] 9efb887d5b9054e213829b6de4ba831575ca067da869a101a7284db5e68d0f81
[INFO] running `Command { std: "docker" "start" "-a" "9efb887d5b9054e213829b6de4ba831575ca067da869a101a7284db5e68d0f81", kill_on_drop: false }`
[INFO] [stderr]    Compiling syn v1.0.80
[INFO] [stderr]    Compiling log v0.4.14
[INFO] [stderr]    Compiling aster v0.27.0
[INFO] [stderr]    Compiling serde_codegen v0.8.9
[INFO] [stderr]    Compiling async-trait v0.1.51
[INFO] [stderr]    Compiling anyhow v1.0.44
[INFO] [stderr]    Compiling quasi v0.20.1
[INFO] [stderr]    Compiling serde_codegen_internals v0.8.9
[INFO] [stderr]     Checking mime v0.3.16
[INFO] [stdout] error[E0463]: can't find crate for `syntax`
[INFO] [stdout]   --> /opt/rustwide/cargo-home/registry/src/github.com-1ecc6299db9ec823/serde_codegen_internals-0.8.9/src/lib.rs:13:1
[INFO] [stdout]    |
[INFO] [stdout] 13 | extern crate syntax;
[INFO] [stdout]    | ^^^^^^^^^^^^^^^^^^^^ can't find crate
[INFO] [stdout] 
[INFO] [stdout] 
[INFO] [stdout] error[E0463]: can't find crate for `syntax`
[INFO] [stdout]   --> /opt/rustwide/cargo-home/registry/src/github.com-1ecc6299db9ec823/aster-0.27.0/src/lib.rs:10:1
[INFO] [stdout]    |
[INFO] [stdout] 10 | extern crate syntax;
[INFO] [stdout]    | ^^^^^^^^^^^^^^^^^^^^ can't find crate
[INFO] [stdout] 
[INFO] [stdout] 
[INFO] [stdout] error: aborting due to previous error
[INFO] [stdout] 
[INFO] [stdout] 
[INFO] [stdout] For more information about this error, try `rustc --explain E0463`.
[INFO] [stdout] 
[INFO] [stdout] error: aborting due to previous error
[INFO] [stdout] 
[INFO] [stdout] 
[INFO] [stdout] For more information about this error, try `rustc --explain E0463`.
[INFO] [stdout] 
[INFO] [stdout] error[E0463]: can't find crate for `syntax`
[INFO] [stdout]   --> /opt/rustwide/cargo-home/registry/src/github.com-1ecc6299db9ec823/quasi-0.20.1/src/lib.rs:23:1
[INFO] [stdout]    |
[INFO] [stdout] 23 | extern crate syntax;
[INFO] [stdout]    | ^^^^^^^^^^^^^^^^^^^^ can't find crate
[INFO] [stdout] 
[INFO] [stdout] 
[INFO] [stdout] error: aborting due to previous error
[INFO] [stdout] 
[INFO] [stdout] 
[INFO] [stdout] For more information about this error, try `rustc --explain E0463`.
[INFO] [stdout] 
[INFO] [stderr] error: could not compile `serde_codegen_internals` due to 2 previous errors
[INFO] [stderr] warning: build failed, waiting for other jobs to finish...
[INFO] [stderr] error: build failed
[INFO] running `Command { std: "docker" "inspect" "9efb887d5b9054e213829b6de4ba831575ca067da869a101a7284db5e68d0f81", kill_on_drop: false }`
[INFO] running `Command { std: "docker" "rm" "-f" "9efb887d5b9054e213829b6de4ba831575ca067da869a101a7284db5e68d0f81", kill_on_drop: false }`
[INFO] [stdout] 9efb887d5b9054e213829b6de4ba831575ca067da869a101a7284db5e68d0f81
