[INFO] fetching crate gol-core 1.0.0...
[INFO] checking gol-core-1.0.0 against beta-2021-10-15 for beta-1.56-3
[INFO] extracting crate gol-core 1.0.0 into /workspace/builds/worker-105/source
[INFO] validating manifest of crates.io crate gol-core 1.0.0 on toolchain beta-2021-10-15
[INFO] running `Command { std: "/workspace/cargo-home/bin/cargo" "+beta-2021-10-15" "metadata" "--manifest-path" "Cargo.toml" "--no-deps", kill_on_drop: false }`
[INFO] started tweaking crates.io crate gol-core 1.0.0
[INFO] finished tweaking crates.io crate gol-core 1.0.0
[INFO] tweaked toml for crates.io crate gol-core 1.0.0 written to /workspace/builds/worker-105/source/Cargo.toml
[INFO] running `Command { std: "/workspace/cargo-home/bin/cargo" "+beta-2021-10-15" "generate-lockfile" "--manifest-path" "Cargo.toml" "-Zno-index-update", kill_on_drop: false }`
[INFO] running `Command { std: "/workspace/cargo-home/bin/cargo" "+beta-2021-10-15" "fetch" "--manifest-path" "Cargo.toml", kill_on_drop: false }`
[INFO] [stderr]     Blocking waiting for file lock on package cache
[INFO] running `Command { std: "docker" "create" "-v" "/var/lib/crater-agent-workspace/builds/worker-105/target:/opt/rustwide/target:rw,Z" "-v" "/var/lib/crater-agent-workspace/builds/worker-105/source:/opt/rustwide/workdir:ro,Z" "-v" "/var/lib/crater-agent-workspace/cargo-home:/opt/rustwide/cargo-home:ro,Z" "-v" "/var/lib/crater-agent-workspace/rustup-home:/opt/rustwide/rustup-home:ro,Z" "-e" "SOURCE_DIR=/opt/rustwide/workdir" "-e" "CARGO_TARGET_DIR=/opt/rustwide/target" "-e" "CARGO_HOME=/opt/rustwide/cargo-home" "-e" "RUSTUP_HOME=/opt/rustwide/rustup-home" "-w" "/opt/rustwide/workdir" "-m" "1610612736" "--user" "0:0" "--network" "none" "ghcr.io/rust-lang/crates-build-env/linux@sha256:a89201d6b5b9fd45c15d5952ece0a0129e7e80cb26ec023fd59cf09bc26f1604" "/opt/rustwide/cargo-home/bin/cargo" "+beta-2021-10-15" "metadata" "--no-deps" "--format-version=1", kill_on_drop: false }`
[INFO] [stdout] 43b0c050612ef9c8dcb6abdadaa67d6be73cff64312621304b29e9d801878aff
[INFO] running `Command { std: "docker" "start" "-a" "43b0c050612ef9c8dcb6abdadaa67d6be73cff64312621304b29e9d801878aff", kill_on_drop: false }`
[INFO] running `Command { std: "docker" "inspect" "43b0c050612ef9c8dcb6abdadaa67d6be73cff64312621304b29e9d801878aff", kill_on_drop: false }`
[INFO] running `Command { std: "docker" "rm" "-f" "43b0c050612ef9c8dcb6abdadaa67d6be73cff64312621304b29e9d801878aff", kill_on_drop: false }`
[INFO] [stdout] 43b0c050612ef9c8dcb6abdadaa67d6be73cff64312621304b29e9d801878aff
[INFO] running `Command { std: "docker" "create" "-v" "/var/lib/crater-agent-workspace/builds/worker-105/target:/opt/rustwide/target:rw,Z" "-v" "/var/lib/crater-agent-workspace/builds/worker-105/source:/opt/rustwide/workdir:ro,Z" "-v" "/var/lib/crater-agent-workspace/cargo-home:/opt/rustwide/cargo-home:ro,Z" "-v" "/var/lib/crater-agent-workspace/rustup-home:/opt/rustwide/rustup-home:ro,Z" "-e" "SOURCE_DIR=/opt/rustwide/workdir" "-e" "CARGO_TARGET_DIR=/opt/rustwide/target" "-e" "CARGO_INCREMENTAL=0" "-e" "RUST_BACKTRACE=full" "-e" "RUSTFLAGS=--cap-lints=warn" "-e" "CARGO_HOME=/opt/rustwide/cargo-home" "-e" "RUSTUP_HOME=/opt/rustwide/rustup-home" "-w" "/opt/rustwide/workdir" "-m" "1610612736" "--user" "0:0" "--network" "none" "ghcr.io/rust-lang/crates-build-env/linux@sha256:a89201d6b5b9fd45c15d5952ece0a0129e7e80cb26ec023fd59cf09bc26f1604" "/opt/rustwide/cargo-home/bin/cargo" "+beta-2021-10-15" "check" "--frozen" "--all" "--all-targets" "--message-format=json", kill_on_drop: false }`
[INFO] [stdout] 6867b84533045e7d30f7da43ce9e4cb0dec71fa62ab72edba72915c5ffb303a9
[INFO] running `Command { std: "docker" "start" "-a" "6867b84533045e7d30f7da43ce9e4cb0dec71fa62ab72edba72915c5ffb303a9", kill_on_drop: false }`
[INFO] [stderr]     Blocking waiting for file lock on package cache
[INFO] [stderr]    Compiling memchr v2.4.1
[INFO] [stderr]     Checking regex-syntax v0.6.25
[INFO] [stderr]     Checking serde_cbor v0.11.2
[INFO] [stderr]     Checking tinytemplate v1.2.1
[INFO] [stderr]     Checking gol-core v1.0.0 (/opt/rustwide/workdir)
[INFO] [stderr]     Checking csv-core v0.1.10
[INFO] [stderr]     Checking bstr v0.2.17
[INFO] [stderr]     Checking regex v1.5.4
[INFO] [stderr]     Checking csv v1.1.6
[INFO] [stderr]     Checking criterion v0.3.5
[INFO] [stdout] error[E0432]: unresolved imports `gol_core::BinaryState`, `gol_core::ConwayStrategy`
[INFO] [stdout]  --> benches/neighbor.rs:3:5
[INFO] [stdout]   |
[INFO] [stdout] 3 |     BinaryState, Board, ConwayStrategy, GridPoint1D, GridPoint2D, GridPoint3D, StandardBoardFactory,
[INFO] [stdout]   |     ^^^^^^^^^^^         ^^^^^^^^^^^^^^ no `ConwayStrategy` in the root
[INFO] [stdout]   |     |
[INFO] [stdout]   |     no `BinaryState` in the root
[INFO] [stdout] 
[INFO] [stdout] 
[INFO] [stdout] error[E0599]: no function or associated item named `new_binary_1d_grid` found for struct `StandardBoardFactory` in the current scope
[INFO] [stdout]    --> benches/neighbor.rs:391:48
[INFO] [stdout]     |
[INFO] [stdout] 391 |     let board_surround = StandardBoardFactory::new_binary_1d_grid(
[INFO] [stdout]     |                                                ^^^^^^^^^^^^^^^^^^
[INFO] [stdout]     |                                                |
[INFO] [stdout]     |                                                function or associated item not found in `StandardBoardFactory`
[INFO] [stdout]     |                                                help: there is an associated function with a similar name: `new_standard_1d_grid`
[INFO] [stdout] 
[INFO] [stdout] 
[INFO] [stdout] error[E0599]: no function or associated item named `new_binary_1d_grid` found for struct `StandardBoardFactory` in the current scope
[INFO] [stdout]    --> benches/neighbor.rs:403:45
[INFO] [stdout]     |
[INFO] [stdout] 403 |     let board_donut = StandardBoardFactory::new_binary_1d_grid(
[INFO] [stdout]     |                                             ^^^^^^^^^^^^^^^^^^
[INFO] [stdout]     |                                             |
[INFO] [stdout]     |                                             function or associated item not found in `StandardBoardFactory`
[INFO] [stdout]     |                                             help: there is an associated function with a similar name: `new_standard_1d_grid`
[INFO] [stdout] 
[INFO] [stdout] 
[INFO] [stdout] error[E0599]: no function or associated item named `new_binary_2d_grid` found for struct `StandardBoardFactory` in the current scope
[INFO] [stdout]    --> benches/neighbor.rs:425:48
[INFO] [stdout]     |
[INFO] [stdout] 425 |     let board_surround = StandardBoardFactory::new_binary_2d_grid(
[INFO] [stdout]     |                                                ^^^^^^^^^^^^^^^^^^
[INFO] [stdout]     |                                                |
[INFO] [stdout]     |                                                function or associated item not found in `StandardBoardFactory`
[INFO] [stdout]     |                                                help: there is an associated function with a similar name: `new_standard_2d_grid`
[INFO] [stdout] 
[INFO] [stdout] 
[INFO] [stdout] error[E0599]: no function or associated item named `new_binary_2d_grid` found for struct `StandardBoardFactory` in the current scope
[INFO] [stdout]    --> benches/neighbor.rs:437:45
[INFO] [stdout]     |
[INFO] [stdout] 437 |     let board_donut = StandardBoardFactory::new_binary_2d_grid(
[INFO] [stdout]     |                                             ^^^^^^^^^^^^^^^^^^
[INFO] [stdout]     |                                             |
[INFO] [stdout]     |                                             function or associated item not found in `StandardBoardFactory`
[INFO] [stdout]     |                                             help: there is an associated function with a similar name: `new_standard_2d_grid`
[INFO] [stdout] 
[INFO] [stdout] 
[INFO] [stdout] error[E0599]: no function or associated item named `new_binary_3d_grid` found for struct `StandardBoardFactory` in the current scope
[INFO] [stdout]    --> benches/neighbor.rs:459:48
[INFO] [stdout]     |
[INFO] [stdout] 459 |     let board_surround = StandardBoardFactory::new_binary_3d_grid(
[INFO] [stdout]     |                                                ^^^^^^^^^^^^^^^^^^
[INFO] [stdout]     |                                                |
[INFO] [stdout]     |                                                function or associated item not found in `StandardBoardFactory`
[INFO] [stdout]     |                                                help: there is an associated function with a similar name: `new_standard_3d_grid`
[INFO] [stdout] 
[INFO] [stdout] 
[INFO] [stdout] error[E0599]: no function or associated item named `new_binary_3d_grid` found for struct `StandardBoardFactory` in the current scope
[INFO] [stdout]    --> benches/neighbor.rs:471:45
[INFO] [stdout]     |
[INFO] [stdout] 471 |     let board_donut = StandardBoardFactory::new_binary_3d_grid(
[INFO] [stdout]     |                                             ^^^^^^^^^^^^^^^^^^
[INFO] [stdout]     |                                             |
[INFO] [stdout]     |                                             function or associated item not found in `StandardBoardFactory`
[INFO] [stdout]     |                                             help: there is an associated function with a similar name: `new_standard_3d_grid`
[INFO] [stdout] 
[INFO] [stdout] 
[INFO] [stdout] warning: unused import: `rayon::prelude`
[INFO] [stdout]  --> benches/neighbor.rs:5:5
[INFO] [stdout]   |
[INFO] [stdout] 5 | use rayon::prelude::*;
[INFO] [stdout]   |     ^^^^^^^^^^^^^^
[INFO] [stdout]   |
[INFO] [stdout]   = note: `#[warn(unused_imports)]` on by default
[INFO] [stdout] 
[INFO] [stdout] 
[INFO] [stdout] error: aborting due to 7 previous errors; 1 warning emitted
[INFO] [stdout] 
[INFO] [stdout] 
[INFO] [stdout] Some errors have detailed explanations: E0432, E0599.
[INFO] [stdout] 
[INFO] [stdout] For more information about an error, try `rustc --explain E0432`.
[INFO] [stdout] 
[INFO] [stderr] error: could not compile `gol-core` due to 8 previous errors; 1 warning emitted
[INFO] [stderr] warning: build failed, waiting for other jobs to finish...
[INFO] [stderr] error: build failed
[INFO] running `Command { std: "docker" "inspect" "6867b84533045e7d30f7da43ce9e4cb0dec71fa62ab72edba72915c5ffb303a9", kill_on_drop: false }`
[INFO] running `Command { std: "docker" "rm" "-f" "6867b84533045e7d30f7da43ce9e4cb0dec71fa62ab72edba72915c5ffb303a9", kill_on_drop: false }`
[INFO] [stdout] 6867b84533045e7d30f7da43ce9e4cb0dec71fa62ab72edba72915c5ffb303a9
