[INFO] fetching crate glade 0.1.0-alpha.4...
[INFO] checking glade-0.1.0-alpha.4 against beta-2021-10-15 for beta-1.56-3
[INFO] extracting crate glade 0.1.0-alpha.4 into /workspace/builds/worker-102/source
[INFO] validating manifest of crates.io crate glade 0.1.0-alpha.4 on toolchain beta-2021-10-15
[INFO] running `Command { std: "/workspace/cargo-home/bin/cargo" "+beta-2021-10-15" "metadata" "--manifest-path" "Cargo.toml" "--no-deps", kill_on_drop: false }`
[INFO] started tweaking crates.io crate glade 0.1.0-alpha.4
[INFO] finished tweaking crates.io crate glade 0.1.0-alpha.4
[INFO] tweaked toml for crates.io crate glade 0.1.0-alpha.4 written to /workspace/builds/worker-102/source/Cargo.toml
[INFO] running `Command { std: "/workspace/cargo-home/bin/cargo" "+beta-2021-10-15" "generate-lockfile" "--manifest-path" "Cargo.toml" "-Zno-index-update", kill_on_drop: false }`
[INFO] [stderr]     Blocking waiting for file lock on package cache
[INFO] running `Command { std: "/workspace/cargo-home/bin/cargo" "+beta-2021-10-15" "fetch" "--manifest-path" "Cargo.toml", kill_on_drop: false }`
[INFO] [stderr]     Blocking waiting for file lock on package cache
[INFO] [stderr]  Downloading crates ...
[INFO] [stderr]   Downloaded amplify_num v0.2.2
[INFO] [stderr]   Downloaded amplify v3.9.1
[INFO] [stderr]   Downloaded amplify_syn v1.1.6
[INFO] [stderr]   Downloaded amplify_derive v2.9.0
[INFO] running `Command { std: "docker" "create" "-v" "/var/lib/crater-agent-workspace/builds/worker-102/target:/opt/rustwide/target:rw,Z" "-v" "/var/lib/crater-agent-workspace/builds/worker-102/source:/opt/rustwide/workdir:ro,Z" "-v" "/var/lib/crater-agent-workspace/cargo-home:/opt/rustwide/cargo-home:ro,Z" "-v" "/var/lib/crater-agent-workspace/rustup-home:/opt/rustwide/rustup-home:ro,Z" "-e" "SOURCE_DIR=/opt/rustwide/workdir" "-e" "CARGO_TARGET_DIR=/opt/rustwide/target" "-e" "CARGO_HOME=/opt/rustwide/cargo-home" "-e" "RUSTUP_HOME=/opt/rustwide/rustup-home" "-w" "/opt/rustwide/workdir" "-m" "1610612736" "--user" "0:0" "--network" "none" "ghcr.io/rust-lang/crates-build-env/linux@sha256:a89201d6b5b9fd45c15d5952ece0a0129e7e80cb26ec023fd59cf09bc26f1604" "/opt/rustwide/cargo-home/bin/cargo" "+beta-2021-10-15" "metadata" "--no-deps" "--format-version=1", kill_on_drop: false }`
[INFO] [stdout] 2af778073445ccd62ab1f49b6696f6d985f1659fa2b9dc0131dbe8b053deb7a3
[INFO] running `Command { std: "docker" "start" "-a" "2af778073445ccd62ab1f49b6696f6d985f1659fa2b9dc0131dbe8b053deb7a3", kill_on_drop: false }`
[INFO] running `Command { std: "docker" "inspect" "2af778073445ccd62ab1f49b6696f6d985f1659fa2b9dc0131dbe8b053deb7a3", kill_on_drop: false }`
[INFO] running `Command { std: "docker" "rm" "-f" "2af778073445ccd62ab1f49b6696f6d985f1659fa2b9dc0131dbe8b053deb7a3", kill_on_drop: false }`
[INFO] [stdout] 2af778073445ccd62ab1f49b6696f6d985f1659fa2b9dc0131dbe8b053deb7a3
[INFO] running `Command { std: "docker" "create" "-v" "/var/lib/crater-agent-workspace/builds/worker-102/target:/opt/rustwide/target:rw,Z" "-v" "/var/lib/crater-agent-workspace/builds/worker-102/source:/opt/rustwide/workdir:ro,Z" "-v" "/var/lib/crater-agent-workspace/cargo-home:/opt/rustwide/cargo-home:ro,Z" "-v" "/var/lib/crater-agent-workspace/rustup-home:/opt/rustwide/rustup-home:ro,Z" "-e" "SOURCE_DIR=/opt/rustwide/workdir" "-e" "CARGO_TARGET_DIR=/opt/rustwide/target" "-e" "CARGO_INCREMENTAL=0" "-e" "RUST_BACKTRACE=full" "-e" "RUSTFLAGS=--cap-lints=warn" "-e" "CARGO_HOME=/opt/rustwide/cargo-home" "-e" "RUSTUP_HOME=/opt/rustwide/rustup-home" "-w" "/opt/rustwide/workdir" "-m" "1610612736" "--user" "0:0" "--network" "none" "ghcr.io/rust-lang/crates-build-env/linux@sha256:a89201d6b5b9fd45c15d5952ece0a0129e7e80cb26ec023fd59cf09bc26f1604" "/opt/rustwide/cargo-home/bin/cargo" "+beta-2021-10-15" "check" "--frozen" "--all" "--all-targets" "--message-format=json", kill_on_drop: false }`
[INFO] [stdout] 8fae43f3c2050e042813e57bbedbcadf0d8fd3ff0af5adce7c0119e76205a556
[INFO] running `Command { std: "docker" "start" "-a" "8fae43f3c2050e042813e57bbedbcadf0d8fd3ff0af5adce7c0119e76205a556", kill_on_drop: false }`
[INFO] [stderr]     Blocking waiting for file lock on package cache
[INFO] [stderr]     Checking amplify_num v0.2.2
[INFO] [stderr]    Compiling amplify_syn v1.1.6
[INFO] [stderr]    Compiling amplify_derive v2.9.0
[INFO] [stderr]     Checking amplify v3.9.1
[INFO] [stderr]     Checking glade v0.1.0-alpha.4 (/opt/rustwide/workdir)
[INFO] [stdout] error[E0412]: cannot find type `NoneError` in module `std::option`
[INFO] [stdout]   --> src/error.rs:22:25
[INFO] [stdout]    |
[INFO] [stdout] 22 |     #[from(std::option::NoneError)]
[INFO] [stdout]    |                         ^^^^^^^^^ not found in `std::option`
[INFO] [stdout] 
[INFO] [stdout] 
[INFO] [stdout] error[E0554]: `#![feature]` may not be used on the beta release channel
[INFO] [stdout]   --> src/lib.rs:15:1
[INFO] [stdout]    |
[INFO] [stdout] 15 | #![feature(try_trait)]
[INFO] [stdout]    | ^^^^^^^^^^^^^^^^^^^^^^
[INFO] [stdout] 
[INFO] [stdout] 
[INFO] [stdout] error[E0412]: cannot find type `NoneError` in module `std::option`
[INFO] [stdout]   --> src/error.rs:22:25
[INFO] [stdout]    |
[INFO] [stdout] 22 |     #[from(std::option::NoneError)]
[INFO] [stdout]    |                         ^^^^^^^^^ not found in `std::option`
[INFO] [stdout] 
[INFO] [stdout] 
[INFO] [stdout] error[E0554]: `#![feature]` may not be used on the beta release channel
[INFO] [stdout]   --> src/lib.rs:15:1
[INFO] [stdout]    |
[INFO] [stdout] 15 | #![feature(try_trait)]
[INFO] [stdout]    | ^^^^^^^^^^^^^^^^^^^^^^
[INFO] [stdout] 
[INFO] [stdout] 
[INFO] [stdout] error: aborting due to 2 previous errors
[INFO] [stdout] 
[INFO] [stdout] 
[INFO] [stdout] Some errors have detailed explanations: E0412, E0554.
[INFO] [stdout] 
[INFO] [stdout] For more information about an error, try `rustc --explain E0412`.
[INFO] [stdout] 
[INFO] [stdout] error: aborting due to 2 previous errors
[INFO] [stdout] 
[INFO] [stdout] 
[INFO] [stdout] Some errors have detailed explanations: E0412, E0554.
[INFO] [stdout] 
[INFO] [stdout] For more information about an error, try `rustc --explain E0412`.
[INFO] [stdout] 
[INFO] [stderr] error: could not compile `glade` due to 3 previous errors
[INFO] [stderr] warning: build failed, waiting for other jobs to finish...
[INFO] [stderr] error: build failed
[INFO] running `Command { std: "docker" "inspect" "8fae43f3c2050e042813e57bbedbcadf0d8fd3ff0af5adce7c0119e76205a556", kill_on_drop: false }`
[INFO] running `Command { std: "docker" "rm" "-f" "8fae43f3c2050e042813e57bbedbcadf0d8fd3ff0af5adce7c0119e76205a556", kill_on_drop: false }`
[INFO] [stdout] 8fae43f3c2050e042813e57bbedbcadf0d8fd3ff0af5adce7c0119e76205a556
