[INFO] fetching crate git-scanner 0.2.0...
[INFO] checking git-scanner-0.2.0 against beta-2021-10-15 for beta-1.56-3
[INFO] extracting crate git-scanner 0.2.0 into /workspace/builds/worker-15/source
[INFO] validating manifest of crates.io crate git-scanner 0.2.0 on toolchain beta-2021-10-15
[INFO] running `Command { std: "/workspace/cargo-home/bin/cargo" "+beta-2021-10-15" "metadata" "--manifest-path" "Cargo.toml" "--no-deps", kill_on_drop: false }`
[INFO] started tweaking crates.io crate git-scanner 0.2.0
[INFO] finished tweaking crates.io crate git-scanner 0.2.0
[INFO] tweaked toml for crates.io crate git-scanner 0.2.0 written to /workspace/builds/worker-15/source/Cargo.toml
[INFO] running `Command { std: "/workspace/cargo-home/bin/cargo" "+beta-2021-10-15" "generate-lockfile" "--manifest-path" "Cargo.toml" "-Zno-index-update", kill_on_drop: false }`
[INFO] [stderr]     Blocking waiting for file lock on package cache
[INFO] running `Command { std: "/workspace/cargo-home/bin/cargo" "+beta-2021-10-15" "fetch" "--manifest-path" "Cargo.toml", kill_on_drop: false }`
[INFO] [stderr]     Blocking waiting for file lock on package cache
[INFO] [stderr]     Blocking waiting for file lock on package cache
[INFO] running `Command { std: "docker" "create" "-v" "/var/lib/crater-agent-workspace/builds/worker-15/target:/opt/rustwide/target:rw,Z" "-v" "/var/lib/crater-agent-workspace/builds/worker-15/source:/opt/rustwide/workdir:ro,Z" "-v" "/var/lib/crater-agent-workspace/cargo-home:/opt/rustwide/cargo-home:ro,Z" "-v" "/var/lib/crater-agent-workspace/rustup-home:/opt/rustwide/rustup-home:ro,Z" "-e" "SOURCE_DIR=/opt/rustwide/workdir" "-e" "CARGO_TARGET_DIR=/opt/rustwide/target" "-e" "CARGO_HOME=/opt/rustwide/cargo-home" "-e" "RUSTUP_HOME=/opt/rustwide/rustup-home" "-w" "/opt/rustwide/workdir" "-m" "1610612736" "--user" "0:0" "--network" "none" "ghcr.io/rust-lang/crates-build-env/linux@sha256:a89201d6b5b9fd45c15d5952ece0a0129e7e80cb26ec023fd59cf09bc26f1604" "/opt/rustwide/cargo-home/bin/cargo" "+beta-2021-10-15" "metadata" "--no-deps" "--format-version=1", kill_on_drop: false }`
[INFO] [stdout] c6f84af8d7c7d5454aad205c52d701b71dde570f1cb2e4028354f00faaaed728
[INFO] running `Command { std: "docker" "start" "-a" "c6f84af8d7c7d5454aad205c52d701b71dde570f1cb2e4028354f00faaaed728", kill_on_drop: false }`
[INFO] running `Command { std: "docker" "inspect" "c6f84af8d7c7d5454aad205c52d701b71dde570f1cb2e4028354f00faaaed728", kill_on_drop: false }`
[INFO] running `Command { std: "docker" "rm" "-f" "c6f84af8d7c7d5454aad205c52d701b71dde570f1cb2e4028354f00faaaed728", kill_on_drop: false }`
[INFO] [stdout] c6f84af8d7c7d5454aad205c52d701b71dde570f1cb2e4028354f00faaaed728
[INFO] running `Command { std: "docker" "create" "-v" "/var/lib/crater-agent-workspace/builds/worker-15/target:/opt/rustwide/target:rw,Z" "-v" "/var/lib/crater-agent-workspace/builds/worker-15/source:/opt/rustwide/workdir:ro,Z" "-v" "/var/lib/crater-agent-workspace/cargo-home:/opt/rustwide/cargo-home:ro,Z" "-v" "/var/lib/crater-agent-workspace/rustup-home:/opt/rustwide/rustup-home:ro,Z" "-e" "SOURCE_DIR=/opt/rustwide/workdir" "-e" "CARGO_TARGET_DIR=/opt/rustwide/target" "-e" "CARGO_INCREMENTAL=0" "-e" "RUST_BACKTRACE=full" "-e" "RUSTFLAGS=--cap-lints=warn" "-e" "CARGO_HOME=/opt/rustwide/cargo-home" "-e" "RUSTUP_HOME=/opt/rustwide/rustup-home" "-w" "/opt/rustwide/workdir" "-m" "1610612736" "--user" "0:0" "--network" "none" "ghcr.io/rust-lang/crates-build-env/linux@sha256:a89201d6b5b9fd45c15d5952ece0a0129e7e80cb26ec023fd59cf09bc26f1604" "/opt/rustwide/cargo-home/bin/cargo" "+beta-2021-10-15" "check" "--frozen" "--all" "--all-targets" "--message-format=json", kill_on_drop: false }`
[INFO] [stdout] 01557ca6bff7ffb1a47926cfec73960e9a8bc0231b105a84af70aca45e4f4600
[INFO] running `Command { std: "docker" "start" "-a" "01557ca6bff7ffb1a47926cfec73960e9a8bc0231b105a84af70aca45e4f4600", kill_on_drop: false }`
[INFO] [stderr]    Compiling syn v1.0.80
[INFO] [stderr]    Compiling ident_case v1.0.1
[INFO] [stderr]    Compiling strsim v0.9.3
[INFO] [stderr]    Compiling serde v1.0.130
[INFO] [stderr]    Compiling derive_builder v0.8.1
[INFO] [stderr]    Compiling erased-serde v0.3.16
[INFO] [stderr]     Checking number_prefix v0.3.0
[INFO] [stderr]     Checking path-slash v0.1.4
[INFO] [stderr]     Checking thread_local v1.1.3
[INFO] [stderr]     Checking terminal_size v0.1.17
[INFO] [stderr]     Checking bstr v0.2.17
[INFO] [stderr]    Compiling openssl-sys v0.9.67
[INFO] [stderr]    Compiling libssh2-sys v0.2.23
[INFO] [stderr]    Compiling backtrace v0.3.61
[INFO] [stderr]    Compiling libgit2-sys v0.12.24+1.3.0
[INFO] [stderr]    Compiling bzip2-sys v0.1.11+1.0.8
[INFO] [stderr]     Checking flate2 v1.0.22
[INFO] [stderr]     Checking chrono v0.4.19
[INFO] [stderr]     Checking console v0.15.0
[INFO] [stderr]     Checking globset v0.4.8
[INFO] [stderr]     Checking ignore v0.4.18
[INFO] [stderr]     Checking indicatif v0.13.0
[INFO] [stderr]     Checking bzip2 v0.4.3
[INFO] [stderr]    Compiling darling_core v0.10.2
[INFO] [stderr]    Compiling synstructure v0.12.6
[INFO] [stderr]     Checking git2 v0.13.23
[INFO] [stderr]    Compiling serde_derive v1.0.130
[INFO] [stderr]    Compiling thiserror-impl v1.0.30
[INFO] [stderr]    Compiling failure_derive v0.1.8
[INFO] [stderr]    Compiling derive-getters v0.1.1
[INFO] [stderr]    Compiling darling_macro v0.10.2
[INFO] [stderr]     Checking failure v0.1.8
[INFO] [stderr]    Compiling darling v0.10.2
[INFO] [stderr]    Compiling derive_builder_core v0.8.1
[INFO] [stderr]     Checking thiserror v1.0.30
[INFO] [stderr]     Checking zip v0.5.13
[INFO] [stderr]     Checking serde_json v1.0.68
[INFO] [stderr]     Checking git-scanner v0.2.0 (/opt/rustwide/workdir)
[INFO] [stdout] error[E0432]: unresolved import `test_shared`
[INFO] [stdout]    --> src/git_file_history.rs:158:9
[INFO] [stdout]     |
[INFO] [stdout] 158 |     use test_shared::*;
[INFO] [stdout]     |         ^^^^^^^^^^^ use of undeclared crate or module `test_shared`
[INFO] [stdout] 
[INFO] [stdout] 
[INFO] [stdout] error[E0432]: unresolved import `test_shared`
[INFO] [stdout]    --> src/git_logger.rs:444:9
[INFO] [stdout]     |
[INFO] [stdout] 444 |     use test_shared::*;
[INFO] [stdout]     |         ^^^^^^^^^^^ use of undeclared crate or module `test_shared`
[INFO] [stdout] 
[INFO] [stdout] 
[INFO] [stdout] error[E0432]: unresolved import `test_shared`
[INFO] [stdout]   --> src/file_walker.rs:90:9
[INFO] [stdout]    |
[INFO] [stdout] 90 |     use test_shared::*;
[INFO] [stdout]    |         ^^^^^^^^^^^ use of undeclared crate or module `test_shared`
[INFO] [stdout] 
[INFO] [stdout] 
[INFO] [stdout] error[E0432]: unresolved import `test_shared`
[INFO] [stdout]    --> src/flare.rs:125:9
[INFO] [stdout]     |
[INFO] [stdout] 125 |     use test_shared::*;
[INFO] [stdout]     |         ^^^^^^^^^^^ use of undeclared crate or module `test_shared`
[INFO] [stdout] 
[INFO] [stdout] 
[INFO] [stdout] error[E0425]: cannot find function `unzip_git_sample` in this scope
[INFO] [stdout]    --> src/git_file_history.rs:163:24
[INFO] [stdout]     |
[INFO] [stdout] 163 |         let git_root = unzip_git_sample("git_sample", gitdir.path())?;
[INFO] [stdout]     |                        ^^^^^^^^^^^^^^^^ not found in this scope
[INFO] [stdout] 
[INFO] [stdout] 
[INFO] [stdout] error[E0425]: cannot find function `assert_eq_json_file` in this scope
[INFO] [stdout]    --> src/git_file_history.rs:172:9
[INFO] [stdout]     |
[INFO] [stdout] 172 |         assert_eq_json_file(
[INFO] [stdout]     |         ^^^^^^^^^^^^^^^^^^^ not found in this scope
[INFO] [stdout] 
[INFO] [stdout] 
[INFO] [stdout] error[E0425]: cannot find function `unzip_git_sample` in this scope
[INFO] [stdout]    --> src/git_file_history.rs:183:24
[INFO] [stdout]     |
[INFO] [stdout] 183 |         let git_root = unzip_git_sample("git_sample", gitdir.path())?;
[INFO] [stdout]     |                        ^^^^^^^^^^^^^^^^ not found in this scope
[INFO] [stdout] 
[INFO] [stdout] 
[INFO] [stdout] error[E0425]: cannot find function `unzip_git_sample` in this scope
[INFO] [stdout]    --> src/git_file_history.rs:200:24
[INFO] [stdout]     |
[INFO] [stdout] 200 |         let git_root = unzip_git_sample("git_sample", gitdir.path())?;
[INFO] [stdout]     |                        ^^^^^^^^^^^^^^^^ not found in this scope
[INFO] [stdout] 
[INFO] [stdout] 
[INFO] [stdout] error[E0425]: cannot find function `unzip_git_sample` in this scope
[INFO] [stdout]    --> src/git_file_history.rs:228:24
[INFO] [stdout]     |
[INFO] [stdout] 228 |         let git_root = unzip_git_sample("git_sample", gitdir.path())?;
[INFO] [stdout]     |                        ^^^^^^^^^^^^^^^^ not found in this scope
[INFO] [stdout] 
[INFO] [stdout] 
[INFO] [stdout] error[E0425]: cannot find function `unzip_git_sample` in this scope
[INFO] [stdout]    --> src/git_file_history.rs:247:24
[INFO] [stdout]     |
[INFO] [stdout] 247 |         let git_root = unzip_git_sample("rename_complex", gitdir.path())?;
[INFO] [stdout]     |                        ^^^^^^^^^^^^^^^^ not found in this scope
[INFO] [stdout] 
[INFO] [stdout] 
[INFO] [stdout] error[E0425]: cannot find function `unzip_git_sample` in this scope
[INFO] [stdout]    --> src/git_file_history.rs:296:24
[INFO] [stdout]     |
[INFO] [stdout] 296 |         let git_root = unzip_git_sample("rename_complex", gitdir.path())?;
[INFO] [stdout]     |                        ^^^^^^^^^^^^^^^^ not found in this scope
[INFO] [stdout] 
[INFO] [stdout] 
[INFO] [stdout] error[E0425]: cannot find function `unzip_git_sample` in this scope
[INFO] [stdout]    --> src/git_logger.rs:481:24
[INFO] [stdout]     |
[INFO] [stdout] 481 |         let git_root = unzip_git_sample("git_sample", gitdir.path())?;
[INFO] [stdout]     |                        ^^^^^^^^^^^^^^^^ not found in this scope
[INFO] [stdout] 
[INFO] [stdout] 
[INFO] [stdout] error[E0425]: cannot find function `assert_eq_json_file` in this scope
[INFO] [stdout]    --> src/git_logger.rs:491:9
[INFO] [stdout]     |
[INFO] [stdout] 491 |         assert_eq_json_file(&entries, "./tests/expected/git/git_sample.json");
[INFO] [stdout]     |         ^^^^^^^^^^^^^^^^^^^ not found in this scope
[INFO] [stdout] 
[INFO] [stdout] 
[INFO] [stdout] error[E0425]: cannot find function `unzip_git_sample` in this scope
[INFO] [stdout]    --> src/git_logger.rs:499:24
[INFO] [stdout]     |
[INFO] [stdout] 499 |         let git_root = unzip_git_sample("git_sample", gitdir.path())?;
[INFO] [stdout]     |                        ^^^^^^^^^^^^^^^^ not found in this scope
[INFO] [stdout] 
[INFO] [stdout] 
[INFO] [stdout] error[E0425]: cannot find function `assert_eq_json_file` in this scope
[INFO] [stdout]    --> src/git_logger.rs:508:9
[INFO] [stdout]     |
[INFO] [stdout] 508 |         assert_eq_json_file(&entries, "./tests/expected/git/git_sample_with_merges.json");
[INFO] [stdout]     |         ^^^^^^^^^^^^^^^^^^^ not found in this scope
[INFO] [stdout] 
[INFO] [stdout] 
[INFO] [stdout] error[E0425]: cannot find function `unzip_git_sample` in this scope
[INFO] [stdout]    --> src/git_logger.rs:517:24
[INFO] [stdout]     |
[INFO] [stdout] 517 |         let git_root = unzip_git_sample("git_sample", gitdir.path())?;
[INFO] [stdout]     |                        ^^^^^^^^^^^^^^^^ not found in this scope
[INFO] [stdout] 
[INFO] [stdout] 
[INFO] [stdout] error[E0425]: cannot find function `unzip_git_sample` in this scope
[INFO] [stdout]    --> src/git_logger.rs:544:24
[INFO] [stdout]     |
[INFO] [stdout] 544 |         let git_root = unzip_git_sample("rename_simple", gitdir.path())?;
[INFO] [stdout]     |                        ^^^^^^^^^^^^^^^^ not found in this scope
[INFO] [stdout] 
[INFO] [stdout] 
[INFO] [stdout] error[E0425]: cannot find function `assert_eq_json_value` in this scope
[INFO] [stdout]    --> src/git_logger.rs:578:9
[INFO] [stdout]     |
[INFO] [stdout] 578 |         assert_eq_json_value(
[INFO] [stdout]     |         ^^^^^^^^^^^^^^^^^^^^ not found in this scope
[INFO] [stdout] 
[INFO] [stdout] 
[INFO] [stdout] error[E0425]: cannot find function `assert_eq_json_file` in this scope
[INFO] [stdout]   --> src/file_walker.rs:97:9
[INFO] [stdout]    |
[INFO] [stdout] 97 |         assert_eq_json_file(&tree, "./tests/expected/simple_files.json")
[INFO] [stdout]    |         ^^^^^^^^^^^^^^^^^^^ not found in this scope
[INFO] [stdout] 
[INFO] [stdout] 
[INFO] [stdout] error[E0425]: cannot find function `assert_eq_json_file` in this scope
[INFO] [stdout]    --> src/file_walker.rs:150:9
[INFO] [stdout]     |
[INFO] [stdout] 150 |         assert_eq_json_file(&tree, "./tests/expected/simple_files_with_data.json");
[INFO] [stdout]     |         ^^^^^^^^^^^^^^^^^^^ not found in this scope
[INFO] [stdout] 
[INFO] [stdout] 
[INFO] [stdout] error[E0425]: cannot find function `assert_eq_json_file` in this scope
[INFO] [stdout]    --> src/file_walker.rs:181:9
[INFO] [stdout]     |
[INFO] [stdout] 181 |         assert_eq_json_file(&tree, "./tests/expected/simple_files_with_counts.json");
[INFO] [stdout]     |         ^^^^^^^^^^^^^^^^^^^ not found in this scope
[INFO] [stdout] 
[INFO] [stdout] 
[INFO] [stdout] error[E0425]: cannot find function `assert_eq_json_str` in this scope
[INFO] [stdout]    --> src/flare.rs:260:9
[INFO] [stdout]     |
[INFO] [stdout] 260 |         assert_eq_json_str(
[INFO] [stdout]     |         ^^^^^^^^^^^^^^^^^^ not found in this scope
[INFO] [stdout] 
[INFO] [stdout] 
[INFO] [stdout] error[E0425]: cannot find function `assert_eq_json_str` in this scope
[INFO] [stdout]    --> src/flare.rs:274:9
[INFO] [stdout]     |
[INFO] [stdout] 274 |         assert_eq_json_str(
[INFO] [stdout]     |         ^^^^^^^^^^^^^^^^^^ not found in this scope
[INFO] [stdout] 
[INFO] [stdout] 
[INFO] [stdout] error[E0425]: cannot find function `assert_eq_json_str` in this scope
[INFO] [stdout]    --> src/flare.rs:288:9
[INFO] [stdout]     |
[INFO] [stdout] 288 |         assert_eq_json_str(
[INFO] [stdout]     |         ^^^^^^^^^^^^^^^^^^ not found in this scope
[INFO] [stdout] 
[INFO] [stdout] 
[INFO] [stdout] error[E0425]: cannot find function `assert_eq_json_str` in this scope
[INFO] [stdout]    --> src/flare.rs:301:9
[INFO] [stdout]     |
[INFO] [stdout] 301 |         assert_eq_json_str(
[INFO] [stdout]     |         ^^^^^^^^^^^^^^^^^^ not found in this scope
[INFO] [stdout] 
[INFO] [stdout] 
[INFO] [stdout] error[E0425]: cannot find function `assert_eq_json_str` in this scope
[INFO] [stdout]    --> src/flare.rs:316:9
[INFO] [stdout]     |
[INFO] [stdout] 316 |         assert_eq_json_str(
[INFO] [stdout]     |         ^^^^^^^^^^^^^^^^^^ not found in this scope
[INFO] [stdout] 
[INFO] [stdout] 
[INFO] [stdout] error[E0425]: cannot find function `assert_eq_json_value` in this scope
[INFO] [stdout]    --> src/flare.rs:331:9
[INFO] [stdout]     |
[INFO] [stdout] 331 |         assert_eq_json_value(
[INFO] [stdout]     |         ^^^^^^^^^^^^^^^^^^^^ not found in this scope
[INFO] [stdout] 
[INFO] [stdout] 
[INFO] [stdout] error[E0277]: the size for values of type `[u8]` cannot be known at compilation time
[INFO] [stdout]    --> src/git_file_history.rs:163:13
[INFO] [stdout]     |
[INFO] [stdout] 163 |         let git_root = unzip_git_sample("git_sample", gitdir.path())?;
[INFO] [stdout]     |             ^^^^^^^^ doesn't have a size known at compile-time
[INFO] [stdout]     |
[INFO] [stdout]     = help: within `std::path::Path`, the trait `Sized` is not implemented for `[u8]`
[INFO] [stdout]     = note: required because it appears within the type `std::path::Path`
[INFO] [stdout]     = note: all local variables must have a statically known size
[INFO] [stdout]     = help: unsized locals are gated as an unstable feature
[INFO] [stdout] 
[INFO] [stdout] 
[INFO] [stdout] error[E0277]: the size for values of type `[u8]` cannot be known at compilation time
[INFO] [stdout]    --> src/git_file_history.rs:163:24
[INFO] [stdout]     |
[INFO] [stdout] 163 |         let git_root = unzip_git_sample("git_sample", gitdir.path())?;
[INFO] [stdout]     |                        ^^^^^^^^^^^^^^^^^^^^^^^^^^^^^^^^^^^^^^^^^^^^^^ doesn't have a size known at compile-time
[INFO] [stdout]     |
[INFO] [stdout]     = help: within `std::path::Path`, the trait `Sized` is not implemented for `[u8]`
[INFO] [stdout]     = note: required because it appears within the type `std::path::Path`
[INFO] [stdout]     = note: all local variables must have a statically known size
[INFO] [stdout]     = help: unsized locals are gated as an unstable feature
[INFO] [stdout] 
[INFO] [stdout] 
[INFO] [stdout] error[E0277]: the size for values of type `[u8]` cannot be known at compilation time
[INFO] [stdout]    --> src/git_file_history.rs:183:13
[INFO] [stdout]     |
[INFO] [stdout] 183 |         let git_root = unzip_git_sample("git_sample", gitdir.path())?;
[INFO] [stdout]     |             ^^^^^^^^ doesn't have a size known at compile-time
[INFO] [stdout]     |
[INFO] [stdout]     = help: within `std::path::Path`, the trait `Sized` is not implemented for `[u8]`
[INFO] [stdout]     = note: required because it appears within the type `std::path::Path`
[INFO] [stdout]     = note: all local variables must have a statically known size
[INFO] [stdout]     = help: unsized locals are gated as an unstable feature
[INFO] [stdout] 
[INFO] [stdout] 
[INFO] [stdout] error[E0277]: the size for values of type `[u8]` cannot be known at compilation time
[INFO] [stdout]    --> src/git_file_history.rs:183:24
[INFO] [stdout]     |
[INFO] [stdout] 183 |         let git_root = unzip_git_sample("git_sample", gitdir.path())?;
[INFO] [stdout]     |                        ^^^^^^^^^^^^^^^^^^^^^^^^^^^^^^^^^^^^^^^^^^^^^^ doesn't have a size known at compile-time
[INFO] [stdout]     |
[INFO] [stdout]     = help: within `std::path::Path`, the trait `Sized` is not implemented for `[u8]`
[INFO] [stdout]     = note: required because it appears within the type `std::path::Path`
[INFO] [stdout]     = note: all local variables must have a statically known size
[INFO] [stdout]     = help: unsized locals are gated as an unstable feature
[INFO] [stdout] 
[INFO] [stdout] 
[INFO] [stdout] error[E0277]: the size for values of type `[u8]` cannot be known at compilation time
[INFO] [stdout]    --> src/git_file_history.rs:200:13
[INFO] [stdout]     |
[INFO] [stdout] 200 |         let git_root = unzip_git_sample("git_sample", gitdir.path())?;
[INFO] [stdout]     |             ^^^^^^^^ doesn't have a size known at compile-time
[INFO] [stdout]     |
[INFO] [stdout]     = help: within `std::path::Path`, the trait `Sized` is not implemented for `[u8]`
[INFO] [stdout]     = note: required because it appears within the type `std::path::Path`
[INFO] [stdout]     = note: all local variables must have a statically known size
[INFO] [stdout]     = help: unsized locals are gated as an unstable feature
[INFO] [stdout] 
[INFO] [stdout] 
[INFO] [stdout] error[E0277]: the size for values of type `[u8]` cannot be known at compilation time
[INFO] [stdout]    --> src/git_file_history.rs:200:24
[INFO] [stdout]     |
[INFO] [stdout] 200 |         let git_root = unzip_git_sample("git_sample", gitdir.path())?;
[INFO] [stdout]     |                        ^^^^^^^^^^^^^^^^^^^^^^^^^^^^^^^^^^^^^^^^^^^^^^ doesn't have a size known at compile-time
[INFO] [stdout]     |
[INFO] [stdout]     = help: within `std::path::Path`, the trait `Sized` is not implemented for `[u8]`
[INFO] [stdout]     = note: required because it appears within the type `std::path::Path`
[INFO] [stdout]     = note: all local variables must have a statically known size
[INFO] [stdout]     = help: unsized locals are gated as an unstable feature
[INFO] [stdout] 
[INFO] [stdout] 
[INFO] [stdout] error[E0277]: the size for values of type `[u8]` cannot be known at compilation time
[INFO] [stdout]    --> src/git_file_history.rs:228:13
[INFO] [stdout]     |
[INFO] [stdout] 228 |         let git_root = unzip_git_sample("git_sample", gitdir.path())?;
[INFO] [stdout]     |             ^^^^^^^^ doesn't have a size known at compile-time
[INFO] [stdout]     |
[INFO] [stdout]     = help: within `std::path::Path`, the trait `Sized` is not implemented for `[u8]`
[INFO] [stdout]     = note: required because it appears within the type `std::path::Path`
[INFO] [stdout]     = note: all local variables must have a statically known size
[INFO] [stdout]     = help: unsized locals are gated as an unstable feature
[INFO] [stdout] 
[INFO] [stdout] 
[INFO] [stdout] error[E0277]: the size for values of type `[u8]` cannot be known at compilation time
[INFO] [stdout]    --> src/git_file_history.rs:228:24
[INFO] [stdout]     |
[INFO] [stdout] 228 |         let git_root = unzip_git_sample("git_sample", gitdir.path())?;
[INFO] [stdout]     |                        ^^^^^^^^^^^^^^^^^^^^^^^^^^^^^^^^^^^^^^^^^^^^^^ doesn't have a size known at compile-time
[INFO] [stdout]     |
[INFO] [stdout]     = help: within `std::path::Path`, the trait `Sized` is not implemented for `[u8]`
[INFO] [stdout]     = note: required because it appears within the type `std::path::Path`
[INFO] [stdout]     = note: all local variables must have a statically known size
[INFO] [stdout]     = help: unsized locals are gated as an unstable feature
[INFO] [stdout] 
[INFO] [stdout] 
[INFO] [stdout] error[E0277]: the size for values of type `[u8]` cannot be known at compilation time
[INFO] [stdout]    --> src/git_file_history.rs:247:13
[INFO] [stdout]     |
[INFO] [stdout] 247 |         let git_root = unzip_git_sample("rename_complex", gitdir.path())?;
[INFO] [stdout]     |             ^^^^^^^^ doesn't have a size known at compile-time
[INFO] [stdout]     |
[INFO] [stdout]     = help: within `std::path::Path`, the trait `Sized` is not implemented for `[u8]`
[INFO] [stdout]     = note: required because it appears within the type `std::path::Path`
[INFO] [stdout]     = note: all local variables must have a statically known size
[INFO] [stdout]     = help: unsized locals are gated as an unstable feature
[INFO] [stdout] 
[INFO] [stdout] 
[INFO] [stdout] error[E0277]: the size for values of type `[u8]` cannot be known at compilation time
[INFO] [stdout]    --> src/git_file_history.rs:247:24
[INFO] [stdout]     |
[INFO] [stdout] 247 |         let git_root = unzip_git_sample("rename_complex", gitdir.path())?;
[INFO] [stdout]     |                        ^^^^^^^^^^^^^^^^^^^^^^^^^^^^^^^^^^^^^^^^^^^^^^^^^^ doesn't have a size known at compile-time
[INFO] [stdout]     |
[INFO] [stdout]     = help: within `std::path::Path`, the trait `Sized` is not implemented for `[u8]`
[INFO] [stdout]     = note: required because it appears within the type `std::path::Path`
[INFO] [stdout]     = note: all local variables must have a statically known size
[INFO] [stdout]     = help: unsized locals are gated as an unstable feature
[INFO] [stdout] 
[INFO] [stdout] 
[INFO] [stdout] error[E0277]: the size for values of type `[u8]` cannot be known at compilation time
[INFO] [stdout]    --> src/git_file_history.rs:296:13
[INFO] [stdout]     |
[INFO] [stdout] 296 |         let git_root = unzip_git_sample("rename_complex", gitdir.path())?;
[INFO] [stdout]     |             ^^^^^^^^ doesn't have a size known at compile-time
[INFO] [stdout]     |
[INFO] [stdout]     = help: within `std::path::Path`, the trait `Sized` is not implemented for `[u8]`
[INFO] [stdout]     = note: required because it appears within the type `std::path::Path`
[INFO] [stdout]     = note: all local variables must have a statically known size
[INFO] [stdout]     = help: unsized locals are gated as an unstable feature
[INFO] [stdout] 
[INFO] [stdout] 
[INFO] [stdout] error[E0277]: the size for values of type `[u8]` cannot be known at compilation time
[INFO] [stdout]    --> src/git_file_history.rs:296:24
[INFO] [stdout]     |
[INFO] [stdout] 296 |         let git_root = unzip_git_sample("rename_complex", gitdir.path())?;
[INFO] [stdout]     |                        ^^^^^^^^^^^^^^^^^^^^^^^^^^^^^^^^^^^^^^^^^^^^^^^^^^ doesn't have a size known at compile-time
[INFO] [stdout]     |
[INFO] [stdout]     = help: within `std::path::Path`, the trait `Sized` is not implemented for `[u8]`
[INFO] [stdout]     = note: required because it appears within the type `std::path::Path`
[INFO] [stdout]     = note: all local variables must have a statically known size
[INFO] [stdout]     = help: unsized locals are gated as an unstable feature
[INFO] [stdout] 
[INFO] [stdout] 
[INFO] [stdout] error[E0277]: the size for values of type `[u8]` cannot be known at compilation time
[INFO] [stdout]    --> src/git_logger.rs:481:13
[INFO] [stdout]     |
[INFO] [stdout] 481 |         let git_root = unzip_git_sample("git_sample", gitdir.path())?;
[INFO] [stdout]     |             ^^^^^^^^ doesn't have a size known at compile-time
[INFO] [stdout]     |
[INFO] [stdout]     = help: within `std::path::Path`, the trait `Sized` is not implemented for `[u8]`
[INFO] [stdout]     = note: required because it appears within the type `std::path::Path`
[INFO] [stdout]     = note: all local variables must have a statically known size
[INFO] [stdout]     = help: unsized locals are gated as an unstable feature
[INFO] [stdout] 
[INFO] [stdout] 
[INFO] [stdout] error[E0277]: the size for values of type `[u8]` cannot be known at compilation time
[INFO] [stdout]    --> src/git_logger.rs:481:24
[INFO] [stdout]     |
[INFO] [stdout] 481 |         let git_root = unzip_git_sample("git_sample", gitdir.path())?;
[INFO] [stdout]     |                        ^^^^^^^^^^^^^^^^^^^^^^^^^^^^^^^^^^^^^^^^^^^^^^ doesn't have a size known at compile-time
[INFO] [stdout]     |
[INFO] [stdout]     = help: within `std::path::Path`, the trait `Sized` is not implemented for `[u8]`
[INFO] [stdout]     = note: required because it appears within the type `std::path::Path`
[INFO] [stdout]     = note: all local variables must have a statically known size
[INFO] [stdout]     = help: unsized locals are gated as an unstable feature
[INFO] [stdout] 
[INFO] [stdout] 
[INFO] [stdout] error[E0277]: the size for values of type `[u8]` cannot be known at compilation time
[INFO] [stdout]    --> src/git_logger.rs:499:13
[INFO] [stdout]     |
[INFO] [stdout] 499 |         let git_root = unzip_git_sample("git_sample", gitdir.path())?;
[INFO] [stdout]     |             ^^^^^^^^ doesn't have a size known at compile-time
[INFO] [stdout]     |
[INFO] [stdout]     = help: within `std::path::Path`, the trait `Sized` is not implemented for `[u8]`
[INFO] [stdout]     = note: required because it appears within the type `std::path::Path`
[INFO] [stdout]     = note: all local variables must have a statically known size
[INFO] [stdout]     = help: unsized locals are gated as an unstable feature
[INFO] [stdout] 
[INFO] [stdout] 
[INFO] [stdout] error[E0277]: the size for values of type `[u8]` cannot be known at compilation time
[INFO] [stdout]    --> src/git_logger.rs:499:24
[INFO] [stdout]     |
[INFO] [stdout] 499 |         let git_root = unzip_git_sample("git_sample", gitdir.path())?;
[INFO] [stdout]     |                        ^^^^^^^^^^^^^^^^^^^^^^^^^^^^^^^^^^^^^^^^^^^^^^ doesn't have a size known at compile-time
[INFO] [stdout]     |
[INFO] [stdout]     = help: within `std::path::Path`, the trait `Sized` is not implemented for `[u8]`
[INFO] [stdout]     = note: required because it appears within the type `std::path::Path`
[INFO] [stdout]     = note: all local variables must have a statically known size
[INFO] [stdout]     = help: unsized locals are gated as an unstable feature
[INFO] [stdout] 
[INFO] [stdout] 
[INFO] [stdout] error[E0277]: the size for values of type `[u8]` cannot be known at compilation time
[INFO] [stdout]    --> src/git_logger.rs:517:13
[INFO] [stdout]     |
[INFO] [stdout] 517 |         let git_root = unzip_git_sample("git_sample", gitdir.path())?;
[INFO] [stdout]     |             ^^^^^^^^ doesn't have a size known at compile-time
[INFO] [stdout]     |
[INFO] [stdout]     = help: within `std::path::Path`, the trait `Sized` is not implemented for `[u8]`
[INFO] [stdout]     = note: required because it appears within the type `std::path::Path`
[INFO] [stdout]     = note: all local variables must have a statically known size
[INFO] [stdout]     = help: unsized locals are gated as an unstable feature
[INFO] [stdout] 
[INFO] [stdout] 
[INFO] [stdout] error[E0277]: the size for values of type `[u8]` cannot be known at compilation time
[INFO] [stdout]    --> src/git_logger.rs:517:24
[INFO] [stdout]     |
[INFO] [stdout] 517 |         let git_root = unzip_git_sample("git_sample", gitdir.path())?;
[INFO] [stdout]     |                        ^^^^^^^^^^^^^^^^^^^^^^^^^^^^^^^^^^^^^^^^^^^^^^ doesn't have a size known at compile-time
[INFO] [stdout]     |
[INFO] [stdout]     = help: within `std::path::Path`, the trait `Sized` is not implemented for `[u8]`
[INFO] [stdout]     = note: required because it appears within the type `std::path::Path`
[INFO] [stdout]     = note: all local variables must have a statically known size
[INFO] [stdout]     = help: unsized locals are gated as an unstable feature
[INFO] [stdout] 
[INFO] [stdout] 
[INFO] [stdout] error[E0277]: the size for values of type `[u8]` cannot be known at compilation time
[INFO] [stdout]    --> src/git_logger.rs:544:13
[INFO] [stdout]     |
[INFO] [stdout] 544 |         let git_root = unzip_git_sample("rename_simple", gitdir.path())?;
[INFO] [stdout]     |             ^^^^^^^^ doesn't have a size known at compile-time
[INFO] [stdout]     |
[INFO] [stdout]     = help: within `std::path::Path`, the trait `Sized` is not implemented for `[u8]`
[INFO] [stdout]     = note: required because it appears within the type `std::path::Path`
[INFO] [stdout]     = note: all local variables must have a statically known size
[INFO] [stdout]     = help: unsized locals are gated as an unstable feature
[INFO] [stdout] 
[INFO] [stdout] 
[INFO] [stdout] error[E0277]: the size for values of type `[u8]` cannot be known at compilation time
[INFO] [stdout]    --> src/git_logger.rs:544:24
[INFO] [stdout]     |
[INFO] [stdout] 544 |         let git_root = unzip_git_sample("rename_simple", gitdir.path())?;
[INFO] [stdout]     |                        ^^^^^^^^^^^^^^^^^^^^^^^^^^^^^^^^^^^^^^^^^^^^^^^^^ doesn't have a size known at compile-time
[INFO] [stdout]     |
[INFO] [stdout]     = help: within `std::path::Path`, the trait `Sized` is not implemented for `[u8]`
[INFO] [stdout]     = note: required because it appears within the type `std::path::Path`
[INFO] [stdout]     = note: all local variables must have a statically known size
[INFO] [stdout]     = help: unsized locals are gated as an unstable feature
[INFO] [stdout] 
[INFO] [stdout] 
[INFO] [stdout] error: aborting due to 47 previous errors
[INFO] [stdout] 
[INFO] [stdout] 
[INFO] [stdout] Some errors have detailed explanations: E0277, E0425, E0432.
[INFO] [stdout] 
[INFO] [stdout] For more information about an error, try `rustc --explain E0277`.
[INFO] [stdout] 
[INFO] [stderr] error: could not compile `git-scanner` due to 48 previous errors
[INFO] running `Command { std: "docker" "inspect" "01557ca6bff7ffb1a47926cfec73960e9a8bc0231b105a84af70aca45e4f4600", kill_on_drop: false }`
[INFO] running `Command { std: "docker" "rm" "-f" "01557ca6bff7ffb1a47926cfec73960e9a8bc0231b105a84af70aca45e4f4600", kill_on_drop: false }`
[INFO] [stdout] 01557ca6bff7ffb1a47926cfec73960e9a8bc0231b105a84af70aca45e4f4600
