[INFO] fetching crate git-pack 0.12.0...
[INFO] checking git-pack-0.12.0 against 1.55.0 for beta-1.56-3
[INFO] extracting crate git-pack 0.12.0 into /workspace/builds/worker-60/source
[INFO] validating manifest of crates.io crate git-pack 0.12.0 on toolchain 1.55.0
[INFO] running `Command { std: "/workspace/cargo-home/bin/cargo" "+1.55.0" "metadata" "--manifest-path" "Cargo.toml" "--no-deps", kill_on_drop: false }`
[INFO] started tweaking crates.io crate git-pack 0.12.0
[INFO] removed 2 missing tests
[INFO] finished tweaking crates.io crate git-pack 0.12.0
[INFO] tweaked toml for crates.io crate git-pack 0.12.0 written to /workspace/builds/worker-60/source/Cargo.toml
[INFO] running `Command { std: "/workspace/cargo-home/bin/cargo" "+1.55.0" "generate-lockfile" "--manifest-path" "Cargo.toml" "-Zno-index-update", kill_on_drop: false }`
[INFO] [stderr]     Blocking waiting for file lock on package cache
[INFO] running `Command { std: "/workspace/cargo-home/bin/cargo" "+1.55.0" "fetch" "--manifest-path" "Cargo.toml", kill_on_drop: false }`
[INFO] [stderr]     Blocking waiting for file lock on package cache
[INFO] [stderr]     Blocking waiting for file lock on package cache
[INFO] running `Command { std: "docker" "create" "-v" "/var/lib/crater-agent-workspace/builds/worker-60/target:/opt/rustwide/target:rw,Z" "-v" "/var/lib/crater-agent-workspace/builds/worker-60/source:/opt/rustwide/workdir:ro,Z" "-v" "/var/lib/crater-agent-workspace/cargo-home:/opt/rustwide/cargo-home:ro,Z" "-v" "/var/lib/crater-agent-workspace/rustup-home:/opt/rustwide/rustup-home:ro,Z" "-e" "SOURCE_DIR=/opt/rustwide/workdir" "-e" "CARGO_TARGET_DIR=/opt/rustwide/target" "-e" "CARGO_HOME=/opt/rustwide/cargo-home" "-e" "RUSTUP_HOME=/opt/rustwide/rustup-home" "-w" "/opt/rustwide/workdir" "-m" "1610612736" "--user" "0:0" "--network" "none" "ghcr.io/rust-lang/crates-build-env/linux@sha256:a89201d6b5b9fd45c15d5952ece0a0129e7e80cb26ec023fd59cf09bc26f1604" "/opt/rustwide/cargo-home/bin/cargo" "+1.55.0" "metadata" "--no-deps" "--format-version=1", kill_on_drop: false }`
[INFO] [stdout] 616b955b85f582e426f7a3fb2ccaa53177ff468729eab882625997070deaa43d
[INFO] running `Command { std: "docker" "start" "-a" "616b955b85f582e426f7a3fb2ccaa53177ff468729eab882625997070deaa43d", kill_on_drop: false }`
[INFO] running `Command { std: "docker" "inspect" "616b955b85f582e426f7a3fb2ccaa53177ff468729eab882625997070deaa43d", kill_on_drop: false }`
[INFO] running `Command { std: "docker" "rm" "-f" "616b955b85f582e426f7a3fb2ccaa53177ff468729eab882625997070deaa43d", kill_on_drop: false }`
[INFO] [stdout] 616b955b85f582e426f7a3fb2ccaa53177ff468729eab882625997070deaa43d
[INFO] running `Command { std: "docker" "create" "-v" "/var/lib/crater-agent-workspace/builds/worker-60/target:/opt/rustwide/target:rw,Z" "-v" "/var/lib/crater-agent-workspace/builds/worker-60/source:/opt/rustwide/workdir:ro,Z" "-v" "/var/lib/crater-agent-workspace/cargo-home:/opt/rustwide/cargo-home:ro,Z" "-v" "/var/lib/crater-agent-workspace/rustup-home:/opt/rustwide/rustup-home:ro,Z" "-e" "SOURCE_DIR=/opt/rustwide/workdir" "-e" "CARGO_TARGET_DIR=/opt/rustwide/target" "-e" "CARGO_INCREMENTAL=0" "-e" "RUST_BACKTRACE=full" "-e" "RUSTFLAGS=--cap-lints=warn" "-e" "CARGO_HOME=/opt/rustwide/cargo-home" "-e" "RUSTUP_HOME=/opt/rustwide/rustup-home" "-w" "/opt/rustwide/workdir" "-m" "1610612736" "--user" "0:0" "--network" "none" "ghcr.io/rust-lang/crates-build-env/linux@sha256:a89201d6b5b9fd45c15d5952ece0a0129e7e80cb26ec023fd59cf09bc26f1604" "/opt/rustwide/cargo-home/bin/cargo" "+1.55.0" "check" "--frozen" "--all" "--all-targets" "--message-format=json", kill_on_drop: false }`
[INFO] [stdout] e40bedd59e112a441495962ccbd182d421b3f3e67aad3be72b4e5283a8f8b081
[INFO] running `Command { std: "docker" "start" "-a" "e40bedd59e112a441495962ccbd182d421b3f3e67aad3be72b4e5283a8f8b081", kill_on_drop: false }`
[INFO] [stderr]     Checking quick-error v2.0.1
[INFO] [stderr]     Checking hex v0.4.3
[INFO] [stderr]    Compiling signal-hook v0.3.10
[INFO] [stderr]     Checking human_format v1.0.3
[INFO] [stderr]     Checking bytesize v1.1.0
[INFO] [stderr]     Checking sha1 v0.6.0
[INFO] [stderr]     Checking common_macros v0.1.1
[INFO] [stderr]    Compiling num-traits v0.2.14
[INFO] [stderr]    Compiling nom v7.0.0
[INFO] [stderr]     Checking signal-hook-registry v1.4.0
[INFO] [stderr]     Checking parking_lot_core v0.8.5
[INFO] [stderr]     Checking filebuffer v0.4.0
[INFO] [stderr]     Checking bstr v0.2.17
[INFO] [stderr]     Checking dashmap v4.0.2
[INFO] [stderr]     Checking flate2 v1.0.22
[INFO] [stderr]     Checking tempfile v3.2.0
[INFO] [stderr]     Checking parking_lot v0.11.2
[INFO] [stderr]     Checking prodash v16.0.0
[INFO] [stderr]     Checking git-hash v0.7.0
[INFO] [stderr]     Checking git-features v0.16.5
[INFO] [stderr]     Checking git-validate v0.5.3
[INFO] [stderr]     Checking git-tempfile v1.0.3
[INFO] [stderr]     Checking btoi v0.4.2
[INFO] [stderr]     Checking git-actor v0.5.3
[INFO] [stderr]     Checking git-object v0.14.1
[INFO] [stderr]     Checking git-diff v0.10.0
[INFO] [stderr]     Checking git-traverse v0.9.0
[INFO] [stderr]     Checking git-pack v0.12.0 (/opt/rustwide/workdir)
[INFO] [stdout] error[E0432]: unresolved import `git_odb`
[INFO] [stdout]    --> src/cache/delta/mod.rs:140:17
[INFO] [stdout]     |
[INFO] [stdout] 140 |             use git_odb::pack;
[INFO] [stdout]     |                 ^^^^^^^ use of undeclared crate or module `git_odb`
[INFO] [stdout] 
[INFO] [stdout] 
[INFO] [stdout] error[E0432]: unresolved import `git_testtools`
[INFO] [stdout]    --> src/cache/delta/mod.rs:148:17
[INFO] [stdout]     |
[INFO] [stdout] 148 |             use git_testtools::fixture_path;
[INFO] [stdout]     |                 ^^^^^^^^^^^^^ use of undeclared crate or module `git_testtools`
[INFO] [stdout] 
[INFO] [stdout] 
[INFO] [stdout] error[E0432]: unresolved import `git_odb`
[INFO] [stdout]    --> src/cache/delta/mod.rs:207:13
[INFO] [stdout]     |
[INFO] [stdout] 207 |         use git_odb::pack;
[INFO] [stdout]     |             ^^^^^^^ use of undeclared crate or module `git_odb`
[INFO] [stdout] 
[INFO] [stdout] 
[INFO] [stdout] error: aborting due to 3 previous errors
[INFO] [stdout] 
[INFO] [stdout] 
[INFO] [stdout] For more information about this error, try `rustc --explain E0432`.
[INFO] [stdout] 
[INFO] [stderr] error: could not compile `git-pack` due to 4 previous errors
[INFO] [stderr] warning: build failed, waiting for other jobs to finish...
[INFO] [stderr] error: build failed
[INFO] running `Command { std: "docker" "inspect" "e40bedd59e112a441495962ccbd182d421b3f3e67aad3be72b4e5283a8f8b081", kill_on_drop: false }`
[INFO] running `Command { std: "docker" "rm" "-f" "e40bedd59e112a441495962ccbd182d421b3f3e67aad3be72b4e5283a8f8b081", kill_on_drop: false }`
[INFO] [stdout] e40bedd59e112a441495962ccbd182d421b3f3e67aad3be72b4e5283a8f8b081
