[INFO] fetching crate gfa 0.10.0...
[INFO] checking gfa-0.10.0 against 1.55.0 for beta-1.56-3
[INFO] extracting crate gfa 0.10.0 into /workspace/builds/worker-2/source
[INFO] validating manifest of crates.io crate gfa 0.10.0 on toolchain 1.55.0
[INFO] running `Command { std: "/workspace/cargo-home/bin/cargo" "+1.55.0" "metadata" "--manifest-path" "Cargo.toml" "--no-deps", kill_on_drop: false }`
[INFO] started tweaking crates.io crate gfa 0.10.0
[INFO] finished tweaking crates.io crate gfa 0.10.0
[INFO] tweaked toml for crates.io crate gfa 0.10.0 written to /workspace/builds/worker-2/source/Cargo.toml
[INFO] running `Command { std: "/workspace/cargo-home/bin/cargo" "+1.55.0" "generate-lockfile" "--manifest-path" "Cargo.toml" "-Zno-index-update", kill_on_drop: false }`
[INFO] running `Command { std: "/workspace/cargo-home/bin/cargo" "+1.55.0" "fetch" "--manifest-path" "Cargo.toml", kill_on_drop: false }`
[INFO] running `Command { std: "docker" "create" "-v" "/var/lib/crater-agent-workspace/builds/worker-2/target:/opt/rustwide/target:rw,Z" "-v" "/var/lib/crater-agent-workspace/builds/worker-2/source:/opt/rustwide/workdir:ro,Z" "-v" "/var/lib/crater-agent-workspace/cargo-home:/opt/rustwide/cargo-home:ro,Z" "-v" "/var/lib/crater-agent-workspace/rustup-home:/opt/rustwide/rustup-home:ro,Z" "-e" "SOURCE_DIR=/opt/rustwide/workdir" "-e" "CARGO_TARGET_DIR=/opt/rustwide/target" "-e" "CARGO_HOME=/opt/rustwide/cargo-home" "-e" "RUSTUP_HOME=/opt/rustwide/rustup-home" "-w" "/opt/rustwide/workdir" "-m" "1610612736" "--user" "0:0" "--network" "none" "ghcr.io/rust-lang/crates-build-env/linux@sha256:a89201d6b5b9fd45c15d5952ece0a0129e7e80cb26ec023fd59cf09bc26f1604" "/opt/rustwide/cargo-home/bin/cargo" "+1.55.0" "metadata" "--no-deps" "--format-version=1", kill_on_drop: false }`
[INFO] [stderr] WARNING: Your kernel does not support swap limit capabilities or the cgroup is not mounted. Memory limited without swap.
[INFO] [stdout] 2c0859479138810075ca64ac8c59c47d24e5edd52d6024499a1732339d930c8e
[INFO] running `Command { std: "docker" "start" "-a" "2c0859479138810075ca64ac8c59c47d24e5edd52d6024499a1732339d930c8e", kill_on_drop: false }`
[INFO] running `Command { std: "docker" "inspect" "2c0859479138810075ca64ac8c59c47d24e5edd52d6024499a1732339d930c8e", kill_on_drop: false }`
[INFO] running `Command { std: "docker" "rm" "-f" "2c0859479138810075ca64ac8c59c47d24e5edd52d6024499a1732339d930c8e", kill_on_drop: false }`
[INFO] [stdout] 2c0859479138810075ca64ac8c59c47d24e5edd52d6024499a1732339d930c8e
[INFO] running `Command { std: "docker" "create" "-v" "/var/lib/crater-agent-workspace/builds/worker-2/target:/opt/rustwide/target:rw,Z" "-v" "/var/lib/crater-agent-workspace/builds/worker-2/source:/opt/rustwide/workdir:ro,Z" "-v" "/var/lib/crater-agent-workspace/cargo-home:/opt/rustwide/cargo-home:ro,Z" "-v" "/var/lib/crater-agent-workspace/rustup-home:/opt/rustwide/rustup-home:ro,Z" "-e" "SOURCE_DIR=/opt/rustwide/workdir" "-e" "CARGO_TARGET_DIR=/opt/rustwide/target" "-e" "CARGO_INCREMENTAL=0" "-e" "RUST_BACKTRACE=full" "-e" "RUSTFLAGS=--cap-lints=warn" "-e" "CARGO_HOME=/opt/rustwide/cargo-home" "-e" "RUSTUP_HOME=/opt/rustwide/rustup-home" "-w" "/opt/rustwide/workdir" "-m" "1610612736" "--user" "0:0" "--network" "none" "ghcr.io/rust-lang/crates-build-env/linux@sha256:a89201d6b5b9fd45c15d5952ece0a0129e7e80cb26ec023fd59cf09bc26f1604" "/opt/rustwide/cargo-home/bin/cargo" "+1.55.0" "check" "--frozen" "--all" "--all-targets" "--message-format=json", kill_on_drop: false }`
[INFO] [stderr] WARNING: Your kernel does not support swap limit capabilities or the cgroup is not mounted. Memory limited without swap.
[INFO] [stdout] b201194bd8e6fb73d699aa2f776a9e7f74384f06ca24b4c286ff5671c809ecba
[INFO] running `Command { std: "docker" "start" "-a" "b201194bd8e6fb73d699aa2f776a9e7f74384f06ca24b4c286ff5671c809ecba", kill_on_drop: false }`
[INFO] [stderr]     Checking bstr v0.2.17
[INFO] [stderr]     Checking csv-core v0.1.10
[INFO] [stderr]     Checking memmap v0.7.0
[INFO] [stderr]     Checking nom v5.1.2
[INFO] [stderr]    Compiling bytemuck_derive v1.0.1
[INFO] [stderr]     Checking csv v1.1.6
[INFO] [stderr]     Checking criterion v0.3.5
[INFO] [stderr]     Checking bytemuck v1.7.2
[INFO] [stderr]     Checking gfa v0.10.0 (/opt/rustwide/workdir)
[INFO] [stdout] error[E0277]: the trait bound `BString: SegmentId` is not satisfied
[INFO] [stdout]    --> benches/parsing_benchmark.rs:23:17
[INFO] [stdout]     |
[INFO] [stdout] 23  |     let parser: GFAParser<BString, T> = GFAParser::new();
[INFO] [stdout]     |                 ^^^^^^^^^^^^^^^^^^^^^ the trait `SegmentId` is not implemented for `BString`
[INFO] [stdout]     | 
[INFO] [stdout]    ::: /opt/rustwide/workdir/src/parser.rs:103:25
[INFO] [stdout]     |
[INFO] [stdout] 103 | pub struct GFAParser<N: SegmentId, T: OptFields> {
[INFO] [stdout]     |                         --------- required by this bound in `gfa::parser::GFAParser`
[INFO] [stdout] 
[INFO] [stdout] 
[INFO] [stdout] error[E0599]: the method `parse_lines` exists for struct `gfa::parser::GFAParser<BString, T>`, but its trait bounds were not satisfied
[INFO] [stdout]   --> benches/parsing_benchmark.rs:24:12
[INFO] [stdout]    |
[INFO] [stdout] 24 |     parser.parse_lines(input.iter()).unwrap()
[INFO] [stdout]    |            ^^^^^^^^^^^ method cannot be called on `gfa::parser::GFAParser<BString, T>` due to unsatisfied trait bounds
[INFO] [stdout]    | 
[INFO] [stdout]   ::: /opt/rustwide/cargo-home/registry/src/github.com-1ecc6299db9ec823/bstr-0.2.17/src/bstring.rs:40:1
[INFO] [stdout]    |
[INFO] [stdout] 40 | pub struct BString {
[INFO] [stdout]    | ------------------ doesn't satisfy `BString: SegmentId`
[INFO] [stdout]    |
[INFO] [stdout]    = note: the following trait bounds were not satisfied:
[INFO] [stdout]            `BString: SegmentId`
[INFO] [stdout] 
[INFO] [stdout] 
[INFO] [stdout] error[E0277]: the trait bound `BString: SegmentId` is not satisfied
[INFO] [stdout]    --> benches/parsing_benchmark.rs:23:41
[INFO] [stdout]     |
[INFO] [stdout] 23  |     let parser: GFAParser<BString, T> = GFAParser::new();
[INFO] [stdout]     |                                         ^^^^^^^^^^^^^^ the trait `SegmentId` is not implemented for `BString`
[INFO] [stdout]     |
[INFO] [stdout] note: required by `gfa::parser::GFAParser::<N, T>::new`
[INFO] [stdout]    --> /opt/rustwide/workdir/src/parser.rs:123:5
[INFO] [stdout]     |
[INFO] [stdout] 123 |     pub fn new() -> Self {
[INFO] [stdout]     |     ^^^^^^^^^^^^^^^^^^^^
[INFO] [stdout] 
[INFO] [stdout] 
[INFO] [stdout] error[E0277]: the trait bound `BString: SegmentId` is not satisfied
[INFO] [stdout]    --> benches/parsing_benchmark.rs:23:41
[INFO] [stdout]     |
[INFO] [stdout] 23  |     let parser: GFAParser<BString, T> = GFAParser::new();
[INFO] [stdout]     |                                         ^^^^^^^^^ the trait `SegmentId` is not implemented for `BString`
[INFO] [stdout]     | 
[INFO] [stdout]    ::: /opt/rustwide/workdir/src/parser.rs:103:25
[INFO] [stdout]     |
[INFO] [stdout] 103 | pub struct GFAParser<N: SegmentId, T: OptFields> {
[INFO] [stdout]     |                         --------- required by this bound in `gfa::parser::GFAParser`
[INFO] [stdout] 
[INFO] [stdout] 
[INFO] [stdout] error[E0271]: type mismatch resolving `<std::slice::Iter<'_, Vec<u8>> as Iterator>::Item == &[u8]`
[INFO] [stdout]   --> benches/parsing_benchmark.rs:37:12
[INFO] [stdout]    |
[INFO] [stdout] 37 |     parser.parse_lines(input.iter()).unwrap()
[INFO] [stdout]    |            ^^^^^^^^^^^ expected struct `Vec`, found slice `[u8]`
[INFO] [stdout]    |
[INFO] [stdout]    = note: expected reference `&Vec<u8>`
[INFO] [stdout]               found reference `&[u8]`
[INFO] [stdout] 
[INFO] [stdout] 
[INFO] [stdout] error: aborting due to 5 previous errors
[INFO] [stdout] 
[INFO] [stdout] 
[INFO] [stdout] Some errors have detailed explanations: E0271, E0277, E0599.
[INFO] [stdout] 
[INFO] [stdout] For more information about an error, try `rustc --explain E0271`.
[INFO] [stdout] 
[INFO] [stderr] error: could not compile `gfa` due to 6 previous errors
[INFO] [stderr] warning: build failed, waiting for other jobs to finish...
[INFO] [stdout] warning: function is never used: `diatom_name_map_path`
[INFO] [stdout]    --> src/gfa/name_conversion.rs:372:8
[INFO] [stdout]     |
[INFO] [stdout] 372 |     fn diatom_name_map_path() -> &'static str {
[INFO] [stdout]     |        ^^^^^^^^^^^^^^^^^^^^
[INFO] [stdout]     |
[INFO] [stdout]     = note: `#[warn(dead_code)]` on by default
[INFO] [stdout] 
[INFO] [stdout] 
[INFO] [stdout] warning: function is never used: `lil_name_map_path`
[INFO] [stdout]    --> src/gfa/name_conversion.rs:376:8
[INFO] [stdout]     |
[INFO] [stdout] 376 |     fn lil_name_map_path() -> &'static str {
[INFO] [stdout]     |        ^^^^^^^^^^^^^^^^^
[INFO] [stdout] 
[INFO] [stdout] 
[INFO] [stdout] warning: 2 warnings emitted
[INFO] [stdout] 
[INFO] [stdout] 
[INFO] [stderr] error: build failed
[INFO] running `Command { std: "docker" "inspect" "b201194bd8e6fb73d699aa2f776a9e7f74384f06ca24b4c286ff5671c809ecba", kill_on_drop: false }`
[INFO] running `Command { std: "docker" "rm" "-f" "b201194bd8e6fb73d699aa2f776a9e7f74384f06ca24b4c286ff5671c809ecba", kill_on_drop: false }`
[INFO] [stdout] b201194bd8e6fb73d699aa2f776a9e7f74384f06ca24b4c286ff5671c809ecba
