[INFO] fetching crate geoshaper 0.2.0...
[INFO] checking geoshaper-0.2.0 against beta-2021-10-15 for beta-1.56-3
[INFO] extracting crate geoshaper 0.2.0 into /workspace/builds/worker-0/source
[INFO] validating manifest of crates.io crate geoshaper 0.2.0 on toolchain beta-2021-10-15
[INFO] running `Command { std: "/workspace/cargo-home/bin/cargo" "+beta-2021-10-15" "metadata" "--manifest-path" "Cargo.toml" "--no-deps", kill_on_drop: false }`
[INFO] started tweaking crates.io crate geoshaper 0.2.0
[INFO] finished tweaking crates.io crate geoshaper 0.2.0
[INFO] tweaked toml for crates.io crate geoshaper 0.2.0 written to /workspace/builds/worker-0/source/Cargo.toml
[INFO] running `Command { std: "/workspace/cargo-home/bin/cargo" "+beta-2021-10-15" "generate-lockfile" "--manifest-path" "Cargo.toml" "-Zno-index-update", kill_on_drop: false }`
[INFO] running `Command { std: "/workspace/cargo-home/bin/cargo" "+beta-2021-10-15" "fetch" "--manifest-path" "Cargo.toml", kill_on_drop: false }`
[INFO] [stderr]  Downloading crates ...
[INFO] [stderr]   Downloaded term-painter v0.2.4
[INFO] [stderr]   Downloaded geojson v0.5.0
[INFO] [stderr]   Downloaded rocket_contrib v0.2.11
[INFO] [stderr]   Downloaded geo v0.3.2
[INFO] [stderr]   Downloaded cl-sys v0.2.1
[INFO] [stderr]   Downloaded geogrid v0.2.1
[INFO] [stderr]   Downloaded ocl v0.12.0
[INFO] [stderr]   Downloaded rocket_codegen v0.2.11
[INFO] [stderr]   Downloaded ocl-core v0.3.2
[INFO] [stderr]   Downloaded cookie v0.6.2
[INFO] [stderr]   Downloaded state v0.2.2
[INFO] [stderr]   Downloaded rocket v0.2.11
[INFO] running `Command { std: "docker" "create" "-v" "/var/lib/crater-agent-workspace/builds/worker-0/target:/opt/rustwide/target:rw,Z" "-v" "/var/lib/crater-agent-workspace/builds/worker-0/source:/opt/rustwide/workdir:ro,Z" "-v" "/var/lib/crater-agent-workspace/cargo-home:/opt/rustwide/cargo-home:ro,Z" "-v" "/var/lib/crater-agent-workspace/rustup-home:/opt/rustwide/rustup-home:ro,Z" "-e" "SOURCE_DIR=/opt/rustwide/workdir" "-e" "CARGO_TARGET_DIR=/opt/rustwide/target" "-e" "CARGO_HOME=/opt/rustwide/cargo-home" "-e" "RUSTUP_HOME=/opt/rustwide/rustup-home" "-w" "/opt/rustwide/workdir" "-m" "1610612736" "--user" "0:0" "--network" "none" "ghcr.io/rust-lang/crates-build-env/linux@sha256:a89201d6b5b9fd45c15d5952ece0a0129e7e80cb26ec023fd59cf09bc26f1604" "/opt/rustwide/cargo-home/bin/cargo" "+beta-2021-10-15" "metadata" "--no-deps" "--format-version=1", kill_on_drop: false }`
[INFO] [stderr] WARNING: Your kernel does not support swap limit capabilities or the cgroup is not mounted. Memory limited without swap.
[INFO] [stdout] 8344d29991bb04a85f49ba2846ebfb925c3786acb5979f59969940fbf41e43d5
[INFO] running `Command { std: "docker" "start" "-a" "8344d29991bb04a85f49ba2846ebfb925c3786acb5979f59969940fbf41e43d5", kill_on_drop: false }`
[INFO] running `Command { std: "docker" "inspect" "8344d29991bb04a85f49ba2846ebfb925c3786acb5979f59969940fbf41e43d5", kill_on_drop: false }`
[INFO] running `Command { std: "docker" "rm" "-f" "8344d29991bb04a85f49ba2846ebfb925c3786acb5979f59969940fbf41e43d5", kill_on_drop: false }`
[INFO] [stdout] 8344d29991bb04a85f49ba2846ebfb925c3786acb5979f59969940fbf41e43d5
[INFO] running `Command { std: "docker" "create" "-v" "/var/lib/crater-agent-workspace/builds/worker-0/target:/opt/rustwide/target:rw,Z" "-v" "/var/lib/crater-agent-workspace/builds/worker-0/source:/opt/rustwide/workdir:ro,Z" "-v" "/var/lib/crater-agent-workspace/cargo-home:/opt/rustwide/cargo-home:ro,Z" "-v" "/var/lib/crater-agent-workspace/rustup-home:/opt/rustwide/rustup-home:ro,Z" "-e" "SOURCE_DIR=/opt/rustwide/workdir" "-e" "CARGO_TARGET_DIR=/opt/rustwide/target" "-e" "CARGO_INCREMENTAL=0" "-e" "RUST_BACKTRACE=full" "-e" "RUSTFLAGS=--cap-lints=warn" "-e" "CARGO_HOME=/opt/rustwide/cargo-home" "-e" "RUSTUP_HOME=/opt/rustwide/rustup-home" "-w" "/opt/rustwide/workdir" "-m" "1610612736" "--user" "0:0" "--network" "none" "ghcr.io/rust-lang/crates-build-env/linux@sha256:a89201d6b5b9fd45c15d5952ece0a0129e7e80cb26ec023fd59cf09bc26f1604" "/opt/rustwide/cargo-home/bin/cargo" "+beta-2021-10-15" "check" "--frozen" "--all" "--all-targets" "--message-format=json", kill_on_drop: false }`
[INFO] [stdout] 116b7f6d6dd4dc901be1a7dd6c497d4956143284c24e3cd443e3df4a89032954
[INFO] [stderr] WARNING: Your kernel does not support swap limit capabilities or the cgroup is not mounted. Memory limited without swap.
[INFO] running `Command { std: "docker" "start" "-a" "116b7f6d6dd4dc901be1a7dd6c497d4956143284c24e3cd443e3df4a89032954", kill_on_drop: false }`
[INFO] [stderr]    Compiling yansi v0.3.4
[INFO] [stderr]     Checking itoa v0.3.4
[INFO] [stderr]     Checking serde v0.9.15
[INFO] [stderr]     Checking bitflags v0.5.0
[INFO] [stderr]    Compiling toml v0.2.1
[INFO] [stderr]     Checking deque v0.3.2
[INFO] [stderr]    Compiling state v0.2.2
[INFO] [stderr]     Checking same-file v0.1.3
[INFO] [stderr]     Checking quicksort v1.1.0
[INFO] [stderr]    Compiling miniz-sys v0.1.12
[INFO] [stderr]    Compiling term-painter v0.2.4
[INFO] [stderr]    Compiling libc v0.2.103
[INFO] [stderr]     Checking rand v0.4.6
[INFO] [stdout] error[E0557]: feature has been removed
[INFO] [stdout]  --> /opt/rustwide/cargo-home/registry/src/github.com-1ecc6299db9ec823/state-0.2.2/src/lib.rs:1:12
[INFO] [stdout]   |
[INFO] [stdout] 1 | #![feature(const_fn)]
[INFO] [stdout]   |            ^^^^^^^^ feature has been removed
[INFO] [stdout]   |
[INFO] [stdout]   = note: split into finer-grained feature gates
[INFO] [stdout] 
[INFO] [stdout] 
[INFO] [stdout] error[E0554]: `#![feature]` may not be used on the beta release channel
[INFO] [stdout]  --> /opt/rustwide/cargo-home/registry/src/github.com-1ecc6299db9ec823/state-0.2.2/src/lib.rs:1:1
[INFO] [stdout]   |
[INFO] [stdout] 1 | #![feature(const_fn)]
[INFO] [stdout]   | ^^^^^^^^^^^^^^^^^^^^^
[INFO] [stdout] 
[INFO] [stdout] 
[INFO] [stdout] error[E0557]: feature has been removed
[INFO] [stdout]  --> /opt/rustwide/cargo-home/registry/src/github.com-1ecc6299db9ec823/state-0.2.2/src/lib.rs:1:12
[INFO] [stdout]   |
[INFO] [stdout] 1 | #![feature(const_fn)]
[INFO] [stdout]   |            ^^^^^^^^ feature has been removed
[INFO] [stdout]   |
[INFO] [stdout]   = note: split into finer-grained feature gates
[INFO] [stdout] 
[INFO] [stdout] 
[INFO] [stderr]     Checking num_cpus v1.13.0
[INFO] [stdout] error[E0554]: `#![feature]` may not be used on the beta release channel
[INFO] [stdout]  --> /opt/rustwide/cargo-home/registry/src/github.com-1ecc6299db9ec823/state-0.2.2/src/lib.rs:1:1
[INFO] [stdout]   |
[INFO] [stdout] 1 | #![feature(const_fn)]
[INFO] [stdout]   | ^^^^^^^^^^^^^^^^^^^^^
[INFO] [stdout] 
[INFO] [stdout] 
[INFO] [stderr]     Checking time v0.1.44
[INFO] [stdout] error: aborting due to 2 previous errors
[INFO] [stdout] 
[INFO] [stdout] 
[INFO] [stdout] Some errors have detailed explanations: E0554, E0557.
[INFO] [stdout] 
[INFO] [stdout] For more information about an error, try `rustc --explain E0554`.
[INFO] [stdout] 
[INFO] [stderr] error: could not compile `state` due to 3 previous errors
[INFO] [stderr] warning: build failed, waiting for other jobs to finish...
[INFO] [stdout] error: aborting due to 2 previous errors
[INFO] [stdout] 
[INFO] [stdout] 
[INFO] [stdout] Some errors have detailed explanations: E0554, E0557.
[INFO] [stdout] 
[INFO] [stdout] For more information about an error, try `rustc --explain E0554`.
[INFO] [stdout] 
[INFO] [stderr] error: build failed
[INFO] running `Command { std: "docker" "inspect" "116b7f6d6dd4dc901be1a7dd6c497d4956143284c24e3cd443e3df4a89032954", kill_on_drop: false }`
[INFO] running `Command { std: "docker" "rm" "-f" "116b7f6d6dd4dc901be1a7dd6c497d4956143284c24e3cd443e3df4a89032954", kill_on_drop: false }`
[INFO] [stdout] 116b7f6d6dd4dc901be1a7dd6c497d4956143284c24e3cd443e3df4a89032954
