[INFO] fetching crate genomicsqlite 0.9.1...
[INFO] checking genomicsqlite-0.9.1 against 1.55.0 for beta-1.56-3
[INFO] extracting crate genomicsqlite 0.9.1 into /workspace/builds/worker-10/source
[INFO] validating manifest of crates.io crate genomicsqlite 0.9.1 on toolchain 1.55.0
[INFO] running `Command { std: "/workspace/cargo-home/bin/cargo" "+1.55.0" "metadata" "--manifest-path" "Cargo.toml" "--no-deps", kill_on_drop: false }`
[INFO] started tweaking crates.io crate genomicsqlite 0.9.1
[INFO] finished tweaking crates.io crate genomicsqlite 0.9.1
[INFO] tweaked toml for crates.io crate genomicsqlite 0.9.1 written to /workspace/builds/worker-10/source/Cargo.toml
[INFO] running `Command { std: "/workspace/cargo-home/bin/cargo" "+1.55.0" "generate-lockfile" "--manifest-path" "Cargo.toml" "-Zno-index-update", kill_on_drop: false }`
[INFO] running `Command { std: "/workspace/cargo-home/bin/cargo" "+1.55.0" "fetch" "--manifest-path" "Cargo.toml", kill_on_drop: false }`
[INFO] running `Command { std: "docker" "create" "-v" "/var/lib/crater-agent-workspace/builds/worker-10/target:/opt/rustwide/target:rw,Z" "-v" "/var/lib/crater-agent-workspace/builds/worker-10/source:/opt/rustwide/workdir:ro,Z" "-v" "/var/lib/crater-agent-workspace/cargo-home:/opt/rustwide/cargo-home:ro,Z" "-v" "/var/lib/crater-agent-workspace/rustup-home:/opt/rustwide/rustup-home:ro,Z" "-e" "SOURCE_DIR=/opt/rustwide/workdir" "-e" "CARGO_TARGET_DIR=/opt/rustwide/target" "-e" "CARGO_HOME=/opt/rustwide/cargo-home" "-e" "RUSTUP_HOME=/opt/rustwide/rustup-home" "-w" "/opt/rustwide/workdir" "-m" "1610612736" "--user" "0:0" "--network" "none" "ghcr.io/rust-lang/crates-build-env/linux@sha256:a89201d6b5b9fd45c15d5952ece0a0129e7e80cb26ec023fd59cf09bc26f1604" "/opt/rustwide/cargo-home/bin/cargo" "+1.55.0" "metadata" "--no-deps" "--format-version=1", kill_on_drop: false }`
[INFO] [stdout] 2ac3ef684b6c49673a533b10882f5299112f7dfc1bfc06a3280148462e7f6c8e
[INFO] [stderr] WARNING: Your kernel does not support swap limit capabilities or the cgroup is not mounted. Memory limited without swap.
[INFO] running `Command { std: "docker" "start" "-a" "2ac3ef684b6c49673a533b10882f5299112f7dfc1bfc06a3280148462e7f6c8e", kill_on_drop: false }`
[INFO] running `Command { std: "docker" "inspect" "2ac3ef684b6c49673a533b10882f5299112f7dfc1bfc06a3280148462e7f6c8e", kill_on_drop: false }`
[INFO] running `Command { std: "docker" "rm" "-f" "2ac3ef684b6c49673a533b10882f5299112f7dfc1bfc06a3280148462e7f6c8e", kill_on_drop: false }`
[INFO] [stdout] 2ac3ef684b6c49673a533b10882f5299112f7dfc1bfc06a3280148462e7f6c8e
[INFO] running `Command { std: "docker" "create" "-v" "/var/lib/crater-agent-workspace/builds/worker-10/target:/opt/rustwide/target:rw,Z" "-v" "/var/lib/crater-agent-workspace/builds/worker-10/source:/opt/rustwide/workdir:ro,Z" "-v" "/var/lib/crater-agent-workspace/cargo-home:/opt/rustwide/cargo-home:ro,Z" "-v" "/var/lib/crater-agent-workspace/rustup-home:/opt/rustwide/rustup-home:ro,Z" "-e" "SOURCE_DIR=/opt/rustwide/workdir" "-e" "CARGO_TARGET_DIR=/opt/rustwide/target" "-e" "CARGO_INCREMENTAL=0" "-e" "RUST_BACKTRACE=full" "-e" "RUSTFLAGS=--cap-lints=warn" "-e" "CARGO_HOME=/opt/rustwide/cargo-home" "-e" "RUSTUP_HOME=/opt/rustwide/rustup-home" "-w" "/opt/rustwide/workdir" "-m" "1610612736" "--user" "0:0" "--network" "none" "ghcr.io/rust-lang/crates-build-env/linux@sha256:a89201d6b5b9fd45c15d5952ece0a0129e7e80cb26ec023fd59cf09bc26f1604" "/opt/rustwide/cargo-home/bin/cargo" "+1.55.0" "check" "--frozen" "--all" "--all-targets" "--message-format=json", kill_on_drop: false }`
[INFO] [stdout] f2682d5f192851287d2e2cd99c1555623c059af294ca5186e309bf7e09d058a8
[INFO] [stderr] WARNING: Your kernel does not support swap limit capabilities or the cgroup is not mounted. Memory limited without swap.
[INFO] running `Command { std: "docker" "start" "-a" "f2682d5f192851287d2e2cd99c1555623c059af294ca5186e309bf7e09d058a8", kill_on_drop: false }`
[INFO] [stderr]    Compiling vcpkg v0.2.15
[INFO] [stderr]     Checking fallible-streaming-iterator v0.1.9
[INFO] [stderr]     Checking fallible-iterator v0.2.0
[INFO] [stderr]     Checking ahash v0.7.6
[INFO] [stderr]     Checking uuid v0.8.2
[INFO] [stderr]     Checking hashbrown v0.11.2
[INFO] [stderr]     Checking hashlink v0.7.0
[INFO] [stderr]    Compiling libsqlite3-sys v0.23.1
[INFO] [stderr]     Checking rusqlite v0.26.0
[INFO] [stderr]     Checking genomicsqlite v0.9.1 (/opt/rustwide/workdir)
[INFO] [stdout] error[E0133]: call to unsafe function is unsafe and requires unsafe function or block
[INFO] [stdout]    --> src/lib.rs:126:22
[INFO] [stdout]     |
[INFO] [stdout] 126 |         let _guard = LoadExtensionGuard::new(&memconn).unwrap();
[INFO] [stdout]     |                      ^^^^^^^^^^^^^^^^^^^^^^^^^^^^^^^^^ call to unsafe function
[INFO] [stdout]     |
[INFO] [stdout]     = note: consult the function's documentation for information on how to avoid undefined behavior
[INFO] [stdout] 
[INFO] [stdout] 
[INFO] [stdout] error[E0133]: call to unsafe function is unsafe and requires unsafe function or block
[INFO] [stdout]    --> src/lib.rs:126:22
[INFO] [stdout]     |
[INFO] [stdout] 126 |         let _guard = LoadExtensionGuard::new(&memconn).unwrap();
[INFO] [stdout]     |                      ^^^^^^^^^^^^^^^^^^^^^^^^^^^^^^^^^ call to unsafe function
[INFO] [stdout]     |
[INFO] [stdout]     = note: consult the function's documentation for information on how to avoid undefined behavior
[INFO] [stdout] 
[INFO] [stdout] 
[INFO] [stdout] error[E0133]: call to unsafe function is unsafe and requires unsafe function or block
[INFO] [stdout]    --> src/lib.rs:127:15
[INFO] [stdout]     |
[INFO] [stdout] 127 |         match memconn.load_extension(libgenomicsqlite.clone(), None) {
[INFO] [stdout]     |               ^^^^^^^^^^^^^^^^^^^^^^^^^^^^^^^^^^^^^^^^^^^^^^^^^^^^^^ call to unsafe function
[INFO] [stdout]     |
[INFO] [stdout]     = note: consult the function's documentation for information on how to avoid undefined behavior
[INFO] [stdout] 
[INFO] [stdout] 
[INFO] [stdout] error[E0133]: call to unsafe function is unsafe and requires unsafe function or block
[INFO] [stdout]    --> src/lib.rs:127:15
[INFO] [stdout]     |
[INFO] [stdout] 127 |         match memconn.load_extension(libgenomicsqlite.clone(), None) {
[INFO] [stdout]     |               ^^^^^^^^^^^^^^^^^^^^^^^^^^^^^^^^^^^^^^^^^^^^^^^^^^^^^^ call to unsafe function
[INFO] [stdout]     |
[INFO] [stdout]     = note: consult the function's documentation for information on how to avoid undefined behavior
[INFO] [stdout] 
[INFO] [stdout] 
[INFO] [stdout] error: aborting due to 2 previous errors
[INFO] [stdout] 
[INFO] [stdout] 
[INFO] [stdout] For more information about this error, try `rustc --explain E0133`.
[INFO] [stdout] 
[INFO] [stderr] error: could not compile `genomicsqlite` due to 3 previous errors
[INFO] [stderr] warning: build failed, waiting for other jobs to finish...
[INFO] [stdout] error: aborting due to 2 previous errors
[INFO] [stdout] 
[INFO] [stdout] 
[INFO] [stderr] error: build failed
[INFO] [stdout] For more information about this error, try `rustc --explain E0133`.
[INFO] [stdout] 
[INFO] running `Command { std: "docker" "inspect" "f2682d5f192851287d2e2cd99c1555623c059af294ca5186e309bf7e09d058a8", kill_on_drop: false }`
[INFO] running `Command { std: "docker" "rm" "-f" "f2682d5f192851287d2e2cd99c1555623c059af294ca5186e309bf7e09d058a8", kill_on_drop: false }`
[INFO] [stdout] f2682d5f192851287d2e2cd99c1555623c059af294ca5186e309bf7e09d058a8
