[INFO] fetching crate galaxy_buds_rs 0.2.10...
[INFO] checking galaxy_buds_rs-0.2.10 against beta-2021-10-15 for beta-1.56-3
[INFO] extracting crate galaxy_buds_rs 0.2.10 into /workspace/builds/worker-2/source
[INFO] validating manifest of crates.io crate galaxy_buds_rs 0.2.10 on toolchain beta-2021-10-15
[INFO] running `Command { std: "/workspace/cargo-home/bin/cargo" "+beta-2021-10-15" "metadata" "--manifest-path" "Cargo.toml" "--no-deps", kill_on_drop: false }`
[INFO] started tweaking crates.io crate galaxy_buds_rs 0.2.10
[INFO] finished tweaking crates.io crate galaxy_buds_rs 0.2.10
[INFO] tweaked toml for crates.io crate galaxy_buds_rs 0.2.10 written to /workspace/builds/worker-2/source/Cargo.toml
[INFO] crate crates.io crate galaxy_buds_rs 0.2.10 already has a lockfile, it will not be regenerated
[INFO] running `Command { std: "/workspace/cargo-home/bin/cargo" "+beta-2021-10-15" "fetch" "--manifest-path" "Cargo.toml", kill_on_drop: false }`
[INFO] [stderr] warning: only one of `license` or `license-file` is necessary
[INFO] [stderr]     Blocking waiting for file lock on package cache
[INFO] running `Command { std: "docker" "create" "-v" "/var/lib/crater-agent-workspace/builds/worker-2/target:/opt/rustwide/target:rw,Z" "-v" "/var/lib/crater-agent-workspace/builds/worker-2/source:/opt/rustwide/workdir:ro,Z" "-v" "/var/lib/crater-agent-workspace/cargo-home:/opt/rustwide/cargo-home:ro,Z" "-v" "/var/lib/crater-agent-workspace/rustup-home:/opt/rustwide/rustup-home:ro,Z" "-e" "SOURCE_DIR=/opt/rustwide/workdir" "-e" "CARGO_TARGET_DIR=/opt/rustwide/target" "-e" "CARGO_HOME=/opt/rustwide/cargo-home" "-e" "RUSTUP_HOME=/opt/rustwide/rustup-home" "-w" "/opt/rustwide/workdir" "-m" "1610612736" "--user" "0:0" "--network" "none" "ghcr.io/rust-lang/crates-build-env/linux@sha256:a89201d6b5b9fd45c15d5952ece0a0129e7e80cb26ec023fd59cf09bc26f1604" "/opt/rustwide/cargo-home/bin/cargo" "+beta-2021-10-15" "metadata" "--no-deps" "--format-version=1", kill_on_drop: false }`
[INFO] [stdout] 55ff56f02395c244acd66bd8138d0c180ed2f2f747197e433b614041181e93aa
[INFO] [stderr] WARNING: Your kernel does not support swap limit capabilities or the cgroup is not mounted. Memory limited without swap.
[INFO] running `Command { std: "docker" "start" "-a" "55ff56f02395c244acd66bd8138d0c180ed2f2f747197e433b614041181e93aa", kill_on_drop: false }`
[INFO] running `Command { std: "docker" "inspect" "55ff56f02395c244acd66bd8138d0c180ed2f2f747197e433b614041181e93aa", kill_on_drop: false }`
[INFO] running `Command { std: "docker" "rm" "-f" "55ff56f02395c244acd66bd8138d0c180ed2f2f747197e433b614041181e93aa", kill_on_drop: false }`
[INFO] [stdout] 55ff56f02395c244acd66bd8138d0c180ed2f2f747197e433b614041181e93aa
[INFO] running `Command { std: "docker" "create" "-v" "/var/lib/crater-agent-workspace/builds/worker-2/target:/opt/rustwide/target:rw,Z" "-v" "/var/lib/crater-agent-workspace/builds/worker-2/source:/opt/rustwide/workdir:ro,Z" "-v" "/var/lib/crater-agent-workspace/cargo-home:/opt/rustwide/cargo-home:ro,Z" "-v" "/var/lib/crater-agent-workspace/rustup-home:/opt/rustwide/rustup-home:ro,Z" "-e" "SOURCE_DIR=/opt/rustwide/workdir" "-e" "CARGO_TARGET_DIR=/opt/rustwide/target" "-e" "CARGO_INCREMENTAL=0" "-e" "RUST_BACKTRACE=full" "-e" "RUSTFLAGS=--cap-lints=warn" "-e" "CARGO_HOME=/opt/rustwide/cargo-home" "-e" "RUSTUP_HOME=/opt/rustwide/rustup-home" "-w" "/opt/rustwide/workdir" "-m" "1610612736" "--user" "0:0" "--network" "none" "ghcr.io/rust-lang/crates-build-env/linux@sha256:a89201d6b5b9fd45c15d5952ece0a0129e7e80cb26ec023fd59cf09bc26f1604" "/opt/rustwide/cargo-home/bin/cargo" "+beta-2021-10-15" "check" "--frozen" "--all" "--all-targets" "--message-format=json", kill_on_drop: false }`
[INFO] [stdout] 085701264d7c8a355e4da3e72bd8f5b4c932fb3512109ec463bf621ff0a0c579
[INFO] [stderr] WARNING: Your kernel does not support swap limit capabilities or the cgroup is not mounted. Memory limited without swap.
[INFO] running `Command { std: "docker" "start" "-a" "085701264d7c8a355e4da3e72bd8f5b4c932fb3512109ec463bf621ff0a0c579", kill_on_drop: false }`
[INFO] [stderr] warning: only one of `license` or `license-file` is necessary
[INFO] [stderr]    Compiling libc v0.2.98
[INFO] [stderr]    Compiling syn v1.0.74
[INFO] [stderr]     Checking futures-io v0.3.16
[INFO] [stderr]     Checking async-channel v1.6.1
[INFO] [stderr]     Checking enum_primitive v0.1.1
[INFO] [stderr]     Checking futures-lite v1.12.0
[INFO] [stderr]     Checking blocking v1.0.2
[INFO] [stderr]     Checking async-executor v1.4.1
[INFO] [stderr]     Checking socket2 v0.4.1
[INFO] [stderr]     Checking num_cpus v1.13.0
[INFO] [stderr]     Checking net2 v0.2.37
[INFO] [stderr]     Checking iovec v0.1.4
[INFO] [stderr]     Checking nix v0.19.1
[INFO] [stderr]    Compiling ctor v0.1.20
[INFO] [stderr]     Checking value-bag v1.0.0-alpha.7
[INFO] [stderr]     Checking log v0.4.14
[INFO] [stderr]     Checking polling v2.1.0
[INFO] [stderr]     Checking kv-log-macro v1.0.7
[INFO] [stderr]     Checking mio v0.6.23
[INFO] [stderr]     Checking async-io v1.6.0
[INFO] [stderr]     Checking async-global-executor v2.0.2
[INFO] [stderr]     Checking async-std v1.9.0
[INFO] [stderr]     Checking bluetooth-serial-port-async v0.6.3
[INFO] [stderr]     Checking galaxy_buds_rs v0.2.10 (/opt/rustwide/workdir)
[INFO] [stdout] error[E0433]: failed to resolve: use of undeclared crate or module `galaxy_buds_live_rs`
[INFO] [stdout]  --> examples/find_my_buds.rs:2:5
[INFO] [stdout]   |
[INFO] [stdout] 2 | use galaxy_buds_live_rs::message::{self, Payload}; // Note: Import 'Payload' to be able to convert the message to bytes
[INFO] [stdout]   |     ^^^^^^^^^^^^^^^^^^^ use of undeclared crate or module `galaxy_buds_live_rs`
[INFO] [stdout] 
[INFO] [stdout] 
[INFO] [stdout] error[E0432]: unresolved import `galaxy_buds_live_rs`
[INFO] [stdout]  --> examples/find_my_buds.rs:2:5
[INFO] [stdout]   |
[INFO] [stdout] 2 | use galaxy_buds_live_rs::message::{self, Payload}; // Note: Import 'Payload' to be able to convert the message to bytes
[INFO] [stdout]   |     ^^^^^^^^^^^^^^^^^^^ use of undeclared crate or module `galaxy_buds_live_rs`
[INFO] [stdout] 
[INFO] [stdout] 
[INFO] [stdout] error[E0308]: mismatched types
[INFO] [stdout]   --> examples/find_my_buds.rs:12:20
[INFO] [stdout]    |
[INFO] [stdout] 12 |     socket.connect(&BtAddr::from_str(address).unwrap()).unwrap();
[INFO] [stdout]    |                    ^^^^^^^^^^^^^^^^^^^^^^^^^^^^^^^^^^^ expected struct `BtAddr`, found `&BtAddr`
[INFO] [stdout]    |
[INFO] [stdout] help: consider removing the borrow
[INFO] [stdout]    |
[INFO] [stdout] 12 -     socket.connect(&BtAddr::from_str(address).unwrap()).unwrap();
[INFO] [stdout] 12 +     socket.connect(BtAddr::from_str(address).unwrap()).unwrap();
[INFO] [stdout]    | 
[INFO] [stdout] 
[INFO] [stdout] 
[INFO] [stderr] error: could not compile `galaxy_buds_rs` due to 4 previous errors
[INFO] [stdout] error: aborting due to 3 previous errors
[INFO] [stdout] 
[INFO] [stdout] 
[INFO] [stderr] warning: build failed, waiting for other jobs to finish...
[INFO] [stdout] Some errors have detailed explanations: E0308, E0432, E0433.
[INFO] [stdout] 
[INFO] [stdout] For more information about an error, try `rustc --explain E0308`.
[INFO] [stdout] 
[INFO] [stderr] error: build failed
[INFO] running `Command { std: "docker" "inspect" "085701264d7c8a355e4da3e72bd8f5b4c932fb3512109ec463bf621ff0a0c579", kill_on_drop: false }`
[INFO] running `Command { std: "docker" "rm" "-f" "085701264d7c8a355e4da3e72bd8f5b4c932fb3512109ec463bf621ff0a0c579", kill_on_drop: false }`
[INFO] [stdout] 085701264d7c8a355e4da3e72bd8f5b4c932fb3512109ec463bf621ff0a0c579
