[INFO] fetching crate g1-cli 0.1.0-alpha.3...
[INFO] checking g1-cli-0.1.0-alpha.3 against beta-2021-10-15 for beta-1.56-3
[INFO] extracting crate g1-cli 0.1.0-alpha.3 into /workspace/builds/worker-9/source
[INFO] validating manifest of crates.io crate g1-cli 0.1.0-alpha.3 on toolchain beta-2021-10-15
[INFO] running `Command { std: "/workspace/cargo-home/bin/cargo" "+beta-2021-10-15" "metadata" "--manifest-path" "Cargo.toml" "--no-deps", kill_on_drop: false }`
[INFO] started tweaking crates.io crate g1-cli 0.1.0-alpha.3
[INFO] finished tweaking crates.io crate g1-cli 0.1.0-alpha.3
[INFO] tweaked toml for crates.io crate g1-cli 0.1.0-alpha.3 written to /workspace/builds/worker-9/source/Cargo.toml
[INFO] crate crates.io crate g1-cli 0.1.0-alpha.3 already has a lockfile, it will not be regenerated
[INFO] running `Command { std: "/workspace/cargo-home/bin/cargo" "+beta-2021-10-15" "fetch" "--manifest-path" "Cargo.toml", kill_on_drop: false }`
[INFO] [stderr]     Blocking waiting for file lock on package cache
[INFO] [stderr]     Blocking waiting for file lock on package cache
[INFO] running `Command { std: "docker" "create" "-v" "/var/lib/crater-agent-workspace/builds/worker-9/target:/opt/rustwide/target:rw,Z" "-v" "/var/lib/crater-agent-workspace/builds/worker-9/source:/opt/rustwide/workdir:ro,Z" "-v" "/var/lib/crater-agent-workspace/cargo-home:/opt/rustwide/cargo-home:ro,Z" "-v" "/var/lib/crater-agent-workspace/rustup-home:/opt/rustwide/rustup-home:ro,Z" "-e" "SOURCE_DIR=/opt/rustwide/workdir" "-e" "CARGO_TARGET_DIR=/opt/rustwide/target" "-e" "CARGO_HOME=/opt/rustwide/cargo-home" "-e" "RUSTUP_HOME=/opt/rustwide/rustup-home" "-w" "/opt/rustwide/workdir" "-m" "1610612736" "--user" "0:0" "--network" "none" "ghcr.io/rust-lang/crates-build-env/linux@sha256:a89201d6b5b9fd45c15d5952ece0a0129e7e80cb26ec023fd59cf09bc26f1604" "/opt/rustwide/cargo-home/bin/cargo" "+beta-2021-10-15" "metadata" "--no-deps" "--format-version=1", kill_on_drop: false }`
[INFO] [stdout] 3f78aa0b56f671d58b36b2633952037582e3dffde305c36ca1fdaaebeada21cb
[INFO] [stderr] WARNING: Your kernel does not support swap limit capabilities or the cgroup is not mounted. Memory limited without swap.
[INFO] running `Command { std: "docker" "start" "-a" "3f78aa0b56f671d58b36b2633952037582e3dffde305c36ca1fdaaebeada21cb", kill_on_drop: false }`
[INFO] running `Command { std: "docker" "inspect" "3f78aa0b56f671d58b36b2633952037582e3dffde305c36ca1fdaaebeada21cb", kill_on_drop: false }`
[INFO] running `Command { std: "docker" "rm" "-f" "3f78aa0b56f671d58b36b2633952037582e3dffde305c36ca1fdaaebeada21cb", kill_on_drop: false }`
[INFO] [stdout] 3f78aa0b56f671d58b36b2633952037582e3dffde305c36ca1fdaaebeada21cb
[INFO] running `Command { std: "docker" "create" "-v" "/var/lib/crater-agent-workspace/builds/worker-9/target:/opt/rustwide/target:rw,Z" "-v" "/var/lib/crater-agent-workspace/builds/worker-9/source:/opt/rustwide/workdir:ro,Z" "-v" "/var/lib/crater-agent-workspace/cargo-home:/opt/rustwide/cargo-home:ro,Z" "-v" "/var/lib/crater-agent-workspace/rustup-home:/opt/rustwide/rustup-home:ro,Z" "-e" "SOURCE_DIR=/opt/rustwide/workdir" "-e" "CARGO_TARGET_DIR=/opt/rustwide/target" "-e" "CARGO_INCREMENTAL=0" "-e" "RUST_BACKTRACE=full" "-e" "RUSTFLAGS=--cap-lints=warn" "-e" "CARGO_HOME=/opt/rustwide/cargo-home" "-e" "RUSTUP_HOME=/opt/rustwide/rustup-home" "-w" "/opt/rustwide/workdir" "-m" "1610612736" "--user" "0:0" "--network" "none" "ghcr.io/rust-lang/crates-build-env/linux@sha256:a89201d6b5b9fd45c15d5952ece0a0129e7e80cb26ec023fd59cf09bc26f1604" "/opt/rustwide/cargo-home/bin/cargo" "+beta-2021-10-15" "check" "--frozen" "--all" "--all-targets" "--message-format=json", kill_on_drop: false }`
[INFO] [stdout] e39f2843169b46846d1190cf7fccff453a8e0c303a7a185a2b1cc7375de22918
[INFO] [stderr] WARNING: Your kernel does not support swap limit capabilities or the cgroup is not mounted. Memory limited without swap.
[INFO] running `Command { std: "docker" "start" "-a" "e39f2843169b46846d1190cf7fccff453a8e0c303a7a185a2b1cc7375de22918", kill_on_drop: false }`
[INFO] [stderr]    Compiling proc-macro2 v1.0.6
[INFO] [stderr]    Compiling syn v1.0.11
[INFO] [stderr]    Compiling serde v1.0.103
[INFO] [stderr]    Compiling proc-macro2 v0.4.30
[INFO] [stderr]    Compiling log v0.4.8
[INFO] [stderr]    Compiling syn v0.15.44
[INFO] [stderr]    Compiling regex-syntax v0.6.12
[INFO] [stderr]    Compiling byte-tools v0.3.1
[INFO] [stderr]    Compiling proc-macro-nested v0.1.3
[INFO] [stderr]     Checking smallvec v1.0.0
[INFO] [stderr]    Compiling bit-vec v0.5.1
[INFO] [stderr]    Compiling fixedbitset v0.1.9
[INFO] [stderr]    Compiling new_debug_unreachable v1.0.3
[INFO] [stderr]    Compiling ordermap v0.3.5
[INFO] [stderr]    Compiling cc v1.0.48
[INFO] [stderr]     Checking futures-sink v0.3.1
[INFO] [stderr]    Compiling strsim v0.9.2
[INFO] [stderr]     Checking futures-core v0.3.1
[INFO] [stderr]    Compiling opaque-debug v0.2.3
[INFO] [stderr]    Compiling fake-simd v0.1.2
[INFO] [stderr]    Compiling either v1.5.3
[INFO] [stderr]     Checking futures-io v0.3.1
[INFO] [stderr]    Compiling diff v0.1.11
[INFO] [stderr]     Checking futures-task v0.3.1
[INFO] [stderr]    Compiling lalrpop-util v0.17.2
[INFO] [stderr]     Checking pin-utils v0.1.0-alpha.4
[INFO] [stderr]     Checking bytes v0.5.2
[INFO] [stderr]     Checking pin-project-lite v0.1.1
[INFO] [stderr]     Checking topological-sort v0.1.0
[INFO] [stderr]     Checking mime v0.3.14
[INFO] [stderr]    Compiling anyhow v1.0.25
[INFO] [stderr]     Checking paw-raw v1.0.0
[INFO] [stderr]    Compiling block-padding v0.1.5
[INFO] [stderr]     Checking unicode-normalization v0.1.11
[INFO] [stderr]    Compiling bit-set v0.5.1
[INFO] [stderr]     Checking futures-channel v0.3.1
[INFO] [stderr]    Compiling libsqlite3-sys v0.16.0
[INFO] [stderr]     Checking lock_api v0.3.2
[INFO] [stderr]    Compiling itertools v0.8.2
[INFO] [stderr]     Checking lru-cache v0.1.2
[INFO] [stderr]    Compiling petgraph v0.4.13
[INFO] [stderr]    Compiling memchr v2.2.1
[INFO] [stderr]    Compiling typenum v1.11.2
[INFO] [stderr]    Compiling byteorder v1.3.2
[INFO] [stderr]     Checking parking_lot_core v0.7.0
[INFO] [stderr]     Checking num_cpus v1.11.1
[INFO] [stderr]     Checking termios v0.3.1
[INFO] [stderr]     Checking clicolors-control v1.0.1
[INFO] [stderr]     Checking dirs v1.0.5
[INFO] [stderr]    Compiling rand_os v0.1.3
[INFO] [stderr]    Compiling atty v0.2.13
[INFO] [stderr]     Checking nix v0.14.1
[INFO] [stderr]     Checking smallvec v0.6.13
[INFO] [stderr]     Checking nom v4.2.3
[INFO] [stderr]     Checking tokio v0.2.4
[INFO] [stderr]     Checking parking_lot v0.10.0
[INFO] [stderr]    Compiling aho-corasick v0.7.6
[INFO] [stderr]    Compiling ena v0.13.1
[INFO] [stderr]     Checking block-buffer v0.7.3
[INFO] [stderr]    Compiling quote v0.6.13
[INFO] [stderr]    Compiling term v0.5.2
[INFO] [stderr]    Compiling rand v0.6.5
[INFO] [stderr]     Checking smallstr v0.1.0
[INFO] [stderr]    Compiling generic-array v0.12.3
[INFO] [stderr]    Compiling backtrace-sys v0.1.32
[INFO] [stderr]     Checking sha2 v0.8.0
[INFO] [stderr]     Checking uuid v0.8.1
[INFO] [stderr]     Checking rusqlite v0.20.0
[INFO] [stderr]    Compiling quote v1.0.2
[INFO] [stderr]    Compiling digest v0.8.1
[INFO] [stderr]    Compiling ascii-canvas v2.0.0
[INFO] [stderr]     Checking regex v1.3.1
[INFO] [stderr]    Compiling phf_generator v0.7.24
[INFO] [stderr]    Compiling string_cache_codegen v0.4.4
[INFO] [stderr]    Compiling phf_codegen v0.7.24
[INFO] [stderr]     Checking backtrace v0.3.40
[INFO] [stderr]    Compiling terminfo v0.6.1
[INFO] [stderr]    Compiling string_cache v0.7.5
[INFO] [stderr]     Checking console v0.7.7
[INFO] [stderr]    Compiling proc-macro-error v0.2.6
[INFO] [stderr]    Compiling logos-derive v0.9.7
[INFO] [stderr]    Compiling async-log-attributes v1.0.1
[INFO] [stderr]    Compiling derivative v1.0.3
[INFO] [stdout] error[E0061]: this function takes 1 argument but 2 arguments were supplied
[INFO] [stdout]     --> /opt/rustwide/cargo-home/registry/src/github.com-1ecc6299db9ec823/logos-derive-0.9.7/src/util.rs:59:31
[INFO] [stdout]      |
[INFO] [stdout] 59   |                 self.callback.insert(callback, |_| panic!("Only one callback can be defined per variant definition!"));
[INFO] [stdout]      |                               ^^^^^^ --------  ---------------------------------------------------------------------- supplied 2 arguments
[INFO] [stdout]      |                               |
[INFO] [stdout]      |                               expected 1 argument
[INFO] [stdout]      |
[INFO] [stdout] note: associated function defined here
[INFO] [stdout] 
[INFO] [stdout] 
[INFO] [stdout] error[E0061]: this function takes 1 argument but 2 arguments were supplied
[INFO] [stdout]     --> /opt/rustwide/cargo-home/registry/src/github.com-1ecc6299db9ec823/logos-derive-0.9.7/src/lib.rs:50:20
[INFO] [stdout]      |
[INFO] [stdout] 50   |             extras.insert(ext, |_| panic!("Only one #[extras] attribute can be declared."));
[INFO] [stdout]      |                    ^^^^^^ ---  ----------------------------------------------------------- supplied 2 arguments
[INFO] [stdout]      |                    |
[INFO] [stdout]      |                    expected 1 argument
[INFO] [stdout]      |
[INFO] [stdout] note: associated function defined here
[INFO] [stdout] 
[INFO] [stdout] 
[INFO] [stdout] error[E0061]: this function takes 1 argument but 2 arguments were supplied
[INFO] [stdout]     --> /opt/rustwide/cargo-home/registry/src/github.com-1ecc6299db9ec823/logos-derive-0.9.7/src/lib.rs:84:23
[INFO] [stdout]      |
[INFO] [stdout] 84   |                 error.insert(variant, |_| panic!("Only one #[error] variant can be declared."));
[INFO] [stdout]      |                       ^^^^^^ -------  -------------------------------------------------------- supplied 2 arguments
[INFO] [stdout]      |                       |
[INFO] [stdout]      |                       expected 1 argument
[INFO] [stdout]      |
[INFO] [stdout] note: associated function defined here
[INFO] [stdout] 
[INFO] [stdout] 
[INFO] [stdout] error[E0061]: this function takes 1 argument but 2 arguments were supplied
[INFO] [stdout]     --> /opt/rustwide/cargo-home/registry/src/github.com-1ecc6299db9ec823/logos-derive-0.9.7/src/lib.rs:88:21
[INFO] [stdout]      |
[INFO] [stdout] 88   |                 end.insert(variant, |_| panic!("Only one #[end] variant can be declared."));
[INFO] [stdout]      |                     ^^^^^^ -------  ------------------------------------------------------ supplied 2 arguments
[INFO] [stdout]      |                     |
[INFO] [stdout]      |                     expected 1 argument
[INFO] [stdout]      |
[INFO] [stdout] note: associated function defined here
[INFO] [stdout] 
[INFO] [stdout] 
[INFO] [stdout] error: aborting due to 4 previous errors
[INFO] [stdout] 
[INFO] [stdout] 
[INFO] [stdout] For more information about this error, try `rustc --explain E0061`.
[INFO] [stdout] 
[INFO] [stderr] error: could not compile `logos-derive` due to 5 previous errors
[INFO] [stderr] warning: build failed, waiting for other jobs to finish...
[INFO] [stderr] error: build failed
[INFO] running `Command { std: "docker" "inspect" "e39f2843169b46846d1190cf7fccff453a8e0c303a7a185a2b1cc7375de22918", kill_on_drop: false }`
[INFO] running `Command { std: "docker" "rm" "-f" "e39f2843169b46846d1190cf7fccff453a8e0c303a7a185a2b1cc7375de22918", kill_on_drop: false }`
[INFO] [stdout] e39f2843169b46846d1190cf7fccff453a8e0c303a7a185a2b1cc7375de22918
