[INFO] fetching crate futures 0.3.17...
[INFO] checking futures-0.3.17 against 1.55.0 for beta-1.56-3
[INFO] extracting crate futures 0.3.17 into /workspace/builds/worker-7/source
[INFO] validating manifest of crates.io crate futures 0.3.17 on toolchain 1.55.0
[INFO] running `Command { std: "/workspace/cargo-home/bin/cargo" "+1.55.0" "metadata" "--manifest-path" "Cargo.toml" "--no-deps", kill_on_drop: false }`
[INFO] started tweaking crates.io crate futures 0.3.17
[INFO] finished tweaking crates.io crate futures 0.3.17
[INFO] tweaked toml for crates.io crate futures 0.3.17 written to /workspace/builds/worker-7/source/Cargo.toml
[INFO] running `Command { std: "/workspace/cargo-home/bin/cargo" "+1.55.0" "generate-lockfile" "--manifest-path" "Cargo.toml" "-Zno-index-update", kill_on_drop: false }`
[INFO] running `Command { std: "/workspace/cargo-home/bin/cargo" "+1.55.0" "fetch" "--manifest-path" "Cargo.toml", kill_on_drop: false }`
[INFO] [stderr]     Blocking waiting for file lock on package cache
[INFO] running `Command { std: "docker" "create" "-v" "/var/lib/crater-agent-workspace/builds/worker-7/target:/opt/rustwide/target:rw,Z" "-v" "/var/lib/crater-agent-workspace/builds/worker-7/source:/opt/rustwide/workdir:ro,Z" "-v" "/var/lib/crater-agent-workspace/cargo-home:/opt/rustwide/cargo-home:ro,Z" "-v" "/var/lib/crater-agent-workspace/rustup-home:/opt/rustwide/rustup-home:ro,Z" "-e" "SOURCE_DIR=/opt/rustwide/workdir" "-e" "CARGO_TARGET_DIR=/opt/rustwide/target" "-e" "CARGO_HOME=/opt/rustwide/cargo-home" "-e" "RUSTUP_HOME=/opt/rustwide/rustup-home" "-w" "/opt/rustwide/workdir" "-m" "1610612736" "--user" "0:0" "--network" "none" "ghcr.io/rust-lang/crates-build-env/linux@sha256:a89201d6b5b9fd45c15d5952ece0a0129e7e80cb26ec023fd59cf09bc26f1604" "/opt/rustwide/cargo-home/bin/cargo" "+1.55.0" "metadata" "--no-deps" "--format-version=1", kill_on_drop: false }`
[INFO] [stderr] WARNING: Your kernel does not support swap limit capabilities or the cgroup is not mounted. Memory limited without swap.
[INFO] [stdout] 94afd5345b5844069fbf09e57ba4a3c7ad686610ea8fb3efa3bfd0dfa778df9d
[INFO] running `Command { std: "docker" "start" "-a" "94afd5345b5844069fbf09e57ba4a3c7ad686610ea8fb3efa3bfd0dfa778df9d", kill_on_drop: false }`
[INFO] running `Command { std: "docker" "inspect" "94afd5345b5844069fbf09e57ba4a3c7ad686610ea8fb3efa3bfd0dfa778df9d", kill_on_drop: false }`
[INFO] running `Command { std: "docker" "rm" "-f" "94afd5345b5844069fbf09e57ba4a3c7ad686610ea8fb3efa3bfd0dfa778df9d", kill_on_drop: false }`
[INFO] [stdout] 94afd5345b5844069fbf09e57ba4a3c7ad686610ea8fb3efa3bfd0dfa778df9d
[INFO] running `Command { std: "docker" "create" "-v" "/var/lib/crater-agent-workspace/builds/worker-7/target:/opt/rustwide/target:rw,Z" "-v" "/var/lib/crater-agent-workspace/builds/worker-7/source:/opt/rustwide/workdir:ro,Z" "-v" "/var/lib/crater-agent-workspace/cargo-home:/opt/rustwide/cargo-home:ro,Z" "-v" "/var/lib/crater-agent-workspace/rustup-home:/opt/rustwide/rustup-home:ro,Z" "-e" "SOURCE_DIR=/opt/rustwide/workdir" "-e" "CARGO_TARGET_DIR=/opt/rustwide/target" "-e" "CARGO_INCREMENTAL=0" "-e" "RUST_BACKTRACE=full" "-e" "RUSTFLAGS=--cap-lints=warn" "-e" "CARGO_HOME=/opt/rustwide/cargo-home" "-e" "RUSTUP_HOME=/opt/rustwide/rustup-home" "-w" "/opt/rustwide/workdir" "-m" "1610612736" "--user" "0:0" "--network" "none" "ghcr.io/rust-lang/crates-build-env/linux@sha256:a89201d6b5b9fd45c15d5952ece0a0129e7e80cb26ec023fd59cf09bc26f1604" "/opt/rustwide/cargo-home/bin/cargo" "+1.55.0" "check" "--frozen" "--all" "--all-targets" "--message-format=json", kill_on_drop: false }`
[INFO] [stdout] 1791defc27494e4ea814f2b5fe4432ec8b6374595182617773c8371f57e481aa
[INFO] [stderr] WARNING: Your kernel does not support swap limit capabilities or the cgroup is not mounted. Memory limited without swap.
[INFO] running `Command { std: "docker" "start" "-a" "1791defc27494e4ea814f2b5fe4432ec8b6374595182617773c8371f57e481aa", kill_on_drop: false }`
[INFO] [stderr]     Checking tokio-io v0.1.13
[INFO] [stderr]     Checking mio-uds v0.6.8
[INFO] [stderr]    Compiling pin-project-internal v1.0.8
[INFO] [stderr]     Checking futures v0.3.17 (/opt/rustwide/workdir)
[INFO] [stderr]     Checking tokio-reactor v0.1.12
[INFO] [stderr]     Checking tokio-codec v0.1.2
[INFO] [stderr]     Checking tokio-fs v0.1.7
[INFO] [stderr]     Checking tokio-udp v0.1.6
[INFO] [stderr]     Checking tokio-uds v0.2.7
[INFO] [stderr]     Checking tokio-tcp v0.1.4
[INFO] [stderr]     Checking tokio v0.1.22
[INFO] [stderr]     Checking pin-project v1.0.8
[INFO] [stdout] error[E0433]: failed to resolve: use of undeclared crate or module `futures_test`
[INFO] [stdout]  --> tests/stream_futures_ordered.rs:5:5
[INFO] [stdout]   |
[INFO] [stdout] 5 | use futures_test::task::noop_context;
[INFO] [stdout]   |     ^^^^^^^^^^^^ use of undeclared crate or module `futures_test`
[INFO] [stdout] 
[INFO] [stdout] 
[INFO] [stdout] error: `futures` tests must have all stable features activated: use `--all-features` or `--features default,thread-pool,io-compat`
[INFO] [stdout]   --> tests/_require_features.rs:10:1
[INFO] [stdout]    |
[INFO] [stdout] 10 | / compile_error!(
[INFO] [stdout] 11 | |     "`futures` tests must have all stable features activated: \
[INFO] [stdout] 12 | |     use `--all-features` or `--features default,thread-pool,io-compat`"
[INFO] [stdout] 13 | | );
[INFO] [stdout]    | |__^
[INFO] [stdout] 
[INFO] [stdout] 
[INFO] [stdout] error: aborting due to previous error
[INFO] [stdout] 
[INFO] [stdout] 
[INFO] [stdout] error[E0433]: failed to resolve: use of undeclared crate or module `futures_test`
[INFO] [stdout]  --> tests/io_read_to_string.rs:6:5
[INFO] [stdout]   |
[INFO] [stdout] 6 | use futures_test::io::AsyncReadTestExt;
[INFO] [stdout]   |     ^^^^^^^^^^^^ use of undeclared crate or module `futures_test`
[INFO] [stdout] 
[INFO] [stdout] 
[INFO] [stdout] error[E0433]: failed to resolve: use of undeclared crate or module `futures_test`
[INFO] [stdout]  --> tests/io_read_to_string.rs:7:5
[INFO] [stdout]   |
[INFO] [stdout] 7 | use futures_test::task::noop_context;
[INFO] [stdout]   |     ^^^^^^^^^^^^ use of undeclared crate or module `futures_test`
[INFO] [stdout] 
[INFO] [stdout] 
[INFO] [stderr] error: could not compile `futures` due to 2 previous errors
[INFO] [stderr] warning: build failed, waiting for other jobs to finish...
[INFO] [stdout] error[E0433]: failed to resolve: use of undeclared crate or module `futures_test`
[INFO] [stdout]  --> tests/io_lines.rs:6:5
[INFO] [stdout]   |
[INFO] [stdout] 6 | use futures_test::io::AsyncReadTestExt;
[INFO] [stdout]   |     ^^^^^^^^^^^^ use of undeclared crate or module `futures_test`
[INFO] [stdout] 
[INFO] [stdout] 
[INFO] [stdout] error[E0433]: failed to resolve: use of undeclared crate or module `futures_test`
[INFO] [stdout]  --> tests/io_lines.rs:7:5
[INFO] [stdout]   |
[INFO] [stdout] 7 | use futures_test::task::noop_context;
[INFO] [stdout]   |     ^^^^^^^^^^^^ use of undeclared crate or module `futures_test`
[INFO] [stdout] 
[INFO] [stdout] 
[INFO] [stdout] error[E0425]: cannot find function `noop_context` in this scope
[INFO] [stdout]   --> tests/io_read_to_string.rs:29:22
[INFO] [stdout]    |
[INFO] [stdout] 29 |         let mut cx = noop_context();
[INFO] [stdout]    |                      ^^^^^^^^^^^^ not found in this scope
[INFO] [stdout] 
[INFO] [stdout] 
[INFO] [stdout] error[E0433]: failed to resolve: use of undeclared crate or module `futures_test`
[INFO] [stdout]  --> tests/stream_select_next_some.rs:6:5
[INFO] [stdout]   |
[INFO] [stdout] 6 | use futures_test::future::FutureTestExt;
[INFO] [stdout]   |     ^^^^^^^^^^^^ use of undeclared crate or module `futures_test`
[INFO] [stdout] 
[INFO] [stdout] 
[INFO] [stdout] error[E0433]: failed to resolve: use of undeclared crate or module `futures_test`
[INFO] [stdout]  --> tests/stream_select_next_some.rs:7:5
[INFO] [stdout]   |
[INFO] [stdout] 7 | use futures_test::task::new_count_waker;
[INFO] [stdout]   |     ^^^^^^^^^^^^ use of undeclared crate or module `futures_test`
[INFO] [stdout] 
[INFO] [stdout] 
[INFO] [stdout] error[E0433]: failed to resolve: use of undeclared crate or module `futures_test`
[INFO] [stdout]  --> tests/stream_select_all.rs:6:5
[INFO] [stdout]   |
[INFO] [stdout] 6 | use futures_test::task::noop_context;
[INFO] [stdout]   |     ^^^^^^^^^^^^ use of undeclared crate or module `futures_test`
[INFO] [stdout] 
[INFO] [stdout] 
[INFO] [stdout] error[E0425]: cannot find function `noop_context` in this scope
[INFO] [stdout]   --> tests/stream_futures_ordered.rs:17:41
[INFO] [stdout]    |
[INFO] [stdout] 17 |     assert!(stream.poll_next_unpin(&mut noop_context()).is_pending());
[INFO] [stdout]    |                                         ^^^^^^^^^^^^ not found in this scope
[INFO] [stdout] 
[INFO] [stdout] 
[INFO] [stdout] error[E0425]: cannot find function `noop_context` in this scope
[INFO] [stdout]   --> tests/stream_futures_ordered.rs:39:18
[INFO] [stdout]    |
[INFO] [stdout] 39 |     let mut cx = noop_context();
[INFO] [stdout]    |                  ^^^^^^^^^^^^ not found in this scope
[INFO] [stdout] 
[INFO] [stdout] 
[INFO] [stdout] error[E0425]: cannot find function `noop_context` in this scope
[INFO] [stdout]   --> tests/stream_futures_ordered.rs:74:19
[INFO] [stdout]    |
[INFO] [stdout] 74 |     let cx = &mut noop_context();
[INFO] [stdout]    |                   ^^^^^^^^^^^^ not found in this scope
[INFO] [stdout] 
[INFO] [stdout] 
[INFO] [stdout] error[E0425]: cannot find function `noop_context` in this scope
[INFO] [stdout]   --> tests/io_lines.rs:10:18
[INFO] [stdout]    |
[INFO] [stdout] 10 |     let mut cx = noop_context();
[INFO] [stdout]    |                  ^^^^^^^^^^^^ not found in this scope
[INFO] [stdout] 
[INFO] [stdout] 
[INFO] [stdout] error: aborting due to 4 previous errors
[INFO] [stdout] 
[INFO] [stdout] 
[INFO] [stdout] Some errors have detailed explanations: E0425, E0433.
[INFO] [stdout] 
[INFO] [stdout] For more information about an error, try `rustc --explain E0425`.
[INFO] [stdout] 
[INFO] [stdout] error[E0425]: cannot find function `new_count_waker` in this scope
[INFO] [stdout]   --> tests/stream_select_next_some.rs:11:28
[INFO] [stdout]    |
[INFO] [stdout] 11 |     let (waker, counter) = new_count_waker();
[INFO] [stdout]    |                            ^^^^^^^^^^^^^^^ not found in this scope
[INFO] [stdout] 
[INFO] [stdout] 
[INFO] [stdout] error[E0425]: cannot find function `noop_context` in this scope
[INFO] [stdout]   --> tests/stream_select_all.rs:10:18
[INFO] [stdout]    |
[INFO] [stdout] 10 |     let mut cx = noop_context();
[INFO] [stdout]    |                  ^^^^^^^^^^^^ not found in this scope
[INFO] [stdout] 
[INFO] [stdout] 
[INFO] [stdout] error[E0433]: failed to resolve: use of undeclared crate or module `futures_test`
[INFO] [stdout]  --> tests/stream_into_async_read.rs:5:5
[INFO] [stdout]   |
[INFO] [stdout] 5 | use futures_test::{stream::StreamTestExt, task::noop_context};
[INFO] [stdout]   |     ^^^^^^^^^^^^ use of undeclared crate or module `futures_test`
[INFO] [stdout] 
[INFO] [stdout] 
[INFO] [stdout] error[E0599]: no method named `interleave_pending` found for struct `IntoAsyncRead` in the current scope
[INFO] [stdout]   --> tests/io_lines.rs:47:78
[INFO] [stdout]    |
[INFO] [stdout] 47 |         stream::iter(vec![&b"12"[..], &b"\r"[..]]).map(Ok).into_async_read().interleave_pending();
[INFO] [stdout]    |                                                                              ^^^^^^^^^^^^^^^^^^ method not found in `IntoAsyncRead<futures::stream::Map<futures::stream::Iter<std::vec::IntoIter<&[u8]>>, fn(&[u8]) -> Result<&[u8], std::io::Error> {Result::<&[u8], std::io::Error>::Ok}>>`
[INFO] [stdout] 
[INFO] [stdout] 
[INFO] [stdout] error[E0599]: no method named `interleave_pending` found for struct `IntoAsyncRead` in the current scope
[INFO] [stdout]   --> tests/io_lines.rs:55:10
[INFO] [stdout]    |
[INFO] [stdout] 55 |         .interleave_pending();
[INFO] [stdout]    |          ^^^^^^^^^^^^^^^^^^ method not found in `IntoAsyncRead<futures::stream::Map<futures::stream::Iter<std::vec::IntoIter<&[u8]>>, fn(&[u8]) -> Result<&[u8], std::io::Error> {Result::<&[u8], std::io::Error>::Ok}>>`
[INFO] [stdout] 
[INFO] [stdout] 
[INFO] [stdout] error[E0599]: no method named `interleave_pending` found for struct `IntoAsyncRead` in the current scope
[INFO] [stdout]   --> tests/io_read_to_string.rs:39:10
[INFO] [stdout]    |
[INFO] [stdout] 39 |         .interleave_pending();
[INFO] [stdout]    |          ^^^^^^^^^^^^^^^^^^ method not found in `IntoAsyncRead<futures::stream::Map<futures::stream::Iter<std::vec::IntoIter<&[u8]>>, fn(&[u8]) -> Result<&[u8], std::io::Error> {Result::<&[u8], std::io::Error>::Ok}>>`
[INFO] [stdout] 
[INFO] [stdout] 
[INFO] [stdout] error: aborting due to 5 previous errors
[INFO] [stdout] 
[INFO] [stdout] 
[INFO] [stdout] Some errors have detailed explanations: E0425, E0433, E0599.
[INFO] [stdout] 
[INFO] [stdout] For more information about an error, try `rustc --explain E0425`.
[INFO] [stdout] 
[INFO] [stdout] error: aborting due to 4 previous errors
[INFO] [stdout] 
[INFO] [stdout] 
[INFO] [stdout] Some errors have detailed explanations: E0425, E0433, E0599.
[INFO] [stdout] 
[INFO] [stdout] For more information about an error, try `rustc --explain E0425`.
[INFO] [stdout] 
[INFO] [stdout] error: aborting due to 2 previous errors
[INFO] [stdout] 
[INFO] [stdout] 
[INFO] [stdout] Some errors have detailed explanations: E0425, E0433.
[INFO] [stdout] 
[INFO] [stdout] For more information about an error, try `rustc --explain E0425`.
[INFO] [stdout] 
[INFO] [stdout] error[E0425]: cannot find function `noop_context` in this scope
[INFO] [stdout]   --> tests/stream_into_async_read.rs:9:22
[INFO] [stdout]    |
[INFO] [stdout] 9  |         let mut cx = noop_context();
[INFO] [stdout]    |                      ^^^^^^^^^^^^ not found in this scope
[INFO] [stdout] ...
[INFO] [stdout] 53 |     assert_read!(reader, &mut buf, 3);
[INFO] [stdout]    |     ---------------------------------- in this macro invocation
[INFO] [stdout]    |
[INFO] [stdout]    = note: this error originates in the macro `assert_read` (in Nightly builds, run with -Z macro-backtrace for more info)
[INFO] [stdout] 
[INFO] [stdout] 
[INFO] [stdout] error[E0425]: cannot find function `noop_context` in this scope
[INFO] [stdout]   --> tests/stream_into_async_read.rs:9:22
[INFO] [stdout]    |
[INFO] [stdout] 9  |         let mut cx = noop_context();
[INFO] [stdout]    |                      ^^^^^^^^^^^^ not found in this scope
[INFO] [stdout] ...
[INFO] [stdout] 56 |     assert_read!(reader, &mut buf, 2);
[INFO] [stdout]    |     ---------------------------------- in this macro invocation
[INFO] [stdout]    |
[INFO] [stdout]    = note: this error originates in the macro `assert_read` (in Nightly builds, run with -Z macro-backtrace for more info)
[INFO] [stdout] 
[INFO] [stdout] 
[INFO] [stdout] error[E0425]: cannot find function `noop_context` in this scope
[INFO] [stdout]   --> tests/stream_into_async_read.rs:9:22
[INFO] [stdout]    |
[INFO] [stdout] 9  |         let mut cx = noop_context();
[INFO] [stdout]    |                      ^^^^^^^^^^^^ not found in this scope
[INFO] [stdout] ...
[INFO] [stdout] 59 |     assert_read!(reader, &mut buf, 3);
[INFO] [stdout]    |     ---------------------------------- in this macro invocation
[INFO] [stdout]    |
[INFO] [stdout]    = note: this error originates in the macro `assert_read` (in Nightly builds, run with -Z macro-backtrace for more info)
[INFO] [stdout] 
[INFO] [stdout] 
[INFO] [stdout] error[E0425]: cannot find function `noop_context` in this scope
[INFO] [stdout]   --> tests/stream_into_async_read.rs:9:22
[INFO] [stdout]    |
[INFO] [stdout] 9  |         let mut cx = noop_context();
[INFO] [stdout]    |                      ^^^^^^^^^^^^ not found in this scope
[INFO] [stdout] ...
[INFO] [stdout] 62 |     assert_read!(reader, &mut buf, 2);
[INFO] [stdout]    |     ---------------------------------- in this macro invocation
[INFO] [stdout]    |
[INFO] [stdout]    = note: this error originates in the macro `assert_read` (in Nightly builds, run with -Z macro-backtrace for more info)
[INFO] [stdout] 
[INFO] [stdout] 
[INFO] [stdout] error[E0425]: cannot find function `noop_context` in this scope
[INFO] [stdout]   --> tests/stream_into_async_read.rs:9:22
[INFO] [stdout]    |
[INFO] [stdout] 9  |         let mut cx = noop_context();
[INFO] [stdout]    |                      ^^^^^^^^^^^^ not found in this scope
[INFO] [stdout] ...
[INFO] [stdout] 65 |     assert_read!(reader, &mut buf, 3);
[INFO] [stdout]    |     ---------------------------------- in this macro invocation
[INFO] [stdout]    |
[INFO] [stdout]    = note: this error originates in the macro `assert_read` (in Nightly builds, run with -Z macro-backtrace for more info)
[INFO] [stdout] 
[INFO] [stdout] 
[INFO] [stdout] error[E0425]: cannot find function `noop_context` in this scope
[INFO] [stdout]   --> tests/stream_into_async_read.rs:9:22
[INFO] [stdout]    |
[INFO] [stdout] 9  |         let mut cx = noop_context();
[INFO] [stdout]    |                      ^^^^^^^^^^^^ not found in this scope
[INFO] [stdout] ...
[INFO] [stdout] 68 |     assert_read!(reader, &mut buf, 2);
[INFO] [stdout]    |     ---------------------------------- in this macro invocation
[INFO] [stdout]    |
[INFO] [stdout]    = note: this error originates in the macro `assert_read` (in Nightly builds, run with -Z macro-backtrace for more info)
[INFO] [stdout] 
[INFO] [stdout] 
[INFO] [stdout] error[E0425]: cannot find function `noop_context` in this scope
[INFO] [stdout]   --> tests/stream_into_async_read.rs:9:22
[INFO] [stdout]    |
[INFO] [stdout] 9  |         let mut cx = noop_context();
[INFO] [stdout]    |                      ^^^^^^^^^^^^ not found in this scope
[INFO] [stdout] ...
[INFO] [stdout] 71 |     assert_read!(reader, &mut buf, 0);
[INFO] [stdout]    |     ---------------------------------- in this macro invocation
[INFO] [stdout]    |
[INFO] [stdout]    = note: this error originates in the macro `assert_read` (in Nightly builds, run with -Z macro-backtrace for more info)
[INFO] [stdout] 
[INFO] [stdout] 
[INFO] [stdout] error[E0425]: cannot find function `noop_context` in this scope
[INFO] [stdout]   --> tests/stream_into_async_read.rs:29:22
[INFO] [stdout]    |
[INFO] [stdout] 29 |         let mut cx = noop_context();
[INFO] [stdout]    |                      ^^^^^^^^^^^^ not found in this scope
[INFO] [stdout] ...
[INFO] [stdout] 81 |     assert_fill_buf!(reader, &[1, 2, 3, 4, 5][..]);
[INFO] [stdout]    |     ----------------------------------------------- in this macro invocation
[INFO] [stdout]    |
[INFO] [stdout]    = note: this error originates in the macro `assert_fill_buf` (in Nightly builds, run with -Z macro-backtrace for more info)
[INFO] [stdout] 
[INFO] [stdout] 
[INFO] [stdout] error[E0425]: cannot find function `noop_context` in this scope
[INFO] [stdout]   --> tests/stream_into_async_read.rs:29:22
[INFO] [stdout]    |
[INFO] [stdout] 29 |         let mut cx = noop_context();
[INFO] [stdout]    |                      ^^^^^^^^^^^^ not found in this scope
[INFO] [stdout] ...
[INFO] [stdout] 84 |     assert_fill_buf!(reader, &[4, 5][..]);
[INFO] [stdout]    |     -------------------------------------- in this macro invocation
[INFO] [stdout]    |
[INFO] [stdout]    = note: this error originates in the macro `assert_fill_buf` (in Nightly builds, run with -Z macro-backtrace for more info)
[INFO] [stdout] 
[INFO] [stdout] 
[INFO] [stdout] error[E0425]: cannot find function `noop_context` in this scope
[INFO] [stdout]   --> tests/stream_into_async_read.rs:29:22
[INFO] [stdout]    |
[INFO] [stdout] 29 |         let mut cx = noop_context();
[INFO] [stdout]    |                      ^^^^^^^^^^^^ not found in this scope
[INFO] [stdout] ...
[INFO] [stdout] 87 |     assert_fill_buf!(reader, &[1, 2, 3, 4, 5][..]);
[INFO] [stdout]    |     ----------------------------------------------- in this macro invocation
[INFO] [stdout]    |
[INFO] [stdout]    = note: this error originates in the macro `assert_fill_buf` (in Nightly builds, run with -Z macro-backtrace for more info)
[INFO] [stdout] 
[INFO] [stdout] 
[INFO] [stdout] error[E0425]: cannot find function `noop_context` in this scope
[INFO] [stdout]   --> tests/stream_into_async_read.rs:29:22
[INFO] [stdout]    |
[INFO] [stdout] 29 |         let mut cx = noop_context();
[INFO] [stdout]    |                      ^^^^^^^^^^^^ not found in this scope
[INFO] [stdout] ...
[INFO] [stdout] 90 |     assert_fill_buf!(reader, &[3, 4, 5][..]);
[INFO] [stdout]    |     ----------------------------------------- in this macro invocation
[INFO] [stdout]    |
[INFO] [stdout]    = note: this error originates in the macro `assert_fill_buf` (in Nightly builds, run with -Z macro-backtrace for more info)
[INFO] [stdout] 
[INFO] [stdout] 
[INFO] [stdout] error[E0425]: cannot find function `noop_context` in this scope
[INFO] [stdout]   --> tests/stream_into_async_read.rs:29:22
[INFO] [stdout]    |
[INFO] [stdout] 29 |         let mut cx = noop_context();
[INFO] [stdout]    |                      ^^^^^^^^^^^^ not found in this scope
[INFO] [stdout] ...
[INFO] [stdout] 93 |     assert_fill_buf!(reader, &[][..]);
[INFO] [stdout]    |     ---------------------------------- in this macro invocation
[INFO] [stdout]    |
[INFO] [stdout]    = note: this error originates in the macro `assert_fill_buf` (in Nightly builds, run with -Z macro-backtrace for more info)
[INFO] [stdout] 
[INFO] [stdout] 
[INFO] [stdout] error[E0599]: no method named `pending_once` found for struct `futures::future::Ready` in the current scope
[INFO] [stdout]   --> tests/stream_select_next_some.rs:40:40
[INFO] [stdout]    |
[INFO] [stdout] 40 |         let mut fut = future::ready(1).pending_once();
[INFO] [stdout]    |                                        ^^^^^^^^^^^^ method not found in `futures::future::Ready<{integer}>`
[INFO] [stdout] 
[INFO] [stdout] 
[INFO] [stdout] error[E0599]: no method named `pending_once` found for struct `futures::future::Ready` in the current scope
[INFO] [stdout]   --> tests/stream_select_next_some.rs:69:40
[INFO] [stdout]    |
[INFO] [stdout] 69 |         let mut fut = future::ready(1).pending_once();
[INFO] [stdout]    |                                        ^^^^^^^^^^^^ method not found in `futures::future::Ready<{integer}>`
[INFO] [stdout] 
[INFO] [stdout] 
[INFO] [stdout] error: aborting due to 5 previous errors
[INFO] [stdout] 
[INFO] [stdout] 
[INFO] [stdout] Some errors have detailed explanations: E0425, E0433, E0599.
[INFO] [stdout] 
[INFO] [stdout] For more information about an error, try `rustc --explain E0425`.
[INFO] [stdout] 
[INFO] [stdout] error[E0599]: no method named `interleave_pending` found for struct `futures::stream::Iter` in the current scope
[INFO] [stdout]   --> tests/stream_into_async_read.rs:50:29
[INFO] [stdout]    |
[INFO] [stdout] 50 |     let mut reader = stream.interleave_pending().into_async_read();
[INFO] [stdout]    |                             ^^^^^^^^^^^^^^^^^^ method not found in `futures::stream::Iter<std::iter::FlatMap<RangeInclusive<{integer}>, Vec<Result<Vec<{integer}>, _>>, [closure@tests/stream_into_async_read.rs:49:48: 49:93]>>`
[INFO] [stdout] 
[INFO] [stdout] 
[INFO] [stdout] error[E0599]: no method named `poll_read` found for struct `Pin<&mut _>` in the current scope
[INFO] [stdout]   --> tests/stream_into_async_read.rs:11:42
[INFO] [stdout]    |
[INFO] [stdout] 11 |             match Pin::new(&mut $reader).poll_read(&mut cx, $buf) {
[INFO] [stdout]    |                                          ^^^^^^^^^ method not found in `Pin<&mut _>`
[INFO] [stdout] ...
[INFO] [stdout] 53 |     assert_read!(reader, &mut buf, 3);
[INFO] [stdout]    |     ---------------------------------- in this macro invocation
[INFO] [stdout]    |
[INFO] [stdout]    = note: `Pin::new(&mut $reader)` is a function, perhaps you wish to call it
[INFO] [stdout]    = note: this error originates in the macro `assert_read` (in Nightly builds, run with -Z macro-backtrace for more info)
[INFO] [stdout] 
[INFO] [stdout] 
[INFO] [stdout] error[E0599]: no method named `poll_read` found for struct `Pin<&mut _>` in the current scope
[INFO] [stdout]   --> tests/stream_into_async_read.rs:11:42
[INFO] [stdout]    |
[INFO] [stdout] 11 |             match Pin::new(&mut $reader).poll_read(&mut cx, $buf) {
[INFO] [stdout]    |                                          ^^^^^^^^^ method not found in `Pin<&mut _>`
[INFO] [stdout] ...
[INFO] [stdout] 56 |     assert_read!(reader, &mut buf, 2);
[INFO] [stdout]    |     ---------------------------------- in this macro invocation
[INFO] [stdout]    |
[INFO] [stdout]    = note: `Pin::new(&mut $reader)` is a function, perhaps you wish to call it
[INFO] [stdout]    = note: this error originates in the macro `assert_read` (in Nightly builds, run with -Z macro-backtrace for more info)
[INFO] [stdout] 
[INFO] [stdout] 
[INFO] [stdout] error[E0599]: no method named `poll_read` found for struct `Pin<&mut _>` in the current scope
[INFO] [stdout]   --> tests/stream_into_async_read.rs:11:42
[INFO] [stdout]    |
[INFO] [stdout] 11 |             match Pin::new(&mut $reader).poll_read(&mut cx, $buf) {
[INFO] [stdout]    |                                          ^^^^^^^^^ method not found in `Pin<&mut _>`
[INFO] [stdout] ...
[INFO] [stdout] 59 |     assert_read!(reader, &mut buf, 3);
[INFO] [stdout]    |     ---------------------------------- in this macro invocation
[INFO] [stdout]    |
[INFO] [stdout]    = note: `Pin::new(&mut $reader)` is a function, perhaps you wish to call it
[INFO] [stdout]    = note: this error originates in the macro `assert_read` (in Nightly builds, run with -Z macro-backtrace for more info)
[INFO] [stdout] 
[INFO] [stdout] 
[INFO] [stdout] error[E0599]: no method named `poll_read` found for struct `Pin<&mut _>` in the current scope
[INFO] [stdout]   --> tests/stream_into_async_read.rs:11:42
[INFO] [stdout]    |
[INFO] [stdout] 11 |             match Pin::new(&mut $reader).poll_read(&mut cx, $buf) {
[INFO] [stdout]    |                                          ^^^^^^^^^ method not found in `Pin<&mut _>`
[INFO] [stdout] ...
[INFO] [stdout] 62 |     assert_read!(reader, &mut buf, 2);
[INFO] [stdout]    |     ---------------------------------- in this macro invocation
[INFO] [stdout]    |
[INFO] [stdout]    = note: `Pin::new(&mut $reader)` is a function, perhaps you wish to call it
[INFO] [stdout]    = note: this error originates in the macro `assert_read` (in Nightly builds, run with -Z macro-backtrace for more info)
[INFO] [stdout] 
[INFO] [stdout] 
[INFO] [stdout] error[E0599]: no method named `poll_read` found for struct `Pin<&mut _>` in the current scope
[INFO] [stdout]   --> tests/stream_into_async_read.rs:11:42
[INFO] [stdout]    |
[INFO] [stdout] 11 |             match Pin::new(&mut $reader).poll_read(&mut cx, $buf) {
[INFO] [stdout]    |                                          ^^^^^^^^^ method not found in `Pin<&mut _>`
[INFO] [stdout] ...
[INFO] [stdout] 65 |     assert_read!(reader, &mut buf, 3);
[INFO] [stdout]    |     ---------------------------------- in this macro invocation
[INFO] [stdout]    |
[INFO] [stdout]    = note: `Pin::new(&mut $reader)` is a function, perhaps you wish to call it
[INFO] [stdout]    = note: this error originates in the macro `assert_read` (in Nightly builds, run with -Z macro-backtrace for more info)
[INFO] [stdout] 
[INFO] [stdout] 
[INFO] [stdout] error[E0599]: no method named `poll_read` found for struct `Pin<&mut _>` in the current scope
[INFO] [stdout]   --> tests/stream_into_async_read.rs:11:42
[INFO] [stdout]    |
[INFO] [stdout] 11 |             match Pin::new(&mut $reader).poll_read(&mut cx, $buf) {
[INFO] [stdout]    |                                          ^^^^^^^^^ method not found in `Pin<&mut _>`
[INFO] [stdout] ...
[INFO] [stdout] 68 |     assert_read!(reader, &mut buf, 2);
[INFO] [stdout]    |     ---------------------------------- in this macro invocation
[INFO] [stdout]    |
[INFO] [stdout]    = note: `Pin::new(&mut $reader)` is a function, perhaps you wish to call it
[INFO] [stdout]    = note: this error originates in the macro `assert_read` (in Nightly builds, run with -Z macro-backtrace for more info)
[INFO] [stdout] 
[INFO] [stdout] 
[INFO] [stdout] error[E0599]: no method named `poll_read` found for struct `Pin<&mut _>` in the current scope
[INFO] [stdout]   --> tests/stream_into_async_read.rs:11:42
[INFO] [stdout]    |
[INFO] [stdout] 11 |             match Pin::new(&mut $reader).poll_read(&mut cx, $buf) {
[INFO] [stdout]    |                                          ^^^^^^^^^ method not found in `Pin<&mut _>`
[INFO] [stdout] ...
[INFO] [stdout] 71 |     assert_read!(reader, &mut buf, 0);
[INFO] [stdout]    |     ---------------------------------- in this macro invocation
[INFO] [stdout]    |
[INFO] [stdout]    = note: `Pin::new(&mut $reader)` is a function, perhaps you wish to call it
[INFO] [stdout]    = note: this error originates in the macro `assert_read` (in Nightly builds, run with -Z macro-backtrace for more info)
[INFO] [stdout] 
[INFO] [stdout] 
[INFO] [stdout] error[E0599]: no method named `interleave_pending` found for struct `futures::stream::Iter` in the current scope
[INFO] [stdout]   --> tests/stream_into_async_read.rs:77:29
[INFO] [stdout]    |
[INFO] [stdout] 77 |     let mut reader = stream.interleave_pending().into_async_read();
[INFO] [stdout]    |                             ^^^^^^^^^^^^^^^^^^ method not found in `futures::stream::Iter<std::iter::FlatMap<RangeInclusive<{integer}>, Vec<Result<Vec<{integer}>, _>>, [closure@tests/stream_into_async_read.rs:76:48: 76:93]>>`
[INFO] [stdout] 
[INFO] [stdout] 
[INFO] [stdout] error[E0599]: no method named `poll_fill_buf` found for struct `Pin<&mut Pin<&mut _>>` in the current scope
[INFO] [stdout]   --> tests/stream_into_async_read.rs:31:42
[INFO] [stdout]    |
[INFO] [stdout] 31 |             match Pin::new(&mut $reader).poll_fill_buf(&mut cx) {
[INFO] [stdout]    |                                          ^^^^^^^^^^^^^ method not found in `Pin<&mut Pin<&mut _>>`
[INFO] [stdout] ...
[INFO] [stdout] 81 |     assert_fill_buf!(reader, &[1, 2, 3, 4, 5][..]);
[INFO] [stdout]    |     ----------------------------------------------- in this macro invocation
[INFO] [stdout]    |
[INFO] [stdout]    = note: `Pin::new(&mut $reader)` is a function, perhaps you wish to call it
[INFO] [stdout]    = note: this error originates in the macro `assert_fill_buf` (in Nightly builds, run with -Z macro-backtrace for more info)
[INFO] [stdout] 
[INFO] [stdout] 
[INFO] [stdout] error[E0599]: no method named `as_mut` found for struct `Pin<&mut _>` in the current scope
[INFO] [stdout]   --> tests/stream_into_async_read.rs:82:12
[INFO] [stdout]    |
[INFO] [stdout] 82 |     reader.as_mut().consume(3);
[INFO] [stdout]    |            ^^^^^^ method not found in `Pin<&mut _>`
[INFO] [stdout]    |
[INFO] [stdout]    = note: the method was found for
[INFO] [stdout]            - `Pin<P>`
[INFO] [stdout]    = note: `reader` is a function, perhaps you wish to call it
[INFO] [stdout] 
[INFO] [stdout] 
[INFO] [stdout] error[E0599]: no method named `poll_fill_buf` found for struct `Pin<&mut Pin<&mut _>>` in the current scope
[INFO] [stdout]   --> tests/stream_into_async_read.rs:31:42
[INFO] [stdout]    |
[INFO] [stdout] 31 |             match Pin::new(&mut $reader).poll_fill_buf(&mut cx) {
[INFO] [stdout]    |                                          ^^^^^^^^^^^^^ method not found in `Pin<&mut Pin<&mut _>>`
[INFO] [stdout] ...
[INFO] [stdout] 84 |     assert_fill_buf!(reader, &[4, 5][..]);
[INFO] [stdout]    |     -------------------------------------- in this macro invocation
[INFO] [stdout]    |
[INFO] [stdout]    = note: `Pin::new(&mut $reader)` is a function, perhaps you wish to call it
[INFO] [stdout]    = note: this error originates in the macro `assert_fill_buf` (in Nightly builds, run with -Z macro-backtrace for more info)
[INFO] [stdout] 
[INFO] [stdout] 
[INFO] [stdout] error[E0599]: no method named `as_mut` found for struct `Pin<&mut _>` in the current scope
[INFO] [stdout]   --> tests/stream_into_async_read.rs:85:12
[INFO] [stdout]    |
[INFO] [stdout] 85 |     reader.as_mut().consume(2);
[INFO] [stdout]    |            ^^^^^^ method not found in `Pin<&mut _>`
[INFO] [stdout]    |
[INFO] [stdout]    = note: the method was found for
[INFO] [stdout]            - `Pin<P>`
[INFO] [stdout]    = note: `reader` is a function, perhaps you wish to call it
[INFO] [stdout] 
[INFO] [stdout] 
[INFO] [stdout] error[E0599]: no method named `poll_fill_buf` found for struct `Pin<&mut Pin<&mut _>>` in the current scope
[INFO] [stdout]   --> tests/stream_into_async_read.rs:31:42
[INFO] [stdout]    |
[INFO] [stdout] 31 |             match Pin::new(&mut $reader).poll_fill_buf(&mut cx) {
[INFO] [stdout]    |                                          ^^^^^^^^^^^^^ method not found in `Pin<&mut Pin<&mut _>>`
[INFO] [stdout] ...
[INFO] [stdout] 87 |     assert_fill_buf!(reader, &[1, 2, 3, 4, 5][..]);
[INFO] [stdout]    |     ----------------------------------------------- in this macro invocation
[INFO] [stdout]    |
[INFO] [stdout]    = note: `Pin::new(&mut $reader)` is a function, perhaps you wish to call it
[INFO] [stdout]    = note: this error originates in the macro `assert_fill_buf` (in Nightly builds, run with -Z macro-backtrace for more info)
[INFO] [stdout] 
[INFO] [stdout] 
[INFO] [stdout] error[E0599]: no method named `as_mut` found for struct `Pin<&mut _>` in the current scope
[INFO] [stdout]   --> tests/stream_into_async_read.rs:88:12
[INFO] [stdout]    |
[INFO] [stdout] 88 |     reader.as_mut().consume(2);
[INFO] [stdout]    |            ^^^^^^ method not found in `Pin<&mut _>`
[INFO] [stdout]    |
[INFO] [stdout]    = note: the method was found for
[INFO] [stdout]            - `Pin<P>`
[INFO] [stdout]    = note: `reader` is a function, perhaps you wish to call it
[INFO] [stdout] 
[INFO] [stdout] 
[INFO] [stdout] error[E0599]: no method named `poll_fill_buf` found for struct `Pin<&mut Pin<&mut _>>` in the current scope
[INFO] [stdout]   --> tests/stream_into_async_read.rs:31:42
[INFO] [stdout]    |
[INFO] [stdout] 31 |             match Pin::new(&mut $reader).poll_fill_buf(&mut cx) {
[INFO] [stdout]    |                                          ^^^^^^^^^^^^^ method not found in `Pin<&mut Pin<&mut _>>`
[INFO] [stdout] ...
[INFO] [stdout] 90 |     assert_fill_buf!(reader, &[3, 4, 5][..]);
[INFO] [stdout]    |     ----------------------------------------- in this macro invocation
[INFO] [stdout]    |
[INFO] [stdout]    = note: `Pin::new(&mut $reader)` is a function, perhaps you wish to call it
[INFO] [stdout]    = note: this error originates in the macro `assert_fill_buf` (in Nightly builds, run with -Z macro-backtrace for more info)
[INFO] [stdout] 
[INFO] [stdout] 
[INFO] [stdout] error[E0599]: no method named `as_mut` found for struct `Pin<&mut _>` in the current scope
[INFO] [stdout]   --> tests/stream_into_async_read.rs:91:12
[INFO] [stdout]    |
[INFO] [stdout] 91 |     reader.as_mut().consume(3);
[INFO] [stdout]    |            ^^^^^^ method not found in `Pin<&mut _>`
[INFO] [stdout]    |
[INFO] [stdout]    = note: the method was found for
[INFO] [stdout]            - `Pin<P>`
[INFO] [stdout]    = note: `reader` is a function, perhaps you wish to call it
[INFO] [stdout] 
[INFO] [stdout] 
[INFO] [stdout] error[E0599]: no method named `poll_fill_buf` found for struct `Pin<&mut Pin<&mut _>>` in the current scope
[INFO] [stdout]   --> tests/stream_into_async_read.rs:31:42
[INFO] [stdout]    |
[INFO] [stdout] 31 |             match Pin::new(&mut $reader).poll_fill_buf(&mut cx) {
[INFO] [stdout]    |                                          ^^^^^^^^^^^^^ method not found in `Pin<&mut Pin<&mut _>>`
[INFO] [stdout] ...
[INFO] [stdout] 93 |     assert_fill_buf!(reader, &[][..]);
[INFO] [stdout]    |     ---------------------------------- in this macro invocation
[INFO] [stdout]    |
[INFO] [stdout]    = note: `Pin::new(&mut $reader)` is a function, perhaps you wish to call it
[INFO] [stdout]    = note: this error originates in the macro `assert_fill_buf` (in Nightly builds, run with -Z macro-backtrace for more info)
[INFO] [stdout] 
[INFO] [stdout] 
[INFO] [stdout] warning: unused import: `AsyncBufRead`
[INFO] [stdout]  --> tests/stream_into_async_read.rs:2:19
[INFO] [stdout]   |
[INFO] [stdout] 2 | use futures::io::{AsyncBufRead, AsyncRead};
[INFO] [stdout]   |                   ^^^^^^^^^^^^
[INFO] [stdout]   |
[INFO] [stdout]   = note: `#[warn(unused_imports)]` on by default
[INFO] [stdout] 
[INFO] [stdout] 
[INFO] [stdout] warning: unused import: `AsyncRead`
[INFO] [stdout]  --> tests/stream_into_async_read.rs:2:33
[INFO] [stdout]   |
[INFO] [stdout] 2 | use futures::io::{AsyncBufRead, AsyncRead};
[INFO] [stdout]   |                                 ^^^^^^^^^
[INFO] [stdout] 
[INFO] [stdout] 
[INFO] [stdout] warning: unused import: `TryStreamExt`
[INFO] [stdout]  --> tests/stream_into_async_read.rs:3:29
[INFO] [stdout]   |
[INFO] [stdout] 3 | use futures::stream::{self, TryStreamExt};
[INFO] [stdout]   |                             ^^^^^^^^^^^^
[INFO] [stdout] 
[INFO] [stdout] 
[INFO] [stdout] error: aborting due to 31 previous errors; 3 warnings emitted
[INFO] [stdout] 
[INFO] [stdout] 
[INFO] [stdout] Some errors have detailed explanations: E0425, E0433, E0599.
[INFO] [stdout] 
[INFO] [stdout] For more information about an error, try `rustc --explain E0425`.
[INFO] [stdout] 
[INFO] [stderr] error: build failed
[INFO] running `Command { std: "docker" "inspect" "1791defc27494e4ea814f2b5fe4432ec8b6374595182617773c8371f57e481aa", kill_on_drop: false }`
[INFO] running `Command { std: "docker" "rm" "-f" "1791defc27494e4ea814f2b5fe4432ec8b6374595182617773c8371f57e481aa", kill_on_drop: false }`
[INFO] [stdout] 1791defc27494e4ea814f2b5fe4432ec8b6374595182617773c8371f57e481aa
