[INFO] fetching crate free_macros 0.0.1...
[INFO] checking free_macros-0.0.1 against 1.55.0 for beta-1.56-3
[INFO] extracting crate free_macros 0.0.1 into /workspace/builds/worker-2/source
[INFO] validating manifest of crates.io crate free_macros 0.0.1 on toolchain 1.55.0
[INFO] running `Command { std: "/workspace/cargo-home/bin/cargo" "+1.55.0" "metadata" "--manifest-path" "Cargo.toml" "--no-deps", kill_on_drop: false }`
[INFO] started tweaking crates.io crate free_macros 0.0.1
[INFO] finished tweaking crates.io crate free_macros 0.0.1
[INFO] tweaked toml for crates.io crate free_macros 0.0.1 written to /workspace/builds/worker-2/source/Cargo.toml
[INFO] running `Command { std: "/workspace/cargo-home/bin/cargo" "+1.55.0" "generate-lockfile" "--manifest-path" "Cargo.toml" "-Zno-index-update", kill_on_drop: false }`
[INFO] running `Command { std: "/workspace/cargo-home/bin/cargo" "+1.55.0" "fetch" "--manifest-path" "Cargo.toml", kill_on_drop: false }`
[INFO] running `Command { std: "docker" "create" "-v" "/var/lib/crater-agent-workspace/builds/worker-2/target:/opt/rustwide/target:rw,Z" "-v" "/var/lib/crater-agent-workspace/builds/worker-2/source:/opt/rustwide/workdir:ro,Z" "-v" "/var/lib/crater-agent-workspace/cargo-home:/opt/rustwide/cargo-home:ro,Z" "-v" "/var/lib/crater-agent-workspace/rustup-home:/opt/rustwide/rustup-home:ro,Z" "-e" "SOURCE_DIR=/opt/rustwide/workdir" "-e" "CARGO_TARGET_DIR=/opt/rustwide/target" "-e" "CARGO_HOME=/opt/rustwide/cargo-home" "-e" "RUSTUP_HOME=/opt/rustwide/rustup-home" "-w" "/opt/rustwide/workdir" "-m" "1610612736" "--user" "0:0" "--network" "none" "ghcr.io/rust-lang/crates-build-env/linux@sha256:a89201d6b5b9fd45c15d5952ece0a0129e7e80cb26ec023fd59cf09bc26f1604" "/opt/rustwide/cargo-home/bin/cargo" "+1.55.0" "metadata" "--no-deps" "--format-version=1", kill_on_drop: false }`
[INFO] [stderr] WARNING: Your kernel does not support swap limit capabilities or the cgroup is not mounted. Memory limited without swap.
[INFO] [stdout] ca88b0398312286655282061670a7a09b804df9338d29c28cbbc3c8d512157c6
[INFO] running `Command { std: "docker" "start" "-a" "ca88b0398312286655282061670a7a09b804df9338d29c28cbbc3c8d512157c6", kill_on_drop: false }`
[INFO] running `Command { std: "docker" "inspect" "ca88b0398312286655282061670a7a09b804df9338d29c28cbbc3c8d512157c6", kill_on_drop: false }`
[INFO] running `Command { std: "docker" "rm" "-f" "ca88b0398312286655282061670a7a09b804df9338d29c28cbbc3c8d512157c6", kill_on_drop: false }`
[INFO] [stdout] ca88b0398312286655282061670a7a09b804df9338d29c28cbbc3c8d512157c6
[INFO] running `Command { std: "docker" "create" "-v" "/var/lib/crater-agent-workspace/builds/worker-2/target:/opt/rustwide/target:rw,Z" "-v" "/var/lib/crater-agent-workspace/builds/worker-2/source:/opt/rustwide/workdir:ro,Z" "-v" "/var/lib/crater-agent-workspace/cargo-home:/opt/rustwide/cargo-home:ro,Z" "-v" "/var/lib/crater-agent-workspace/rustup-home:/opt/rustwide/rustup-home:ro,Z" "-e" "SOURCE_DIR=/opt/rustwide/workdir" "-e" "CARGO_TARGET_DIR=/opt/rustwide/target" "-e" "CARGO_INCREMENTAL=0" "-e" "RUST_BACKTRACE=full" "-e" "RUSTFLAGS=--cap-lints=warn" "-e" "CARGO_HOME=/opt/rustwide/cargo-home" "-e" "RUSTUP_HOME=/opt/rustwide/rustup-home" "-w" "/opt/rustwide/workdir" "-m" "1610612736" "--user" "0:0" "--network" "none" "ghcr.io/rust-lang/crates-build-env/linux@sha256:a89201d6b5b9fd45c15d5952ece0a0129e7e80cb26ec023fd59cf09bc26f1604" "/opt/rustwide/cargo-home/bin/cargo" "+1.55.0" "check" "--frozen" "--all" "--all-targets" "--message-format=json", kill_on_drop: false }`
[INFO] [stdout] 23e77cb6e8b76e133cd102bb3642b22ea44ee84f669b294a9a369a962df61b79
[INFO] [stderr] WARNING: Your kernel does not support swap limit capabilities or the cgroup is not mounted. Memory limited without swap.
[INFO] running `Command { std: "docker" "start" "-a" "23e77cb6e8b76e133cd102bb3642b22ea44ee84f669b294a9a369a962df61b79", kill_on_drop: false }`
[INFO] [stderr]     Checking free_macros v0.0.1 (/opt/rustwide/workdir)
[INFO] [stdout] error: macros that expand to items must be delimited with braces or followed by a semicolon
[INFO] [stdout]    --> src/free/monad.rs:2:19
[INFO] [stdout]     |
[INFO] [stdout] 2   |   macro_rules! monad(
[INFO] [stdout]     |  ___________________^
[INFO] [stdout] 3   | |     ($M:ident, $Sig:ident, $sig_map:ident, [ $($ctx:ident,)* ]) =>
[INFO] [stdout] 4   | |     {
[INFO] [stdout] 5   | |
[INFO] [stdout] ...   |
[INFO] [stdout] 256 | |     };
[INFO] [stdout] 257 | | )
[INFO] [stdout]     | |_^
[INFO] [stdout]     |
[INFO] [stdout] help: change the delimiters to curly braces
[INFO] [stdout]     |
[INFO] [stdout] 2   | macro_rules! monad{
[INFO] [stdout] 3   |     ($M:ident, $Sig:ident, $sig_map:ident, [ $($ctx:ident,)* ]) =>
[INFO] [stdout] 4   |     {
[INFO] [stdout] 5   | 
[INFO] [stdout] 6   |         #[allow(dead_code)]
[INFO] [stdout] 7   |         struct Opaque(*const u8);
[INFO] [stdout]   ...
[INFO] [stdout] help: add a semicolon
[INFO] [stdout]     |
[INFO] [stdout] 257 | );
[INFO] [stdout]     |  ^
[INFO] [stdout] 
[INFO] [stdout] 
[INFO] [stdout] error: macros that expand to items must be delimited with braces or followed by a semicolon
[INFO] [stdout]    --> src/free/monad.rs:2:19
[INFO] [stdout]     |
[INFO] [stdout] 2   |   macro_rules! monad(
[INFO] [stdout]     |  ___________________^
[INFO] [stdout] 3   | |     ($M:ident, $Sig:ident, $sig_map:ident, [ $($ctx:ident,)* ]) =>
[INFO] [stdout] 4   | |     {
[INFO] [stdout] 5   | |
[INFO] [stdout] ...   |
[INFO] [stdout] 256 | |     };
[INFO] [stdout] 257 | | )
[INFO] [stdout]     | |_^
[INFO] [stdout]     |
[INFO] [stdout] help: change the delimiters to curly braces
[INFO] [stdout]     |
[INFO] [stdout] 2   | macro_rules! monad{
[INFO] [stdout] 3   |     ($M:ident, $Sig:ident, $sig_map:ident, [ $($ctx:ident,)* ]) =>
[INFO] [stdout] 4   |     {
[INFO] [stdout] 5   | 
[INFO] [stdout] 6   |         #[allow(dead_code)]
[INFO] [stdout] 7   |         struct Opaque(*const u8);
[INFO] [stdout]   ...
[INFO] [stdout] help: add a semicolon
[INFO] [stdout]     |
[INFO] [stdout] 257 | );
[INFO] [stdout]     |  ^
[INFO] [stdout] 
[INFO] [stdout] 
[INFO] [stdout] error: cannot find attribute `license` in this scope
[INFO] [stdout]  --> src/lib.rs:4:4
[INFO] [stdout]   |
[INFO] [stdout] 4 | #![license = "MIT"]
[INFO] [stdout]   |    ^^^^^^^
[INFO] [stdout] 
[INFO] [stdout] 
[INFO] [stdout] error[E0554]: `#![feature]` may not be used on the stable release channel
[INFO] [stdout]  --> src/lib.rs:7:1
[INFO] [stdout]   |
[INFO] [stdout] 7 | #![feature(macro_rules)]
[INFO] [stdout]   | ^^^^^^^^^^^^^^^^^^^^^^^^ help: remove the attribute
[INFO] [stdout]   |
[INFO] [stdout]   = help: the feature `macro_rules` has been stable since 1.0.0 and no longer requires an attribute to enable
[INFO] [stdout] 
[INFO] [stdout] 
[INFO] [stdout] error[E0554]: `#![feature]` may not be used on the stable release channel
[INFO] [stdout]  --> src/lib.rs:8:1
[INFO] [stdout]   |
[INFO] [stdout] 8 | #![feature(unboxed_closures)]
[INFO] [stdout]   | ^^^^^^^^^^^^^^^^^^^^^^^^^^^^^
[INFO] [stdout] 
[INFO] [stdout] 
[INFO] [stdout] error: aborting due to 4 previous errors
[INFO] [stdout] 
[INFO] [stdout] 
[INFO] [stdout] error: cannot find attribute `license` in this scope
[INFO] [stdout]  --> src/lib.rs:4:4
[INFO] [stdout]   |
[INFO] [stdout] 4 | #![license = "MIT"]
[INFO] [stdout]   |    ^^^^^^^
[INFO] [stdout] 
[INFO] [stdout] 
[INFO] [stdout] error[E0554]: `#![feature]` may not be used on the stable release channel
[INFO] [stdout]  --> src/lib.rs:7:1
[INFO] [stdout]   |
[INFO] [stdout] 7 | #![feature(macro_rules)]
[INFO] [stdout]   | ^^^^^^^^^^^^^^^^^^^^^^^^ help: remove the attribute
[INFO] [stdout]   |
[INFO] [stdout]   = help: the feature `macro_rules` has been stable since 1.0.0 and no longer requires an attribute to enable
[INFO] [stdout] 
[INFO] [stdout] 
[INFO] [stdout] For more information about this error, try `rustc --explain E0554`.
[INFO] [stdout] 
[INFO] [stdout] error[E0554]: `#![feature]` may not be used on the stable release channel
[INFO] [stdout]  --> src/lib.rs:8:1
[INFO] [stdout]   |
[INFO] [stdout] 8 | #![feature(unboxed_closures)]
[INFO] [stdout]   | ^^^^^^^^^^^^^^^^^^^^^^^^^^^^^
[INFO] [stdout] 
[INFO] [stdout] 
[INFO] [stderr] error: could not compile `free_macros` due to 5 previous errors
[INFO] [stderr] warning: build failed, waiting for other jobs to finish...
[INFO] [stdout] error: aborting due to 4 previous errors
[INFO] [stdout] 
[INFO] [stdout] 
[INFO] [stdout] For more information about this error, try `rustc --explain E0554`.
[INFO] [stdout] 
[INFO] [stderr] error: build failed
[INFO] running `Command { std: "docker" "inspect" "23e77cb6e8b76e133cd102bb3642b22ea44ee84f669b294a9a369a962df61b79", kill_on_drop: false }`
[INFO] running `Command { std: "docker" "rm" "-f" "23e77cb6e8b76e133cd102bb3642b22ea44ee84f669b294a9a369a962df61b79", kill_on_drop: false }`
[INFO] [stdout] 23e77cb6e8b76e133cd102bb3642b22ea44ee84f669b294a9a369a962df61b79
