[INFO] fetching crate free-algebra 0.1.0...
[INFO] checking free-algebra-0.1.0 against beta-2021-10-15 for beta-1.56-3
[INFO] extracting crate free-algebra 0.1.0 into /workspace/builds/worker-7/source
[INFO] validating manifest of crates.io crate free-algebra 0.1.0 on toolchain beta-2021-10-15
[INFO] running `Command { std: "/workspace/cargo-home/bin/cargo" "+beta-2021-10-15" "metadata" "--manifest-path" "Cargo.toml" "--no-deps", kill_on_drop: false }`
[INFO] started tweaking crates.io crate free-algebra 0.1.0
[INFO] finished tweaking crates.io crate free-algebra 0.1.0
[INFO] tweaked toml for crates.io crate free-algebra 0.1.0 written to /workspace/builds/worker-7/source/Cargo.toml
[INFO] running `Command { std: "/workspace/cargo-home/bin/cargo" "+beta-2021-10-15" "generate-lockfile" "--manifest-path" "Cargo.toml" "-Zno-index-update", kill_on_drop: false }`
[INFO] running `Command { std: "/workspace/cargo-home/bin/cargo" "+beta-2021-10-15" "fetch" "--manifest-path" "Cargo.toml", kill_on_drop: false }`
[INFO] [stderr]  Downloading crates ...
[INFO] [stderr]   Downloaded maths-traits v0.2.1
[INFO] running `Command { std: "docker" "create" "-v" "/var/lib/crater-agent-workspace/builds/worker-7/target:/opt/rustwide/target:rw,Z" "-v" "/var/lib/crater-agent-workspace/builds/worker-7/source:/opt/rustwide/workdir:ro,Z" "-v" "/var/lib/crater-agent-workspace/cargo-home:/opt/rustwide/cargo-home:ro,Z" "-v" "/var/lib/crater-agent-workspace/rustup-home:/opt/rustwide/rustup-home:ro,Z" "-e" "SOURCE_DIR=/opt/rustwide/workdir" "-e" "CARGO_TARGET_DIR=/opt/rustwide/target" "-e" "CARGO_HOME=/opt/rustwide/cargo-home" "-e" "RUSTUP_HOME=/opt/rustwide/rustup-home" "-w" "/opt/rustwide/workdir" "-m" "1610612736" "--user" "0:0" "--network" "none" "ghcr.io/rust-lang/crates-build-env/linux@sha256:a89201d6b5b9fd45c15d5952ece0a0129e7e80cb26ec023fd59cf09bc26f1604" "/opt/rustwide/cargo-home/bin/cargo" "+beta-2021-10-15" "metadata" "--no-deps" "--format-version=1", kill_on_drop: false }`
[INFO] [stderr] WARNING: Your kernel does not support swap limit capabilities or the cgroup is not mounted. Memory limited without swap.
[INFO] [stdout] 72061ee93cb1e464b6215a0f11fa21826868375069a4217a9fc45f9663164e1c
[INFO] running `Command { std: "docker" "start" "-a" "72061ee93cb1e464b6215a0f11fa21826868375069a4217a9fc45f9663164e1c", kill_on_drop: false }`
[INFO] running `Command { std: "docker" "inspect" "72061ee93cb1e464b6215a0f11fa21826868375069a4217a9fc45f9663164e1c", kill_on_drop: false }`
[INFO] running `Command { std: "docker" "rm" "-f" "72061ee93cb1e464b6215a0f11fa21826868375069a4217a9fc45f9663164e1c", kill_on_drop: false }`
[INFO] [stdout] 72061ee93cb1e464b6215a0f11fa21826868375069a4217a9fc45f9663164e1c
[INFO] running `Command { std: "docker" "create" "-v" "/var/lib/crater-agent-workspace/builds/worker-7/target:/opt/rustwide/target:rw,Z" "-v" "/var/lib/crater-agent-workspace/builds/worker-7/source:/opt/rustwide/workdir:ro,Z" "-v" "/var/lib/crater-agent-workspace/cargo-home:/opt/rustwide/cargo-home:ro,Z" "-v" "/var/lib/crater-agent-workspace/rustup-home:/opt/rustwide/rustup-home:ro,Z" "-e" "SOURCE_DIR=/opt/rustwide/workdir" "-e" "CARGO_TARGET_DIR=/opt/rustwide/target" "-e" "CARGO_INCREMENTAL=0" "-e" "RUST_BACKTRACE=full" "-e" "RUSTFLAGS=--cap-lints=warn" "-e" "CARGO_HOME=/opt/rustwide/cargo-home" "-e" "RUSTUP_HOME=/opt/rustwide/rustup-home" "-w" "/opt/rustwide/workdir" "-m" "1610612736" "--user" "0:0" "--network" "none" "ghcr.io/rust-lang/crates-build-env/linux@sha256:a89201d6b5b9fd45c15d5952ece0a0129e7e80cb26ec023fd59cf09bc26f1604" "/opt/rustwide/cargo-home/bin/cargo" "+beta-2021-10-15" "check" "--frozen" "--all" "--all-targets" "--message-format=json", kill_on_drop: false }`
[INFO] [stdout] 2136a2a3843f7ea7d8b3faa2c83064d2b27556e576b383230836980fa55c82f1
[INFO] [stderr] WARNING: Your kernel does not support swap limit capabilities or the cgroup is not mounted. Memory limited without swap.
[INFO] running `Command { std: "docker" "start" "-a" "2136a2a3843f7ea7d8b3faa2c83064d2b27556e576b383230836980fa55c82f1", kill_on_drop: false }`
[INFO] [stderr]     Blocking waiting for file lock on package cache
[INFO] [stderr]     Checking maths-traits v0.2.1
[INFO] [stdout] error[E0554]: `#![feature]` may not be used on the beta release channel
[INFO] [stdout]    --> /opt/rustwide/cargo-home/registry/src/github.com-1ecc6299db9ec823/maths-traits-0.2.1/src/lib.rs:317:1
[INFO] [stdout]     |
[INFO] [stdout] 317 | #![feature(trait_alias)]
[INFO] [stdout]     | ^^^^^^^^^^^^^^^^^^^^^^^^
[INFO] [stdout] 
[INFO] [stdout] 
[INFO] [stdout] error[E0554]: `#![feature]` may not be used on the beta release channel
[INFO] [stdout]    --> /opt/rustwide/cargo-home/registry/src/github.com-1ecc6299db9ec823/maths-traits-0.2.1/src/lib.rs:318:1
[INFO] [stdout]     |
[INFO] [stdout] 318 | #![feature(specialization)]
[INFO] [stdout]     | ^^^^^^^^^^^^^^^^^^^^^^^^^^^
[INFO] [stdout] 
[INFO] [stdout] 
[INFO] [stdout] error[E0554]: `#![feature]` may not be used on the beta release channel
[INFO] [stdout]    --> /opt/rustwide/cargo-home/registry/src/github.com-1ecc6299db9ec823/maths-traits-0.2.1/src/lib.rs:319:1
[INFO] [stdout]     |
[INFO] [stdout] 319 | #![feature(extra_log_consts)]
[INFO] [stdout]     | ^^^^^^^^^^^^^^^^^^^^^^^^^^^^^
[INFO] [stdout] 
[INFO] [stdout] 
[INFO] [stdout] error: aborting due to 3 previous errors
[INFO] [stdout] 
[INFO] [stdout] 
[INFO] [stdout] For more information about this error, try `rustc --explain E0554`.
[INFO] [stdout] 
[INFO] [stderr] error: could not compile `maths-traits` due to 4 previous errors
[INFO] running `Command { std: "docker" "inspect" "2136a2a3843f7ea7d8b3faa2c83064d2b27556e576b383230836980fa55c82f1", kill_on_drop: false }`
[INFO] running `Command { std: "docker" "rm" "-f" "2136a2a3843f7ea7d8b3faa2c83064d2b27556e576b383230836980fa55c82f1", kill_on_drop: false }`
[INFO] [stdout] 2136a2a3843f7ea7d8b3faa2c83064d2b27556e576b383230836980fa55c82f1
