[INFO] fetching crate fluvio-async-tls 0.2.0...
[INFO] checking fluvio-async-tls-0.2.0 against beta-2021-10-15 for beta-1.56-3
[INFO] extracting crate fluvio-async-tls 0.2.0 into /workspace/builds/worker-2/source
[INFO] validating manifest of crates.io crate fluvio-async-tls 0.2.0 on toolchain beta-2021-10-15
[INFO] running `Command { std: "/workspace/cargo-home/bin/cargo" "+beta-2021-10-15" "metadata" "--manifest-path" "Cargo.toml" "--no-deps", kill_on_drop: false }`
[INFO] started tweaking crates.io crate fluvio-async-tls 0.2.0
[INFO] removed 0 missing tests
[INFO] finished tweaking crates.io crate fluvio-async-tls 0.2.0
[INFO] tweaked toml for crates.io crate fluvio-async-tls 0.2.0 written to /workspace/builds/worker-2/source/Cargo.toml
[INFO] running `Command { std: "/workspace/cargo-home/bin/cargo" "+beta-2021-10-15" "generate-lockfile" "--manifest-path" "Cargo.toml" "-Zno-index-update", kill_on_drop: false }`
[INFO] running `Command { std: "/workspace/cargo-home/bin/cargo" "+beta-2021-10-15" "fetch" "--manifest-path" "Cargo.toml", kill_on_drop: false }`
[INFO] running `Command { std: "docker" "create" "-v" "/var/lib/crater-agent-workspace/builds/worker-2/target:/opt/rustwide/target:rw,Z" "-v" "/var/lib/crater-agent-workspace/builds/worker-2/source:/opt/rustwide/workdir:ro,Z" "-v" "/var/lib/crater-agent-workspace/cargo-home:/opt/rustwide/cargo-home:ro,Z" "-v" "/var/lib/crater-agent-workspace/rustup-home:/opt/rustwide/rustup-home:ro,Z" "-e" "SOURCE_DIR=/opt/rustwide/workdir" "-e" "CARGO_TARGET_DIR=/opt/rustwide/target" "-e" "CARGO_HOME=/opt/rustwide/cargo-home" "-e" "RUSTUP_HOME=/opt/rustwide/rustup-home" "-w" "/opt/rustwide/workdir" "-m" "1610612736" "--user" "0:0" "--network" "none" "ghcr.io/rust-lang/crates-build-env/linux@sha256:a89201d6b5b9fd45c15d5952ece0a0129e7e80cb26ec023fd59cf09bc26f1604" "/opt/rustwide/cargo-home/bin/cargo" "+beta-2021-10-15" "metadata" "--no-deps" "--format-version=1", kill_on_drop: false }`
[INFO] [stderr] WARNING: Your kernel does not support swap limit capabilities or the cgroup is not mounted. Memory limited without swap.
[INFO] [stdout] cc86a2adef8a09dd119d655e482f4e773b5ed66f2588dce5b60afb7fae1731a3
[INFO] running `Command { std: "docker" "start" "-a" "cc86a2adef8a09dd119d655e482f4e773b5ed66f2588dce5b60afb7fae1731a3", kill_on_drop: false }`
[INFO] running `Command { std: "docker" "inspect" "cc86a2adef8a09dd119d655e482f4e773b5ed66f2588dce5b60afb7fae1731a3", kill_on_drop: false }`
[INFO] running `Command { std: "docker" "rm" "-f" "cc86a2adef8a09dd119d655e482f4e773b5ed66f2588dce5b60afb7fae1731a3", kill_on_drop: false }`
[INFO] [stdout] cc86a2adef8a09dd119d655e482f4e773b5ed66f2588dce5b60afb7fae1731a3
[INFO] running `Command { std: "docker" "create" "-v" "/var/lib/crater-agent-workspace/builds/worker-2/target:/opt/rustwide/target:rw,Z" "-v" "/var/lib/crater-agent-workspace/builds/worker-2/source:/opt/rustwide/workdir:ro,Z" "-v" "/var/lib/crater-agent-workspace/cargo-home:/opt/rustwide/cargo-home:ro,Z" "-v" "/var/lib/crater-agent-workspace/rustup-home:/opt/rustwide/rustup-home:ro,Z" "-e" "SOURCE_DIR=/opt/rustwide/workdir" "-e" "CARGO_TARGET_DIR=/opt/rustwide/target" "-e" "CARGO_INCREMENTAL=0" "-e" "RUST_BACKTRACE=full" "-e" "RUSTFLAGS=--cap-lints=warn" "-e" "CARGO_HOME=/opt/rustwide/cargo-home" "-e" "RUSTUP_HOME=/opt/rustwide/rustup-home" "-w" "/opt/rustwide/workdir" "-m" "1610612736" "--user" "0:0" "--network" "none" "ghcr.io/rust-lang/crates-build-env/linux@sha256:a89201d6b5b9fd45c15d5952ece0a0129e7e80cb26ec023fd59cf09bc26f1604" "/opt/rustwide/cargo-home/bin/cargo" "+beta-2021-10-15" "check" "--frozen" "--all" "--all-targets" "--message-format=json", kill_on_drop: false }`
[INFO] [stderr] WARNING: Your kernel does not support swap limit capabilities or the cgroup is not mounted. Memory limited without swap.
[INFO] [stdout] 3872b4265f08c310dda5a0a2b0db595c218ffca4e44dfe21dde83dca00a24a73
[INFO] running `Command { std: "docker" "start" "-a" "3872b4265f08c310dda5a0a2b0db595c218ffca4e44dfe21dde83dca00a24a73", kill_on_drop: false }`
[INFO] [stderr]    Compiling signal-hook v0.3.10
[INFO] [stderr]    Compiling futures-util v0.3.17
[INFO] [stderr]     Checking webpki v0.21.4
[INFO] [stderr]     Checking sct v0.6.1
[INFO] [stderr]    Compiling futures-macro v0.3.17
[INFO] [stderr]     Checking polling v2.1.0
[INFO] [stderr]     Checking async-io v1.6.0
[INFO] [stderr]     Checking webpki-roots v0.21.1
[INFO] [stderr]     Checking rustls v0.19.1
[INFO] [stderr]     Checking async-process v1.2.0
[INFO] [stderr]     Checking async-global-executor v2.0.2
[INFO] [stderr]     Checking async-std v1.10.0
[INFO] [stderr]     Checking fluvio-async-tls v0.2.0 (/opt/rustwide/workdir)
[INFO] [stderr]     Checking futures-executor v0.3.17
[INFO] [stdout] error[E0432]: unresolved import `async_std::sync::channel`
[INFO] [stdout]  --> tests/test.rs:4:5
[INFO] [stdout]   |
[INFO] [stdout] 4 | use async_std::sync::channel;
[INFO] [stdout]   |     ^^^^^^^^^^^^^^^^^^^^^^^^ no `channel` in `sync`
[INFO] [stdout] 
[INFO] [stdout] 
[INFO] [stdout] error[E0432]: unresolved import `async_tls`
[INFO] [stdout]  --> tests/test.rs:6:5
[INFO] [stdout]   |
[INFO] [stdout] 6 | use async_tls::{TlsAcceptor, TlsConnector};
[INFO] [stdout]   |     ^^^^^^^^^ use of undeclared crate or module `async_tls`
[INFO] [stdout] 
[INFO] [stdout] 
[INFO] [stdout] warning: unused import: `futures_util::io::AsyncReadExt`
[INFO] [stdout]   --> tests/test.rs:41:25
[INFO] [stdout]    |
[INFO] [stdout] 41 |                     use futures_util::io::AsyncReadExt;
[INFO] [stdout]    |                         ^^^^^^^^^^^^^^^^^^^^^^^^^^^^^^
[INFO] [stdout]    |
[INFO] [stdout]    = note: `#[warn(unused_imports)]` on by default
[INFO] [stdout] 
[INFO] [stdout] 
[INFO] [stdout] error: aborting due to 2 previous errors; 1 warning emitted
[INFO] [stdout] 
[INFO] [stdout] 
[INFO] [stdout] For more information about this error, try `rustc --explain E0432`.
[INFO] [stdout] 
[INFO] [stderr] error: could not compile `fluvio-async-tls` due to 3 previous errors; 1 warning emitted
[INFO] [stderr] warning: build failed, waiting for other jobs to finish...
[INFO] [stdout] error[E0432]: unresolved import `async_tls`
[INFO] [stdout]  --> tests/google.rs:3:5
[INFO] [stdout]   |
[INFO] [stdout] 3 | use async_tls::TlsConnector;
[INFO] [stdout]   |     ^^^^^^^^^ use of undeclared crate or module `async_tls`
[INFO] [stdout] 
[INFO] [stdout] 
[INFO] [stdout] warning: unused import: `AsyncReadExt`
[INFO] [stdout]  --> tests/google.rs:4:24
[INFO] [stdout]   |
[INFO] [stdout] 4 | use futures_util::io::{AsyncReadExt, AsyncWriteExt};
[INFO] [stdout]   |                        ^^^^^^^^^^^^
[INFO] [stdout]   |
[INFO] [stdout]   = note: `#[warn(unused_imports)]` on by default
[INFO] [stdout] 
[INFO] [stdout] 
[INFO] [stdout] warning: unused import: `AsyncWriteExt`
[INFO] [stdout]  --> tests/google.rs:4:38
[INFO] [stdout]   |
[INFO] [stdout] 4 | use futures_util::io::{AsyncReadExt, AsyncWriteExt};
[INFO] [stdout]   |                                      ^^^^^^^^^^^^^
[INFO] [stdout] 
[INFO] [stdout] 
[INFO] [stdout] error: aborting due to previous error; 2 warnings emitted
[INFO] [stdout] 
[INFO] [stdout] 
[INFO] [stdout] For more information about this error, try `rustc --explain E0432`.
[INFO] [stdout] 
[INFO] [stderr] error: build failed
[INFO] running `Command { std: "docker" "inspect" "3872b4265f08c310dda5a0a2b0db595c218ffca4e44dfe21dde83dca00a24a73", kill_on_drop: false }`
[INFO] running `Command { std: "docker" "rm" "-f" "3872b4265f08c310dda5a0a2b0db595c218ffca4e44dfe21dde83dca00a24a73", kill_on_drop: false }`
[INFO] [stdout] 3872b4265f08c310dda5a0a2b0db595c218ffca4e44dfe21dde83dca00a24a73
