[INFO] fetching crate fluence-fork-libp2p-identify 0.28.1...
[INFO] checking fluence-fork-libp2p-identify-0.28.1 against 1.55.0 for beta-1.56-3
[INFO] extracting crate fluence-fork-libp2p-identify 0.28.1 into /workspace/builds/worker-13/source
[INFO] validating manifest of crates.io crate fluence-fork-libp2p-identify 0.28.1 on toolchain 1.55.0
[INFO] running `Command { std: "/workspace/cargo-home/bin/cargo" "+1.55.0" "metadata" "--manifest-path" "Cargo.toml" "--no-deps", kill_on_drop: false }`
[INFO] started tweaking crates.io crate fluence-fork-libp2p-identify 0.28.1
[INFO] finished tweaking crates.io crate fluence-fork-libp2p-identify 0.28.1
[INFO] tweaked toml for crates.io crate fluence-fork-libp2p-identify 0.28.1 written to /workspace/builds/worker-13/source/Cargo.toml
[INFO] running `Command { std: "/workspace/cargo-home/bin/cargo" "+1.55.0" "generate-lockfile" "--manifest-path" "Cargo.toml" "-Zno-index-update", kill_on_drop: false }`
[INFO] [stderr]     Blocking waiting for file lock on package cache
[INFO] running `Command { std: "/workspace/cargo-home/bin/cargo" "+1.55.0" "fetch" "--manifest-path" "Cargo.toml", kill_on_drop: false }`
[INFO] running `Command { std: "docker" "create" "-v" "/var/lib/crater-agent-workspace/builds/worker-13/target:/opt/rustwide/target:rw,Z" "-v" "/var/lib/crater-agent-workspace/builds/worker-13/source:/opt/rustwide/workdir:ro,Z" "-v" "/var/lib/crater-agent-workspace/cargo-home:/opt/rustwide/cargo-home:ro,Z" "-v" "/var/lib/crater-agent-workspace/rustup-home:/opt/rustwide/rustup-home:ro,Z" "-e" "SOURCE_DIR=/opt/rustwide/workdir" "-e" "CARGO_TARGET_DIR=/opt/rustwide/target" "-e" "CARGO_HOME=/opt/rustwide/cargo-home" "-e" "RUSTUP_HOME=/opt/rustwide/rustup-home" "-w" "/opt/rustwide/workdir" "-m" "1610612736" "--user" "0:0" "--network" "none" "ghcr.io/rust-lang/crates-build-env/linux@sha256:a89201d6b5b9fd45c15d5952ece0a0129e7e80cb26ec023fd59cf09bc26f1604" "/opt/rustwide/cargo-home/bin/cargo" "+1.55.0" "metadata" "--no-deps" "--format-version=1", kill_on_drop: false }`
[INFO] [stderr] WARNING: Your kernel does not support swap limit capabilities or the cgroup is not mounted. Memory limited without swap.
[INFO] [stdout] 10f6a4d97607fdd0f1f486c708e02ab05aae6ce4d6fb1bd5264013180c4bcc2a
[INFO] running `Command { std: "docker" "start" "-a" "10f6a4d97607fdd0f1f486c708e02ab05aae6ce4d6fb1bd5264013180c4bcc2a", kill_on_drop: false }`
[INFO] running `Command { std: "docker" "inspect" "10f6a4d97607fdd0f1f486c708e02ab05aae6ce4d6fb1bd5264013180c4bcc2a", kill_on_drop: false }`
[INFO] running `Command { std: "docker" "rm" "-f" "10f6a4d97607fdd0f1f486c708e02ab05aae6ce4d6fb1bd5264013180c4bcc2a", kill_on_drop: false }`
[INFO] [stdout] 10f6a4d97607fdd0f1f486c708e02ab05aae6ce4d6fb1bd5264013180c4bcc2a
[INFO] running `Command { std: "docker" "create" "-v" "/var/lib/crater-agent-workspace/builds/worker-13/target:/opt/rustwide/target:rw,Z" "-v" "/var/lib/crater-agent-workspace/builds/worker-13/source:/opt/rustwide/workdir:ro,Z" "-v" "/var/lib/crater-agent-workspace/cargo-home:/opt/rustwide/cargo-home:ro,Z" "-v" "/var/lib/crater-agent-workspace/rustup-home:/opt/rustwide/rustup-home:ro,Z" "-e" "SOURCE_DIR=/opt/rustwide/workdir" "-e" "CARGO_TARGET_DIR=/opt/rustwide/target" "-e" "CARGO_INCREMENTAL=0" "-e" "RUST_BACKTRACE=full" "-e" "RUSTFLAGS=--cap-lints=warn" "-e" "CARGO_HOME=/opt/rustwide/cargo-home" "-e" "RUSTUP_HOME=/opt/rustwide/rustup-home" "-w" "/opt/rustwide/workdir" "-m" "1610612736" "--user" "0:0" "--network" "none" "ghcr.io/rust-lang/crates-build-env/linux@sha256:a89201d6b5b9fd45c15d5952ece0a0129e7e80cb26ec023fd59cf09bc26f1604" "/opt/rustwide/cargo-home/bin/cargo" "+1.55.0" "check" "--frozen" "--all" "--all-targets" "--message-format=json", kill_on_drop: false }`
[INFO] [stdout] b75ab65909f98252335a8d562c1045a4065c5953621a6b23031feaff6d3491a7
[INFO] [stderr] WARNING: Your kernel does not support swap limit capabilities or the cgroup is not mounted. Memory limited without swap.
[INFO] running `Command { std: "docker" "start" "-a" "b75ab65909f98252335a8d562c1045a4065c5953621a6b23031feaff6d3491a7", kill_on_drop: false }`
[INFO] [stderr]    Compiling proc-macro2 v1.0.30
[INFO] [stderr]    Compiling log v0.4.14
[INFO] [stderr]    Compiling futures-channel v0.3.17
[INFO] [stderr]     Checking unsigned-varint v0.5.1
[INFO] [stderr]     Checking unsigned-varint v0.7.0
[INFO] [stderr]     Checking bs58 v0.4.0
[INFO] [stderr]     Checking futures-timer v3.0.2
[INFO] [stderr]    Compiling ring v0.16.20
[INFO] [stderr]    Compiling toml v0.5.8
[INFO] [stderr]     Checking block-buffer v0.7.3
[INFO] [stderr]     Checking sha2 v0.8.2
[INFO] [stderr]     Checking libsecp256k1 v0.3.5
[INFO] [stderr]    Compiling quote v1.0.10
[INFO] [stderr]    Compiling syn v1.0.80
[INFO] [stderr]    Compiling proc-macro-error-attr v1.0.4
[INFO] [stderr]    Compiling synstructure v0.12.6
[INFO] [stderr]    Compiling proc-macro-error v1.0.4
[INFO] [stderr]    Compiling ctor v0.1.21
[INFO] [stderr]    Compiling prost-derive v0.7.0
[INFO] [stderr]    Compiling futures-macro v0.3.17
[INFO] [stderr]    Compiling thiserror-impl v1.0.30
[INFO] [stderr]    Compiling zeroize_derive v1.2.0
[INFO] [stderr]    Compiling pin-project-internal v1.0.8
[INFO] [stderr]    Compiling pin-project-internal v0.4.28
[INFO] [stderr]    Compiling asn1_der_derive v0.1.2
[INFO] [stderr]     Checking value-bag v1.0.0-alpha.7
[INFO] [stderr]     Checking asn1_der v0.6.3
[INFO] [stderr]     Checking zeroize v1.4.2
[INFO] [stderr]     Checking curve25519-dalek v3.2.0
[INFO] [stderr]     Checking futures-util v0.3.17
[INFO] [stderr]     Checking polling v2.1.0
[INFO] [stderr]     Checking kv-log-macro v1.0.7
[INFO] [stderr]     Checking async-io v1.6.0
[INFO] [stderr]    Compiling thiserror v1.0.30
[INFO] [stderr]     Checking pin-project v0.4.28
[INFO] [stderr]    Compiling prost v0.7.0
[INFO] [stderr]    Compiling proc-macro-crate v1.1.0
[INFO] [stderr]     Checking ed25519-dalek v1.0.1
[INFO] [stderr]     Checking pin-project v1.0.8
[INFO] [stderr]    Compiling multihash-derive v0.7.2
[INFO] [stderr]     Checking async-global-executor v2.0.2
[INFO] [stderr]    Compiling prost-types v0.7.0
[INFO] [stderr]     Checking async-std v1.10.0
[INFO] [stderr]     Checking futures-executor v0.3.17
[INFO] [stderr]    Compiling prost-build v0.7.0
[INFO] [stderr]     Checking futures v0.3.17
[INFO] [stderr]     Checking multihash v0.13.2
[INFO] [stderr]     Checking fluence-fork-multistream-select v0.10.3
[INFO] [stderr]     Checking rw-stream-sink v0.2.1
[INFO] [stderr]     Checking wasm-timer v0.2.5
[INFO] [stderr]     Checking fluence-fork-parity-multiaddr v0.11.2
[INFO] [stderr]    Compiling fluence-fork-libp2p-core v0.27.2
[INFO] [stderr]    Compiling fluence-fork-libp2p-identify v0.28.1 (/opt/rustwide/workdir)
[INFO] [stderr]     Checking fluence-fork-libp2p-swarm v0.28.1
[INFO] [stdout] error[E0432]: unresolved import `libp2p_noise`
[INFO] [stdout]    --> src/identify.rs:287:9
[INFO] [stdout]     |
[INFO] [stdout] 287 |     use libp2p_noise as noise;
[INFO] [stdout]     |         ^^^^^^^^^^^^^^^^^^^^^ no external crate `libp2p_noise`
[INFO] [stdout] 
[INFO] [stdout] 
[INFO] [stdout] error[E0432]: unresolved import `libp2p_tcp`
[INFO] [stdout]    --> src/identify.rs:288:9
[INFO] [stdout]     |
[INFO] [stdout] 288 |     use libp2p_tcp::TcpConfig;
[INFO] [stdout]     |         ^^^^^^^^^^ use of undeclared crate or module `libp2p_tcp`
[INFO] [stdout] 
[INFO] [stdout] 
[INFO] [stdout] error[E0432]: unresolved import `libp2p_mplex`
[INFO] [stdout]    --> src/identify.rs:290:9
[INFO] [stdout]     |
[INFO] [stdout] 290 |     use libp2p_mplex::MplexConfig;
[INFO] [stdout]     |         ^^^^^^^^^^^^ use of undeclared crate or module `libp2p_mplex`
[INFO] [stdout] 
[INFO] [stdout] 
[INFO] [stdout] error[E0432]: unresolved import `libp2p_tcp`
[INFO] [stdout]    --> src/protocol.rs:208:9
[INFO] [stdout]     |
[INFO] [stdout] 208 |     use libp2p_tcp::TcpConfig;
[INFO] [stdout]     |         ^^^^^^^^^^ use of undeclared crate or module `libp2p_tcp`
[INFO] [stdout] 
[INFO] [stdout] 
[INFO] [stdout] warning: unused import: `Transport`
[INFO] [stdout]    --> src/identify.rs:284:9
[INFO] [stdout]     |
[INFO] [stdout] 284 |         Transport,
[INFO] [stdout]     |         ^^^^^^^^^
[INFO] [stdout]     |
[INFO] [stdout]     = note: `#[warn(unused_imports)]` on by default
[INFO] [stdout] 
[INFO] [stdout] 
[INFO] [stdout] warning: unused import: `prelude`
[INFO] [stdout]    --> src/protocol.rs:209:19
[INFO] [stdout]     |
[INFO] [stdout] 209 |     use futures::{prelude::*, channel::oneshot};
[INFO] [stdout]     |                   ^^^^^^^
[INFO] [stdout] 
[INFO] [stdout] 
[INFO] [stdout] warning: unused import: `Transport`
[INFO] [stdout]    --> src/protocol.rs:212:9
[INFO] [stdout]     |
[INFO] [stdout] 212 |         Transport,
[INFO] [stdout]     |         ^^^^^^^^^
[INFO] [stdout] 
[INFO] [stdout] 
[INFO] [stdout] error: aborting due to 4 previous errors; 3 warnings emitted
[INFO] [stdout] 
[INFO] [stdout] 
[INFO] [stdout] For more information about this error, try `rustc --explain E0432`.
[INFO] [stdout] 
[INFO] [stderr] error: could not compile `fluence-fork-libp2p-identify` due to 5 previous errors; 3 warnings emitted
[INFO] [stderr] warning: build failed, waiting for other jobs to finish...
[INFO] [stderr] error: build failed
[INFO] running `Command { std: "docker" "inspect" "b75ab65909f98252335a8d562c1045a4065c5953621a6b23031feaff6d3491a7", kill_on_drop: false }`
[INFO] running `Command { std: "docker" "rm" "-f" "b75ab65909f98252335a8d562c1045a4065c5953621a6b23031feaff6d3491a7", kill_on_drop: false }`
[INFO] [stdout] b75ab65909f98252335a8d562c1045a4065c5953621a6b23031feaff6d3491a7
