[INFO] fetching crate fltk-flex 0.2.1...
[INFO] checking fltk-flex-0.2.1 against 1.55.0 for beta-1.56-3
[INFO] extracting crate fltk-flex 0.2.1 into /workspace/builds/worker-9/source
[INFO] validating manifest of crates.io crate fltk-flex 0.2.1 on toolchain 1.55.0
[INFO] running `Command { std: "/workspace/cargo-home/bin/cargo" "+1.55.0" "metadata" "--manifest-path" "Cargo.toml" "--no-deps", kill_on_drop: false }`
[INFO] started tweaking crates.io crate fltk-flex 0.2.1
[INFO] finished tweaking crates.io crate fltk-flex 0.2.1
[INFO] tweaked toml for crates.io crate fltk-flex 0.2.1 written to /workspace/builds/worker-9/source/Cargo.toml
[INFO] crate crates.io crate fltk-flex 0.2.1 already has a lockfile, it will not be regenerated
[INFO] running `Command { std: "/workspace/cargo-home/bin/cargo" "+1.55.0" "fetch" "--manifest-path" "Cargo.toml", kill_on_drop: false }`
[INFO] running `Command { std: "docker" "create" "-v" "/var/lib/crater-agent-workspace/builds/worker-9/target:/opt/rustwide/target:rw,Z" "-v" "/var/lib/crater-agent-workspace/builds/worker-9/source:/opt/rustwide/workdir:ro,Z" "-v" "/var/lib/crater-agent-workspace/cargo-home:/opt/rustwide/cargo-home:ro,Z" "-v" "/var/lib/crater-agent-workspace/rustup-home:/opt/rustwide/rustup-home:ro,Z" "-e" "SOURCE_DIR=/opt/rustwide/workdir" "-e" "CARGO_TARGET_DIR=/opt/rustwide/target" "-e" "CARGO_HOME=/opt/rustwide/cargo-home" "-e" "RUSTUP_HOME=/opt/rustwide/rustup-home" "-w" "/opt/rustwide/workdir" "-m" "1610612736" "--user" "0:0" "--network" "none" "ghcr.io/rust-lang/crates-build-env/linux@sha256:a89201d6b5b9fd45c15d5952ece0a0129e7e80cb26ec023fd59cf09bc26f1604" "/opt/rustwide/cargo-home/bin/cargo" "+1.55.0" "metadata" "--no-deps" "--format-version=1", kill_on_drop: false }`
[INFO] [stdout] 7c1d8de3e55a4a87b85abb44e7db2165255ffe4a321556b70eaa63c2450d382f
[INFO] [stderr] WARNING: Your kernel does not support swap limit capabilities or the cgroup is not mounted. Memory limited without swap.
[INFO] running `Command { std: "docker" "start" "-a" "7c1d8de3e55a4a87b85abb44e7db2165255ffe4a321556b70eaa63c2450d382f", kill_on_drop: false }`
[INFO] running `Command { std: "docker" "inspect" "7c1d8de3e55a4a87b85abb44e7db2165255ffe4a321556b70eaa63c2450d382f", kill_on_drop: false }`
[INFO] running `Command { std: "docker" "rm" "-f" "7c1d8de3e55a4a87b85abb44e7db2165255ffe4a321556b70eaa63c2450d382f", kill_on_drop: false }`
[INFO] [stdout] 7c1d8de3e55a4a87b85abb44e7db2165255ffe4a321556b70eaa63c2450d382f
[INFO] running `Command { std: "docker" "create" "-v" "/var/lib/crater-agent-workspace/builds/worker-9/target:/opt/rustwide/target:rw,Z" "-v" "/var/lib/crater-agent-workspace/builds/worker-9/source:/opt/rustwide/workdir:ro,Z" "-v" "/var/lib/crater-agent-workspace/cargo-home:/opt/rustwide/cargo-home:ro,Z" "-v" "/var/lib/crater-agent-workspace/rustup-home:/opt/rustwide/rustup-home:ro,Z" "-e" "SOURCE_DIR=/opt/rustwide/workdir" "-e" "CARGO_TARGET_DIR=/opt/rustwide/target" "-e" "CARGO_INCREMENTAL=0" "-e" "RUST_BACKTRACE=full" "-e" "RUSTFLAGS=--cap-lints=warn" "-e" "CARGO_HOME=/opt/rustwide/cargo-home" "-e" "RUSTUP_HOME=/opt/rustwide/rustup-home" "-w" "/opt/rustwide/workdir" "-m" "1610612736" "--user" "0:0" "--network" "none" "ghcr.io/rust-lang/crates-build-env/linux@sha256:a89201d6b5b9fd45c15d5952ece0a0129e7e80cb26ec023fd59cf09bc26f1604" "/opt/rustwide/cargo-home/bin/cargo" "+1.55.0" "check" "--frozen" "--all" "--all-targets" "--message-format=json", kill_on_drop: false }`
[INFO] [stdout] 96c594836f697e9e9776ff991e3e0cbd3d8450bab8b567a008273da1d150cd23
[INFO] [stderr] WARNING: Your kernel does not support swap limit capabilities or the cgroup is not mounted. Memory limited without swap.
[INFO] running `Command { std: "docker" "start" "-a" "96c594836f697e9e9776ff991e3e0cbd3d8450bab8b567a008273da1d150cd23", kill_on_drop: false }`
[INFO] [stderr]     Blocking waiting for file lock on package cache
[INFO] [stderr]    Compiling proc-macro2 v1.0.27
[INFO] [stderr]    Compiling libc v0.2.98
[INFO] [stderr]    Compiling cmake v0.1.45
[INFO] [stderr]    Compiling fltk-sys v1.2.1
[INFO] [stderr]    Compiling quote v1.0.9
[INFO] [stderr]     Checking raw-window-handle v0.3.3
[INFO] [stderr]    Compiling syn v1.0.76
[INFO] [stderr]    Compiling fltk-derive v1.2.0
[INFO] [stderr] error: failed to run custom build command for `fltk-sys v1.2.1`
[INFO] [stderr] 
[INFO] [stderr] Caused by:
[INFO] [stderr]   process didn't exit successfully: `/opt/rustwide/target/debug/build/fltk-sys-38d2f96d4ed4549b/build-script-main` (exit status: 101)
[INFO] [stderr]   --- stdout
[INFO] [stderr]   cargo:rerun-if-changed=build/android.rs
[INFO] [stderr]   cargo:rerun-if-changed=build/bundled.rs
[INFO] [stderr]   cargo:rerun-if-changed=build/link.rs
[INFO] [stderr]   cargo:rerun-if-changed=build/main.rs
[INFO] [stderr]   cargo:rerun-if-changed=build/source.rs
[INFO] [stderr]   cargo:rerun-if-changed=build/utils.rs
[INFO] [stderr]   cargo:rerun-if-env-changed=CC
[INFO] [stderr]   cargo:rerun-if-env-changed=CXX
[INFO] [stderr]   cargo:rerun-if-changed=cfltk/CMakeLists.txt
[INFO] [stderr]   cargo:rerun-if-changed=cfltk/include/cfl.h
[INFO] [stderr]   cargo:rerun-if-changed=cfltk/include/cfl_widget.h
[INFO] [stderr]   cargo:rerun-if-changed=cfltk/include/cfl_group.h
[INFO] [stderr]   cargo:rerun-if-changed=cfltk/include/cfl_input.h
[INFO] [stderr]   cargo:rerun-if-changed=cfltk/include/cfl_window.h
[INFO] [stderr]   cargo:rerun-if-changed=cfltk/include/cfl_button.h
[INFO] [stderr]   cargo:rerun-if-changed=cfltk/include/cfl_box.h
[INFO] [stderr]   cargo:rerun-if-changed=cfltk/include/cfl_menu.h
[INFO] [stderr]   cargo:rerun-if-changed=cfltk/include/cfl_dialog.h
[INFO] [stderr]   cargo:rerun-if-changed=cfltk/include/cfl_valuator.h
[INFO] [stderr]   cargo:rerun-if-changed=cfltk/include/cfl_browser.h
[INFO] [stderr]   cargo:rerun-if-changed=cfltk/include/cfl_misc.h
[INFO] [stderr]   cargo:rerun-if-changed=cfltk/include/cfl_text.h
[INFO] [stderr]   cargo:rerun-if-changed=cfltk/include/cfl_image.h
[INFO] [stderr]   cargo:rerun-if-changed=cfltk/include/cfl_draw.h
[INFO] [stderr]   cargo:rerun-if-changed=cfltk/include/cfl_table.h
[INFO] [stderr]   cargo:rerun-if-changed=cfltk/include/cfl_surface.h
[INFO] [stderr]   cargo:rerun-if-changed=cfltk/include/cfl_printer.h
[INFO] [stderr]   cargo:rerun-if-changed=cfltk/include/cfl_utils.h
[INFO] [stderr]   cargo:rerun-if-changed=cfltk/include/cfl_macros.h
[INFO] [stderr]   cargo:rerun-if-changed=cfltk/src/cfl_lock.hpp
[INFO] [stderr]   cargo:rerun-if-changed=cfltk/src/cfl_lock.cpp
[INFO] [stderr]   cargo:rerun-if-changed=cfltk/src/cfl_new.cpp
[INFO] [stderr]   cargo:rerun-if-changed=cfltk/src/cfl.cpp
[INFO] [stderr]   cargo:rerun-if-changed=cfltk/src/cfl_widget.cpp
[INFO] [stderr]   cargo:rerun-if-changed=cfltk/src/cfl_group.cpp
[INFO] [stderr]   cargo:rerun-if-changed=cfltk/src/cfl_window.cpp
[INFO] [stderr]   cargo:rerun-if-changed=cfltk/src/cfl_button.cpp
[INFO] [stderr]   cargo:rerun-if-changed=cfltk/src/cfl_box.cpp
[INFO] [stderr]   cargo:rerun-if-changed=cfltk/src/cfl_menu.cpp
[INFO] [stderr]   cargo:rerun-if-changed=cfltk/src/cfl_dialog.cpp
[INFO] [stderr]   cargo:rerun-if-changed=cfltk/src/cfl_valuator.cpp
[INFO] [stderr]   cargo:rerun-if-changed=cfltk/src/cfl_browser.cpp
[INFO] [stderr]   cargo:rerun-if-changed=cfltk/src/cfl_misc.cpp
[INFO] [stderr]   cargo:rerun-if-changed=cfltk/src/cfl_text.cpp
[INFO] [stderr]   cargo:rerun-if-changed=cfltk/src/cfl_image.cpp
[INFO] [stderr]   cargo:rerun-if-changed=cfltk/src/cfl_input.cpp
[INFO] [stderr]   cargo:rerun-if-changed=cfltk/src/cfl_draw.cpp
[INFO] [stderr]   cargo:rerun-if-changed=cfltk/src/cfl_table.cpp
[INFO] [stderr]   cargo:rerun-if-changed=cfltk/src/cfl_tree.cpp
[INFO] [stderr]   cargo:rerun-if-changed=cfltk/src/cfl_surface.cpp
[INFO] [stderr]   cargo:rerun-if-changed=cfltk/src/cfl_printer.cpp
[INFO] [stderr]   cargo:rerun-if-changed=cfltk/src/cfl_font.cpp
[INFO] [stderr]   cargo:rerun-if-changed=cfltk/src/cfl_utils.cpp
[INFO] [stderr]   cargo:rerun-if-changed=cfltk/src/cfl_nswindow.m
[INFO] [stderr]   running: "cmake" "/opt/rustwide/cargo-home/registry/src/github.com-1ecc6299db9ec823/fltk-sys-1.2.1/cfltk" "-G" "Ninja" "-DOPTION_USE_SYSTEM_LIBPNG=ON" "-DOPTION_USE_SYSTEM_LIBJPEG=OFF" "-DOPTION_USE_SYSTEM_ZLIB=OFF" "-DCFLTK_LINK_IMAGES=ON" "-DOpenGL_GL_PREFERENCE=GLVND" "-DOPTION_USE_GL=OFF" "-DCFLTK_USE_OPENGL=OFF" "-DOPTION_USE_PANGO=ON" "-DCFLTK_SINGLE_THREADED=OFF" "-DCMAKE_EXPORT_COMPILE_COMMANDS=ON" "-DCFLTK_CARGO_BUILD=ON" "-DFLTK_BUILD_EXAMPLES=OFF" "-DFLTK_BUILD_TEST=OFF" "-DOPTION_LARGE_FILE=ON" "-DOPTION_USE_THREADS=ON" "-DOPTION_BUILD_HTML_DOCUMENTATION=OFF" "-DOPTION_BUILD_PDF_DOCUMENTATION=OFF" "-DCMAKE_INSTALL_PREFIX=/opt/rustwide/target/debug/build/fltk-sys-03aade874d562cdd/out" "-DCMAKE_C_FLAGS= -ffunction-sections -fdata-sections -fPIC -m64" "-DCMAKE_C_COMPILER=/usr/bin/cc" "-DCMAKE_CXX_FLAGS= -ffunction-sections -fdata-sections -fPIC -m64" "-DCMAKE_CXX_COMPILER=/usr/bin/c++" "-DCMAKE_ASM_FLAGS= -ffunction-sections -fdata-sections -fPIC -m64" "-DCMAKE_ASM_COMPILER=/usr/bin/cc" "-DCMAKE_BUILD_TYPE=Release"
[INFO] [stderr]   -- The C compiler identification is GNU 9.3.0
[INFO] [stderr]   -- The CXX compiler identification is GNU 9.3.0
[INFO] [stderr]   -- Check for working C compiler: /usr/bin/cc
[INFO] [stderr]   -- Check for working C compiler: /usr/bin/cc -- works
[INFO] [stderr]   -- Detecting C compiler ABI info
[INFO] [stderr]   -- Detecting C compiler ABI info - done
[INFO] [stderr]   -- Detecting C compile features
[INFO] [stderr]   -- Detecting C compile features - done
[INFO] [stderr]   -- Check for working CXX compiler: /usr/bin/c++
[INFO] [stderr]   -- Check for working CXX compiler: /usr/bin/c++ -- works
[INFO] [stderr]   -- Detecting CXX compiler ABI info
[INFO] [stderr]   -- Detecting CXX compiler ABI info - done
[INFO] [stderr]   -- Detecting CXX compile features
[INFO] [stderr]   -- Detecting CXX compile features - done
[INFO] [stderr]   -- Check if the system is big endian
[INFO] [stderr]   -- Searching 16 bit integer
[INFO] [stderr]   -- Looking for sys/types.h
[INFO] [stderr]   -- Looking for sys/types.h - found
[INFO] [stderr]   -- Looking for stdint.h
[INFO] [stderr]   -- Looking for stdint.h - found
[INFO] [stderr]   -- Looking for stddef.h
[INFO] [stderr]   -- Looking for stddef.h - found
[INFO] [stderr]   -- Check size of unsigned short
[INFO] [stderr]   -- Check size of unsigned short - done
[INFO] [stderr]   -- Using unsigned short
[INFO] [stderr]   -- Check if the system is big endian - little endian
[INFO] [stderr]   -- Check size of short
[INFO] [stderr]   -- Check size of short - done
[INFO] [stderr]   -- Check size of int
[INFO] [stderr]   -- Check size of int - done
[INFO] [stderr]   -- Check size of long
[INFO] [stderr]   -- Check size of long - done
[INFO] [stderr]   -- Check size of long long
[INFO] [stderr]   -- Check size of long long - done
[INFO] [stderr]   -- Found PkgConfig: /usr/bin/pkg-config (found version "0.29.1") 
[INFO] [stderr]   -- Looking for POSIX compatible scandir
[INFO] [stderr]   -- POSIX compatible scandir - found
[INFO] [stderr]   -- Could NOT find Doxygen (missing: DOXYGEN_EXECUTABLE) 
[INFO] [stderr]   -- Found X11: /usr/include   
[INFO] [stderr]   -- Looking for XOpenDisplay in /usr/lib/x86_64-linux-gnu/libX11.so;/usr/lib/x86_64-linux-gnu/libXext.so
[INFO] [stderr]   -- Looking for XOpenDisplay in /usr/lib/x86_64-linux-gnu/libX11.so;/usr/lib/x86_64-linux-gnu/libXext.so - found
[INFO] [stderr]   -- Looking for gethostbyname
[INFO] [stderr]   -- Looking for gethostbyname - found
[INFO] [stderr]   -- Looking for connect
[INFO] [stderr]   -- Looking for connect - found
[INFO] [stderr]   -- Looking for remove
[INFO] [stderr]   -- Looking for remove - found
[INFO] [stderr]   -- Looking for shmat
[INFO] [stderr]   -- Looking for shmat - found
[INFO] [stderr]   -- Looking for IceConnectionNumber in ICE
[INFO] [stderr]   -- Looking for IceConnectionNumber in ICE - found
[INFO] [stderr]   -- Looking for pthread.h
[INFO] [stderr]   -- Looking for pthread.h - found
[INFO] [stderr]   -- Performing Test CMAKE_HAVE_LIBC_PTHREAD
[INFO] [stderr]   -- Performing Test CMAKE_HAVE_LIBC_PTHREAD - Failed
[INFO] [stderr]   -- Looking for pthread_create in pthreads
[INFO] [stderr]   -- Looking for pthread_create in pthreads - not found
[INFO] [stderr]   -- Looking for pthread_create in pthread
[INFO] [stderr]   -- Looking for pthread_create in pthread - found
[INFO] [stderr]   -- Found Threads: TRUE  
[INFO] [stderr]   -- Found ZLIB: /usr/lib/x86_64-linux-gnu/libz.so (found version "1.2.11") 
[INFO] [stderr]   -- Found PNG: /usr/lib/x86_64-linux-gnu/libpng.so (found version "1.6.37") 
[INFO] [stderr]   -- Checking for module 'pangoxft'
[INFO] [stderr]   --   Found pangoxft, version 1.44.7
[INFO] [stderr]   -- Checking for module 'pangocairo'
[INFO] [stderr]   --   Found pangocairo, version 1.44.7
[INFO] [stderr]   -- Checking for module 'cairo'
[INFO] [stderr]   --   Found cairo, version 1.16.0
[INFO] [stderr]   -- Configuration Summary for FLTK 1.4.0 generated by CMake 3.16.3 --
[INFO] [stderr] 
[INFO] [stderr]   -- The following OPTIONAL packages have been found:
[INFO] [stderr] 
[INFO] [stderr]    * ZLIB
[INFO] [stderr]    * PNG
[INFO] [stderr] 
[INFO] [stderr]   -- The following OPTIONAL packages have not been found:
[INFO] [stderr] 
[INFO] [stderr]    * Doxygen
[INFO] [stderr] 
[INFO] [stderr]   -- Static libraries will be built in /opt/rustwide/target/debug/build/fltk-sys-03aade874d562cdd/out/build/fltk/lib
[INFO] [stderr]   -- Shared libraries will not be built (set OPTION_BUILD_SHARED_LIBS=ON to build)
[INFO] [stderr]   -- Example programs will not be built (set FLTK_BUILD_EXAMPLES=ON to build)
[INFO] [stderr]   -- End of Configuration Summary --
[INFO] [stderr] 
[INFO] [stderr]   -- Configuring done
[INFO] [stderr]   -- Generating done
[INFO] [stderr]   -- Build files have been written to: /opt/rustwide/target/debug/build/fltk-sys-03aade874d562cdd/out/build
[INFO] [stderr]   running: "cmake" "--build" "." "--target" "install" "--config" "Release" "--" "-j16"
[INFO] [stderr]   [1/307] Building CXX object CMakeFiles/cfltk.dir/src/cfl_new.cpp.o
[INFO] [stderr]   [2/307] Building CXX object CMakeFiles/cfltk.dir/src/cfl_lock.cpp.o
[INFO] [stderr]   [3/307] Building CXX object CMakeFiles/cfltk.dir/src/cfl.cpp.o
[INFO] [stderr]   [4/307] Building CXX object CMakeFiles/cfltk.dir/src/cfl_box.cpp.o
[INFO] [stderr]   [5/307] Building CXX object CMakeFiles/cfltk.dir/src/cfl_widget.cpp.o
[INFO] [stderr]   [6/307] Building CXX object CMakeFiles/cfltk.dir/src/cfl_group.cpp.o
[INFO] [stderr]   FAILED: CMakeFiles/cfltk.dir/src/cfl_group.cpp.o 
[INFO] [stderr]   /usr/bin/c++   -I/opt/rustwide/cargo-home/registry/src/github.com-1ecc6299db9ec823/fltk-sys-1.2.1/cfltk/include -I/opt/rustwide/cargo-home/registry/src/github.com-1ecc6299db9ec823/fltk-sys-1.2.1/cfltk/fltk -Ifltk -I/opt/rustwide/cargo-home/registry/src/github.com-1ecc6299db9ec823/fltk-sys-1.2.1/cfltk/FL_FLex -ffunction-sections -fdata-sections -fPIC -m64 -fno-rtti -fno-exceptions -O3 -DNDEBUG   -std=gnu++11 -MD -MT CMakeFiles/cfltk.dir/src/cfl_group.cpp.o -MF CMakeFiles/cfltk.dir/src/cfl_group.cpp.o.d -o CMakeFiles/cfltk.dir/src/cfl_group.cpp.o -c /opt/rustwide/cargo-home/registry/src/github.com-1ecc6299db9ec823/fltk-sys-1.2.1/cfltk/src/cfl_group.cpp
[INFO] [stderr]   In file included from /opt/rustwide/cargo-home/registry/src/github.com-1ecc6299db9ec823/fltk-sys-1.2.1/cfltk/include/cfl_group.h:4,
[INFO] [stderr]                    from /opt/rustwide/cargo-home/registry/src/github.com-1ecc6299db9ec823/fltk-sys-1.2.1/cfltk/src/cfl_group.cpp:1:
[INFO] [stderr]   /opt/rustwide/cargo-home/registry/src/github.com-1ecc6299db9ec823/fltk-sys-1.2.1/cfltk/src/cfl_group.cpp: In constructor 'Fl_Flex_Derived::Fl_Flex_Derived(int, int, int, int, const char*)':
[INFO] [stderr]   /opt/rustwide/cargo-home/registry/src/github.com-1ecc6299db9ec823/fltk-sys-1.2.1/cfltk/include/cfl_macros.h:111:34: error: invalid conversion from 'const char*' to 'int' [-fpermissive]
[INFO] [stderr]     111 |             : widget(x, y, w, h, title) {                                                          \
[INFO] [stderr]         |                                  ^~~~~
[INFO] [stderr]         |                                  |
[INFO] [stderr]         |                                  const char*
[INFO] [stderr]   /opt/rustwide/cargo-home/registry/src/github.com-1ecc6299db9ec823/fltk-sys-1.2.1/cfltk/src/cfl_group.cpp:176:1: note: in expansion of macro 'WIDGET_CLASS'
[INFO] [stderr]     176 | WIDGET_CLASS(Fl_Flex)
[INFO] [stderr]         | ^~~~~~~~~~~~
[INFO] [stderr]   In file included from /opt/rustwide/cargo-home/registry/src/github.com-1ecc6299db9ec823/fltk-sys-1.2.1/cfltk/src/cfl_group.cpp:15:
[INFO] [stderr]   /opt/rustwide/cargo-home/registry/src/github.com-1ecc6299db9ec823/fltk-sys-1.2.1/cfltk/FL_FLex/FL_Flex.H:13:43: note:   initializing argument 5 of 'Fl_Flex::Fl_Flex(int, int, int, int, int)'
[INFO] [stderr]      13 |   Fl_Flex(int x, int y, int w, int h, int direction);
[INFO] [stderr]         |                                       ~~~~^~~~~~~~~
[INFO] [stderr]   [7/307] Building CXX object CMakeFiles/cfltk.dir/src/cfl_draw.cpp.o
[INFO] [stderr]   [8/307] Building CXX object CMakeFiles/cfltk.dir/src/cfl_dialog.cpp.o
[INFO] [stderr]   [9/307] Building CXX object CMakeFiles/cfltk.dir/src/cfl_surface.cpp.o
[INFO] [stderr]   [10/307] Building CXX object CMakeFiles/cfltk.dir/src/cfl_image.cpp.o
[INFO] [stderr]   [11/307] Building CXX object CMakeFiles/cfltk.dir/src/cfl_tree.cpp.o
[INFO] [stderr]   [12/307] Building CXX object CMakeFiles/cfltk.dir/src/cfl_text.cpp.o
[INFO] [stderr]   [13/307] Building CXX object CMakeFiles/cfltk.dir/src/cfl_table.cpp.o
[INFO] [stderr]   [14/307] Building CXX object CMakeFiles/cfltk.dir/src/cfl_menu.cpp.o
[INFO] [stderr]   [15/307] Building CXX object CMakeFiles/cfltk.dir/src/cfl_misc.cpp.o
[INFO] [stderr]   [16/307] Building CXX object CMakeFiles/cfltk.dir/src/cfl_browser.cpp.o
[INFO] [stderr]   [17/307] Building CXX object CMakeFiles/cfltk.dir/src/cfl_window.cpp.o
[INFO] [stderr]   [18/307] Building CXX object CMakeFiles/cfltk.dir/src/cfl_button.cpp.o
[INFO] [stderr]   [19/307] Building CXX object CMakeFiles/cfltk.dir/src/cfl_input.cpp.o
[INFO] [stderr]   [20/307] Building CXX object CMakeFiles/cfltk.dir/src/cfl_font.cpp.o
[INFO] [stderr]   [21/307] Building CXX object CMakeFiles/cfltk.dir/src/cfl_valuator.cpp.o
[INFO] [stderr]   ninja: build stopped: subcommand failed.
[INFO] [stderr] 
[INFO] [stderr]   --- stderr
[INFO] [stderr]   fatal: not a git repository (or any parent up to mount point /opt/rustwide)
[INFO] [stderr]   Stopping at filesystem boundary (GIT_DISCOVERY_ACROSS_FILESYSTEM not set).
[INFO] [stderr]   warning: unable to unlink 'FL_Flex.H': Read-only file system
[INFO] [stderr]   warning: unable to unlink 'FL_Flex.cpp': Read-only file system
[INFO] [stderr]   error: unable to write file 'FL_Flex.H' mode 100644: Read-only file system
[INFO] [stderr] 
[INFO] [stderr] 
[INFO] [stderr]   CMake Warning:
[INFO] [stderr]     Manually-specified variables were not used by the project:
[INFO] [stderr] 
[INFO] [stderr]       CMAKE_ASM_COMPILER
[INFO] [stderr]       CMAKE_ASM_FLAGS
[INFO] [stderr] 
[INFO] [stderr] 
[INFO] [stderr]   thread 'main' panicked at '
[INFO] [stderr]   command did not execute successfully, got: exit status: 1
[INFO] [stderr] 
[INFO] [stderr]   build script failed, must exit now', /opt/rustwide/cargo-home/registry/src/github.com-1ecc6299db9ec823/cmake-0.1.45/src/lib.rs:894:5
[INFO] [stderr]   stack backtrace:
[INFO] [stderr]      0:     0x55afcfbce4f0 - std::backtrace_rs::backtrace::libunwind::trace::ha0ad43e8a952bfe7
[INFO] [stderr]                                  at /rustc/c8dfcfe046a7680554bf4eb612bad840e7631c4b/library/std/src/../../backtrace/src/backtrace/libunwind.rs:90:5
[INFO] [stderr]      1:     0x55afcfbce4f0 - std::backtrace_rs::backtrace::trace_unsynchronized::h6830419c0c4130dc
[INFO] [stderr]                                  at /rustc/c8dfcfe046a7680554bf4eb612bad840e7631c4b/library/std/src/../../backtrace/src/backtrace/mod.rs:66:5
[INFO] [stderr]      2:     0x55afcfbce4f0 - std::sys_common::backtrace::_print_fmt::h8f3516631ffa1ef5
[INFO] [stderr]                                  at /rustc/c8dfcfe046a7680554bf4eb612bad840e7631c4b/library/std/src/sys_common/backtrace.rs:67:5
[INFO] [stderr]      3:     0x55afcfbce4f0 - <std::sys_common::backtrace::_print::DisplayBacktrace as core::fmt::Display>::fmt::he1640d5f0d93f618
[INFO] [stderr]                                  at /rustc/c8dfcfe046a7680554bf4eb612bad840e7631c4b/library/std/src/sys_common/backtrace.rs:46:22
[INFO] [stderr]      4:     0x55afcfbee39c - core::fmt::write::h88012e1f01caeebf
[INFO] [stderr]                                  at /rustc/c8dfcfe046a7680554bf4eb612bad840e7631c4b/library/core/src/fmt/mod.rs:1115:17
[INFO] [stderr]      5:     0x55afcfbcb1b5 - std::io::Write::write_fmt::h360fa85b30182555
[INFO] [stderr]                                  at /rustc/c8dfcfe046a7680554bf4eb612bad840e7631c4b/library/std/src/io/mod.rs:1665:15
[INFO] [stderr]      6:     0x55afcfbd0b1b - std::sys_common::backtrace::_print::ha1f00492f406a015
[INFO] [stderr]                                  at /rustc/c8dfcfe046a7680554bf4eb612bad840e7631c4b/library/std/src/sys_common/backtrace.rs:49:5
[INFO] [stderr]      7:     0x55afcfbd0b1b - std::sys_common::backtrace::print::hd54561b13feb6af3
[INFO] [stderr]                                  at /rustc/c8dfcfe046a7680554bf4eb612bad840e7631c4b/library/std/src/sys_common/backtrace.rs:36:9
[INFO] [stderr]      8:     0x55afcfbd0b1b - std::panicking::default_hook::{{closure}}::h84fe124cd0864662
[INFO] [stderr]                                  at /rustc/c8dfcfe046a7680554bf4eb612bad840e7631c4b/library/std/src/panicking.rs:208:50
[INFO] [stderr]      9:     0x55afcfbd05f1 - std::panicking::default_hook::h5a8e74a76ce290a7
[INFO] [stderr]                                  at /rustc/c8dfcfe046a7680554bf4eb612bad840e7631c4b/library/std/src/panicking.rs:225:9
[INFO] [stderr]     10:     0x55afcfbd11e4 - std::panicking::rust_panic_with_hook::h67c812a4fe9d4c91
[INFO] [stderr]                                  at /rustc/c8dfcfe046a7680554bf4eb612bad840e7631c4b/library/std/src/panicking.rs:622:17
[INFO] [stderr]     11:     0x55afcfbd0cc7 - std::panicking::begin_panic_handler::{{closure}}::h33f9c1b96af300d7
[INFO] [stderr]                                  at /rustc/c8dfcfe046a7680554bf4eb612bad840e7631c4b/library/std/src/panicking.rs:519:13
[INFO] [stderr]     12:     0x55afcfbce9ec - std::sys_common::backtrace::__rust_end_short_backtrace::h51bae64be5921f0e
[INFO] [stderr]                                  at /rustc/c8dfcfe046a7680554bf4eb612bad840e7631c4b/library/std/src/sys_common/backtrace.rs:141:18
[INFO] [stderr]     13:     0x55afcfbd0c29 - rust_begin_unwind
[INFO] [stderr]                                  at /rustc/c8dfcfe046a7680554bf4eb612bad840e7631c4b/library/std/src/panicking.rs:515:5
[INFO] [stderr]     14:     0x55afcfb47bbb - std::panicking::begin_panic_fmt::h7ab3d84aa4ae32a2
[INFO] [stderr]                                  at /rustc/c8dfcfe046a7680554bf4eb612bad840e7631c4b/library/std/src/panicking.rs:457:5
[INFO] [stderr]     15:     0x55afcfb59583 - cmake::fail::hcfb6275c13ff756c
[INFO] [stderr]                                  at /opt/rustwide/cargo-home/registry/src/github.com-1ecc6299db9ec823/cmake-0.1.45/src/lib.rs:894:5
[INFO] [stderr]     16:     0x55afcfb58f91 - cmake::run::h5d9969afa273fbe7
[INFO] [stderr]                                  at /opt/rustwide/cargo-home/registry/src/github.com-1ecc6299db9ec823/cmake-0.1.45/src/lib.rs:872:9
[INFO] [stderr]     17:     0x55afcfb569d1 - cmake::Config::build::h8d512bdd07dd7bfc
[INFO] [stderr]                                  at /opt/rustwide/cargo-home/registry/src/github.com-1ecc6299db9ec823/cmake-0.1.45/src/lib.rs:778:9
[INFO] [stderr]     18:     0x55afcfb4a381 - build_script_main::source::build::h3e0bee30a0450d35
[INFO] [stderr]                                  at /opt/rustwide/cargo-home/registry/src/github.com-1ecc6299db9ec823/fltk-sys-1.2.1/build/source.rs:169:20
[INFO] [stderr]     19:     0x55afcfb50ef3 - build_script_main::main::h846b58aa070b5f87
[INFO] [stderr]                                  at /opt/rustwide/cargo-home/registry/src/github.com-1ecc6299db9ec823/fltk-sys-1.2.1/build/main.rs:29:9
[INFO] [stderr]     20:     0x55afcfb4c86b - core::ops::function::FnOnce::call_once::h6b2b204b587158fa
[INFO] [stderr]                                  at /rustc/c8dfcfe046a7680554bf4eb612bad840e7631c4b/library/core/src/ops/function.rs:227:5
[INFO] [stderr]     21:     0x55afcfb4ccbe - std::sys_common::backtrace::__rust_begin_short_backtrace::h8638d3c1e85bed40
[INFO] [stderr]                                  at /rustc/c8dfcfe046a7680554bf4eb612bad840e7631c4b/library/std/src/sys_common/backtrace.rs:125:18
[INFO] [stderr]     22:     0x55afcfb4cd51 - std::rt::lang_start::{{closure}}::h84d72b6df6857ccb
[INFO] [stderr]                                  at /rustc/c8dfcfe046a7680554bf4eb612bad840e7631c4b/library/std/src/rt.rs:63:18
[INFO] [stderr]     23:     0x55afcfbd16ea - core::ops::function::impls::<impl core::ops::function::FnOnce<A> for &F>::call_once::ha9408abe89f69dc4
[INFO] [stderr]                                  at /rustc/c8dfcfe046a7680554bf4eb612bad840e7631c4b/library/core/src/ops/function.rs:259:13
[INFO] [stderr]     24:     0x55afcfbd16ea - std::panicking::try::do_call::h5b0cc9e9102acb65
[INFO] [stderr]                                  at /rustc/c8dfcfe046a7680554bf4eb612bad840e7631c4b/library/std/src/panicking.rs:401:40
[INFO] [stderr]     25:     0x55afcfbd16ea - std::panicking::try::hddc7f8229138b3ba
[INFO] [stderr]                                  at /rustc/c8dfcfe046a7680554bf4eb612bad840e7631c4b/library/std/src/panicking.rs:365:19
[INFO] [stderr]     26:     0x55afcfbd16ea - std::panic::catch_unwind::hfa401ff8bab2986e
[INFO] [stderr]                                  at /rustc/c8dfcfe046a7680554bf4eb612bad840e7631c4b/library/std/src/panic.rs:434:14
[INFO] [stderr]     27:     0x55afcfbd16ea - std::rt::lang_start_internal::{{closure}}::h8163422320d11405
[INFO] [stderr]                                  at /rustc/c8dfcfe046a7680554bf4eb612bad840e7631c4b/library/std/src/rt.rs:45:48
[INFO] [stderr]     28:     0x55afcfbd16ea - std::panicking::try::do_call::hc742cc7bb4f0fb20
[INFO] [stderr]                                  at /rustc/c8dfcfe046a7680554bf4eb612bad840e7631c4b/library/std/src/panicking.rs:401:40
[INFO] [stderr]     29:     0x55afcfbd16ea - std::panicking::try::ha37d8d2dd1acf7d3
[INFO] [stderr]                                  at /rustc/c8dfcfe046a7680554bf4eb612bad840e7631c4b/library/std/src/panicking.rs:365:19
[INFO] [stderr]     30:     0x55afcfbd16ea - std::panic::catch_unwind::h8a5381d5ecf437bc
[INFO] [stderr]                                  at /rustc/c8dfcfe046a7680554bf4eb612bad840e7631c4b/library/std/src/panic.rs:434:14
[INFO] [stderr]     31:     0x55afcfbd16ea - std::rt::lang_start_internal::h7e2cee8c90d4a4d3
[INFO] [stderr]                                  at /rustc/c8dfcfe046a7680554bf4eb612bad840e7631c4b/library/std/src/rt.rs:45:20
[INFO] [stderr]     32:     0x55afcfb4cd20 - std::rt::lang_start::hdef304d27ee49aea
[INFO] [stderr]                                  at /rustc/c8dfcfe046a7680554bf4eb612bad840e7631c4b/library/std/src/rt.rs:62:5
[INFO] [stderr]     33:     0x55afcfb5100c - main
[INFO] [stderr]     34:     0x7f27d41130b3 - __libc_start_main
[INFO] [stderr]     35:     0x55afcfb48a5e - _start
[INFO] [stderr]     36:                0x0 - <unknown>
[INFO] [stderr] warning: build failed, waiting for other jobs to finish...
[INFO] [stderr] error: build failed
[INFO] running `Command { std: "docker" "inspect" "96c594836f697e9e9776ff991e3e0cbd3d8450bab8b567a008273da1d150cd23", kill_on_drop: false }`
[INFO] running `Command { std: "docker" "rm" "-f" "96c594836f697e9e9776ff991e3e0cbd3d8450bab8b567a008273da1d150cd23", kill_on_drop: false }`
[INFO] [stdout] 96c594836f697e9e9776ff991e3e0cbd3d8450bab8b567a008273da1d150cd23
