[INFO] fetching crate floating_bar 0.4.0...
[INFO] checking floating_bar-0.4.0 against beta-2021-10-15 for beta-1.56-3
[INFO] extracting crate floating_bar 0.4.0 into /workspace/builds/worker-16/source
[INFO] validating manifest of crates.io crate floating_bar 0.4.0 on toolchain beta-2021-10-15
[INFO] running `Command { std: "/workspace/cargo-home/bin/cargo" "+beta-2021-10-15" "metadata" "--manifest-path" "Cargo.toml" "--no-deps", kill_on_drop: false }`
[INFO] started tweaking crates.io crate floating_bar 0.4.0
[INFO] finished tweaking crates.io crate floating_bar 0.4.0
[INFO] tweaked toml for crates.io crate floating_bar 0.4.0 written to /workspace/builds/worker-16/source/Cargo.toml
[INFO] running `Command { std: "/workspace/cargo-home/bin/cargo" "+beta-2021-10-15" "generate-lockfile" "--manifest-path" "Cargo.toml" "-Zno-index-update", kill_on_drop: false }`
[INFO] [stderr]     Blocking waiting for file lock on package cache
[INFO] running `Command { std: "/workspace/cargo-home/bin/cargo" "+beta-2021-10-15" "fetch" "--manifest-path" "Cargo.toml", kill_on_drop: false }`
[INFO] [stderr]     Blocking waiting for file lock on package cache
[INFO] [stderr]     Blocking waiting for file lock on package cache
[INFO] [stderr]  Downloading crates ...
[INFO] [stderr]   Downloaded gcd v2.0.2
[INFO] running `Command { std: "docker" "create" "-v" "/var/lib/crater-agent-workspace/builds/worker-16/target:/opt/rustwide/target:rw,Z" "-v" "/var/lib/crater-agent-workspace/builds/worker-16/source:/opt/rustwide/workdir:ro,Z" "-v" "/var/lib/crater-agent-workspace/cargo-home:/opt/rustwide/cargo-home:ro,Z" "-v" "/var/lib/crater-agent-workspace/rustup-home:/opt/rustwide/rustup-home:ro,Z" "-e" "SOURCE_DIR=/opt/rustwide/workdir" "-e" "CARGO_TARGET_DIR=/opt/rustwide/target" "-e" "CARGO_HOME=/opt/rustwide/cargo-home" "-e" "RUSTUP_HOME=/opt/rustwide/rustup-home" "-w" "/opt/rustwide/workdir" "-m" "1610612736" "--user" "0:0" "--network" "none" "ghcr.io/rust-lang/crates-build-env/linux@sha256:a89201d6b5b9fd45c15d5952ece0a0129e7e80cb26ec023fd59cf09bc26f1604" "/opt/rustwide/cargo-home/bin/cargo" "+beta-2021-10-15" "metadata" "--no-deps" "--format-version=1", kill_on_drop: false }`
[INFO] [stdout] 57f2ad8cac322b2d9b7a9dcaa00b5efabba8924f1917bac44b5284a49e1d39dd
[INFO] running `Command { std: "docker" "start" "-a" "57f2ad8cac322b2d9b7a9dcaa00b5efabba8924f1917bac44b5284a49e1d39dd", kill_on_drop: false }`
[INFO] running `Command { std: "docker" "inspect" "57f2ad8cac322b2d9b7a9dcaa00b5efabba8924f1917bac44b5284a49e1d39dd", kill_on_drop: false }`
[INFO] running `Command { std: "docker" "rm" "-f" "57f2ad8cac322b2d9b7a9dcaa00b5efabba8924f1917bac44b5284a49e1d39dd", kill_on_drop: false }`
[INFO] [stdout] 57f2ad8cac322b2d9b7a9dcaa00b5efabba8924f1917bac44b5284a49e1d39dd
[INFO] running `Command { std: "docker" "create" "-v" "/var/lib/crater-agent-workspace/builds/worker-16/target:/opt/rustwide/target:rw,Z" "-v" "/var/lib/crater-agent-workspace/builds/worker-16/source:/opt/rustwide/workdir:ro,Z" "-v" "/var/lib/crater-agent-workspace/cargo-home:/opt/rustwide/cargo-home:ro,Z" "-v" "/var/lib/crater-agent-workspace/rustup-home:/opt/rustwide/rustup-home:ro,Z" "-e" "SOURCE_DIR=/opt/rustwide/workdir" "-e" "CARGO_TARGET_DIR=/opt/rustwide/target" "-e" "CARGO_INCREMENTAL=0" "-e" "RUST_BACKTRACE=full" "-e" "RUSTFLAGS=--cap-lints=warn" "-e" "CARGO_HOME=/opt/rustwide/cargo-home" "-e" "RUSTUP_HOME=/opt/rustwide/rustup-home" "-w" "/opt/rustwide/workdir" "-m" "1610612736" "--user" "0:0" "--network" "none" "ghcr.io/rust-lang/crates-build-env/linux@sha256:a89201d6b5b9fd45c15d5952ece0a0129e7e80cb26ec023fd59cf09bc26f1604" "/opt/rustwide/cargo-home/bin/cargo" "+beta-2021-10-15" "check" "--frozen" "--all" "--all-targets" "--message-format=json", kill_on_drop: false }`
[INFO] [stdout] c024e9848b3d77e81f8ad667a2030200e20e6b45fbc7a58434070bf3d8b6dbcf
[INFO] running `Command { std: "docker" "start" "-a" "c024e9848b3d77e81f8ad667a2030200e20e6b45fbc7a58434070bf3d8b6dbcf", kill_on_drop: false }`
[INFO] [stderr]     Blocking waiting for file lock on package cache
[INFO] [stderr]    Compiling serde v1.0.130
[INFO] [stderr]    Compiling crossbeam-utils v0.8.5
[INFO] [stderr]    Compiling semver v1.0.4
[INFO] [stderr]    Compiling crossbeam-epoch v0.9.5
[INFO] [stderr]    Compiling memchr v2.4.1
[INFO] [stderr]    Compiling rayon-core v1.9.1
[INFO] [stderr]     Checking either v1.6.1
[INFO] [stderr]    Compiling syn v1.0.80
[INFO] [stderr]     Checking plotters-backend v0.3.2
[INFO] [stderr]     Checking regex-automata v0.1.10
[INFO] [stderr]     Checking regex-syntax v0.6.25
[INFO] [stderr]     Checking half v1.8.0
[INFO] [stderr]     Checking same-file v1.0.6
[INFO] [stderr]     Checking oorandom v11.1.3
[INFO] [stderr]     Checking gcd v2.0.2
[INFO] [stderr]    Compiling memoffset v0.6.4
[INFO] [stderr]    Compiling num-traits v0.2.14
[INFO] [stderr]    Compiling rayon v1.5.1
[INFO] [stderr]     Checking clap v2.33.3
[INFO] [stderr]     Checking floating_bar v0.4.0 (/opt/rustwide/workdir)
[INFO] [stderr]     Checking plotters-svg v0.3.1
[INFO] [stderr]     Checking walkdir v2.3.2
[INFO] [stderr]     Checking itertools v0.10.1
[INFO] [stderr]     Checking crossbeam-channel v0.5.1
[INFO] [stderr]     Checking csv-core v0.1.10
[INFO] [stderr]     Checking regex v1.5.4
[INFO] [stderr]    Compiling rustc_version v0.4.0
[INFO] [stderr]     Checking crossbeam-deque v0.8.1
[INFO] [stderr]    Compiling cast v0.2.7
[INFO] [stderr]     Checking plotters v0.3.1
[INFO] [stderr]     Checking criterion-plot v0.4.4
[INFO] [stderr]     Checking serde_json v1.0.68
[INFO] [stderr]     Checking bstr v0.2.17
[INFO] [stderr]     Checking serde_cbor v0.11.2
[INFO] [stderr]     Checking csv v1.1.6
[INFO] [stderr]     Checking tinytemplate v1.2.1
[INFO] [stderr]    Compiling serde_derive v1.0.130
[INFO] [stderr]     Checking criterion v0.3.5
[INFO] [stdout] error[E0369]: cannot add `r64` to `Option<r64>`
[INFO] [stdout]   --> benches/r64_bench.rs:36:58
[INFO] [stdout]    |
[INFO] [stdout] 36 |         ratios.iter().fold(black_box(r64::new(0, 1)), |a, b| a + *b)
[INFO] [stdout]    |                                                              - ^ -- r64
[INFO] [stdout]    |                                                              |
[INFO] [stdout]    |                                                              Option<r64>
[INFO] [stdout] 
[INFO] [stdout] 
[INFO] [stdout] error[E0369]: cannot add `r32` to `Option<r32>`
[INFO] [stdout]   --> benches/r32_bench.rs:35:58
[INFO] [stdout]    |
[INFO] [stdout] 35 |         ratios.iter().fold(black_box(r32::new(0, 1)), |a, b| a + *b)
[INFO] [stdout]    |                                                              - ^ -- r32
[INFO] [stdout]    |                                                              |
[INFO] [stdout]    |                                                              Option<r32>
[INFO] [stdout] 
[INFO] [stdout] 
[INFO] [stderr] error: could not compile `floating_bar` due to 3 previous errors
[INFO] [stdout] error[E0369]: cannot multiply `Option<r64>` by `r64`
[INFO] [stdout]   --> benches/r64_bench.rs:56:59
[INFO] [stdout]    |
[INFO] [stdout] 56 |         ratios.iter().fold(black_box(r64::new(0, 1)), |a, &b| a * b)
[INFO] [stdout]    |                                                               - ^ - r64
[INFO] [stdout]    |                                                               |
[INFO] [stdout]    |                                                               Option<r64>
[INFO] [stdout] 
[INFO] [stdout] 
[INFO] [stderr] warning: build failed, waiting for other jobs to finish...
[INFO] [stdout] error: aborting due to 2 previous errors
[INFO] [stdout] 
[INFO] [stdout] 
[INFO] [stdout] For more information about this error, try `rustc --explain E0369`.
[INFO] [stdout] 
[INFO] [stdout] error[E0369]: cannot multiply `Option<r32>` by `r32`
[INFO] [stdout]   --> benches/r32_bench.rs:55:59
[INFO] [stdout]    |
[INFO] [stdout] 55 |         ratios.iter().fold(black_box(r32::new(0, 1)), |a, &b| a * b)
[INFO] [stdout]    |                                                               - ^ - r32
[INFO] [stdout]    |                                                               |
[INFO] [stdout]    |                                                               Option<r32>
[INFO] [stdout] 
[INFO] [stdout] 
[INFO] [stdout] error: aborting due to 2 previous errors
[INFO] [stdout] 
[INFO] [stdout] 
[INFO] [stdout] For more information about this error, try `rustc --explain E0369`.
[INFO] [stdout] 
[INFO] [stderr] error: build failed
[INFO] running `Command { std: "docker" "inspect" "c024e9848b3d77e81f8ad667a2030200e20e6b45fbc7a58434070bf3d8b6dbcf", kill_on_drop: false }`
[INFO] running `Command { std: "docker" "rm" "-f" "c024e9848b3d77e81f8ad667a2030200e20e6b45fbc7a58434070bf3d8b6dbcf", kill_on_drop: false }`
[INFO] [stdout] c024e9848b3d77e81f8ad667a2030200e20e6b45fbc7a58434070bf3d8b6dbcf
