[INFO] fetching crate fenris-geometry 0.0.1...
[INFO] checking fenris-geometry-0.0.1 against beta-2021-10-15 for beta-1.56-3
[INFO] extracting crate fenris-geometry 0.0.1 into /workspace/builds/worker-106/source
[INFO] validating manifest of crates.io crate fenris-geometry 0.0.1 on toolchain beta-2021-10-15
[INFO] running `Command { std: "/workspace/cargo-home/bin/cargo" "+beta-2021-10-15" "metadata" "--manifest-path" "Cargo.toml" "--no-deps", kill_on_drop: false }`
[INFO] started tweaking crates.io crate fenris-geometry 0.0.1
[INFO] finished tweaking crates.io crate fenris-geometry 0.0.1
[INFO] tweaked toml for crates.io crate fenris-geometry 0.0.1 written to /workspace/builds/worker-106/source/Cargo.toml
[INFO] running `Command { std: "/workspace/cargo-home/bin/cargo" "+beta-2021-10-15" "generate-lockfile" "--manifest-path" "Cargo.toml" "-Zno-index-update", kill_on_drop: false }`
[INFO] [stderr]     Blocking waiting for file lock on package cache
[INFO] running `Command { std: "/workspace/cargo-home/bin/cargo" "+beta-2021-10-15" "fetch" "--manifest-path" "Cargo.toml", kill_on_drop: false }`
[INFO] [stderr]     Blocking waiting for file lock on package cache
[INFO] [stderr]     Blocking waiting for file lock on package cache
[INFO] running `Command { std: "docker" "create" "-v" "/var/lib/crater-agent-workspace/builds/worker-106/target:/opt/rustwide/target:rw,Z" "-v" "/var/lib/crater-agent-workspace/builds/worker-106/source:/opt/rustwide/workdir:ro,Z" "-v" "/var/lib/crater-agent-workspace/cargo-home:/opt/rustwide/cargo-home:ro,Z" "-v" "/var/lib/crater-agent-workspace/rustup-home:/opt/rustwide/rustup-home:ro,Z" "-e" "SOURCE_DIR=/opt/rustwide/workdir" "-e" "CARGO_TARGET_DIR=/opt/rustwide/target" "-e" "CARGO_HOME=/opt/rustwide/cargo-home" "-e" "RUSTUP_HOME=/opt/rustwide/rustup-home" "-w" "/opt/rustwide/workdir" "-m" "1610612736" "--user" "0:0" "--network" "none" "ghcr.io/rust-lang/crates-build-env/linux@sha256:a89201d6b5b9fd45c15d5952ece0a0129e7e80cb26ec023fd59cf09bc26f1604" "/opt/rustwide/cargo-home/bin/cargo" "+beta-2021-10-15" "metadata" "--no-deps" "--format-version=1", kill_on_drop: false }`
[INFO] [stdout] d5daf4d87af3d8184c173d77eae6eb288cda7854c34fa57f48b3675dca88f054
[INFO] running `Command { std: "docker" "start" "-a" "d5daf4d87af3d8184c173d77eae6eb288cda7854c34fa57f48b3675dca88f054", kill_on_drop: false }`
[INFO] running `Command { std: "docker" "inspect" "d5daf4d87af3d8184c173d77eae6eb288cda7854c34fa57f48b3675dca88f054", kill_on_drop: false }`
[INFO] running `Command { std: "docker" "rm" "-f" "d5daf4d87af3d8184c173d77eae6eb288cda7854c34fa57f48b3675dca88f054", kill_on_drop: false }`
[INFO] [stdout] d5daf4d87af3d8184c173d77eae6eb288cda7854c34fa57f48b3675dca88f054
[INFO] running `Command { std: "docker" "create" "-v" "/var/lib/crater-agent-workspace/builds/worker-106/target:/opt/rustwide/target:rw,Z" "-v" "/var/lib/crater-agent-workspace/builds/worker-106/source:/opt/rustwide/workdir:ro,Z" "-v" "/var/lib/crater-agent-workspace/cargo-home:/opt/rustwide/cargo-home:ro,Z" "-v" "/var/lib/crater-agent-workspace/rustup-home:/opt/rustwide/rustup-home:ro,Z" "-e" "SOURCE_DIR=/opt/rustwide/workdir" "-e" "CARGO_TARGET_DIR=/opt/rustwide/target" "-e" "CARGO_INCREMENTAL=0" "-e" "RUST_BACKTRACE=full" "-e" "RUSTFLAGS=--cap-lints=warn" "-e" "CARGO_HOME=/opt/rustwide/cargo-home" "-e" "RUSTUP_HOME=/opt/rustwide/rustup-home" "-w" "/opt/rustwide/workdir" "-m" "1610612736" "--user" "0:0" "--network" "none" "ghcr.io/rust-lang/crates-build-env/linux@sha256:a89201d6b5b9fd45c15d5952ece0a0129e7e80cb26ec023fd59cf09bc26f1604" "/opt/rustwide/cargo-home/bin/cargo" "+beta-2021-10-15" "check" "--frozen" "--all" "--all-targets" "--message-format=json", kill_on_drop: false }`
[INFO] [stdout] ce082cd6144abec0efda20b3111118d612e04d7b570dd658a5a49f779aeebded
[INFO] running `Command { std: "docker" "start" "-a" "ce082cd6144abec0efda20b3111118d612e04d7b570dd658a5a49f779aeebded", kill_on_drop: false }`
[INFO] [stderr]     Blocking waiting for file lock on package cache
[INFO] [stderr]     Checking rawpointer v0.2.1
[INFO] [stderr]    Compiling paste v1.0.5
[INFO] [stderr]     Checking matrixcompare-core v0.1.0
[INFO] [stderr]    Compiling num-traits v0.2.14
[INFO] [stderr]    Compiling num-integer v0.1.44
[INFO] [stderr]    Compiling num-rational v0.4.0
[INFO] [stderr]    Compiling serde v1.0.130
[INFO] [stderr]     Checking itertools v0.9.0
[INFO] [stderr]    Compiling nalgebra-macros v0.1.0
[INFO] [stderr]    Compiling numeric_literals v0.2.0
[INFO] [stderr]     Checking matrixmultiply v0.3.1
[INFO] [stderr]     Checking approx v0.5.0
[INFO] [stderr]     Checking num-complex v0.4.0
[INFO] [stderr]     Checking matrixcompare v0.3.0
[INFO] [stderr]     Checking simba v0.5.1
[INFO] [stderr]     Checking fenris-nested-vec v0.0.1
[INFO] [stderr]     Checking nalgebra v0.28.0
[INFO] [stderr]     Checking fenris-geometry v0.0.1 (/opt/rustwide/workdir)
[INFO] [stdout] error[E0432]: unresolved import `util`
[INFO] [stdout]  --> tests/unit_tests/geometry.rs:4:5
[INFO] [stdout]   |
[INFO] [stdout] 4 | use util::assert_approx_matrix_eq;
[INFO] [stdout]   |     ^^^^ use of undeclared crate or module `util`
[INFO] [stdout] 
[INFO] [stdout] 
[INFO] [stdout] error[E0432]: unresolved import `util`
[INFO] [stdout]  --> tests/unit_tests/polygon.rs:6:5
[INFO] [stdout]   |
[INFO] [stdout] 6 | use util::assert_approx_matrix_eq;
[INFO] [stdout]   |     ^^^^ use of undeclared crate or module `util`
[INFO] [stdout] 
[INFO] [stdout] 
[INFO] [stdout] error[E0432]: unresolved import `util`
[INFO] [stdout]  --> tests/unit_tests/polytope.rs:7:5
[INFO] [stdout]   |
[INFO] [stdout] 7 | use util::assert_approx_matrix_eq;
[INFO] [stdout]   |     ^^^^ use of undeclared crate or module `util`
[INFO] [stdout] 
[INFO] [stdout] 
[INFO] [stdout] error: cannot determine resolution for the macro `assert_approx_matrix_eq`
[INFO] [stdout]   --> tests/unit_tests/geometry.rs:15:9
[INFO] [stdout]    |
[INFO] [stdout] 15 |         assert_approx_matrix_eq!(
[INFO] [stdout]    |         ^^^^^^^^^^^^^^^^^^^^^^^
[INFO] [stdout]    |
[INFO] [stdout]    = note: import resolution is stuck, try simplifying macro imports
[INFO] [stdout] 
[INFO] [stdout] 
[INFO] [stdout] error: cannot determine resolution for the macro `assert_approx_matrix_eq`
[INFO] [stdout]   --> tests/unit_tests/geometry.rs:30:9
[INFO] [stdout]    |
[INFO] [stdout] 30 |         assert_approx_matrix_eq!(sdf.point.coords, Vector2::new(4.0, 0.0), abstol = 1e-10);
[INFO] [stdout]    |         ^^^^^^^^^^^^^^^^^^^^^^^
[INFO] [stdout]    |
[INFO] [stdout]    = note: import resolution is stuck, try simplifying macro imports
[INFO] [stdout] 
[INFO] [stdout] 
[INFO] [stdout] error: cannot determine resolution for the macro `assert_approx_matrix_eq`
[INFO] [stdout]   --> tests/unit_tests/geometry.rs:41:9
[INFO] [stdout]    |
[INFO] [stdout] 41 |         assert_approx_matrix_eq!(sdf.point.coords, Vector2::new(3.1, 2.7), abstol = 1e-10);
[INFO] [stdout]    |         ^^^^^^^^^^^^^^^^^^^^^^^
[INFO] [stdout]    |
[INFO] [stdout]    = note: import resolution is stuck, try simplifying macro imports
[INFO] [stdout] 
[INFO] [stdout] 
[INFO] [stdout] error: cannot determine resolution for the macro `assert_approx_matrix_eq`
[INFO] [stdout]   --> tests/unit_tests/geometry.rs:52:9
[INFO] [stdout]    |
[INFO] [stdout] 52 |         assert_approx_matrix_eq!(sdf.point.coords, Vector2::new(2.2, 2.6), abstol = 1e-10);
[INFO] [stdout]    |         ^^^^^^^^^^^^^^^^^^^^^^^
[INFO] [stdout]    |
[INFO] [stdout]    = note: import resolution is stuck, try simplifying macro imports
[INFO] [stdout] 
[INFO] [stdout] 
[INFO] [stdout] error: cannot determine resolution for the macro `assert_approx_matrix_eq`
[INFO] [stdout]   --> tests/unit_tests/geometry.rs:63:9
[INFO] [stdout]    |
[INFO] [stdout] 63 |         assert_approx_matrix_eq!(
[INFO] [stdout]    |         ^^^^^^^^^^^^^^^^^^^^^^^
[INFO] [stdout]    |
[INFO] [stdout]    = note: import resolution is stuck, try simplifying macro imports
[INFO] [stdout] 
[INFO] [stdout] 
[INFO] [stdout] error: cannot determine resolution for the macro `assert_approx_matrix_eq`
[INFO] [stdout]   --> tests/unit_tests/geometry.rs:78:9
[INFO] [stdout]    |
[INFO] [stdout] 78 |         assert_approx_matrix_eq!(sdf.point.coords, Vector2::new(3.3, 2.1), abstol = 1e-10);
[INFO] [stdout]    |         ^^^^^^^^^^^^^^^^^^^^^^^
[INFO] [stdout]    |
[INFO] [stdout]    = note: import resolution is stuck, try simplifying macro imports
[INFO] [stdout] 
[INFO] [stdout] 
[INFO] [stdout] error: cannot determine resolution for the macro `assert_approx_matrix_eq`
[INFO] [stdout]   --> tests/unit_tests/geometry.rs:89:9
[INFO] [stdout]    |
[INFO] [stdout] 89 |         assert_approx_matrix_eq!(sdf.point.coords, Vector2::new(1.8, 2.4), abstol = 1e-10);
[INFO] [stdout]    |         ^^^^^^^^^^^^^^^^^^^^^^^
[INFO] [stdout]    |
[INFO] [stdout]    = note: import resolution is stuck, try simplifying macro imports
[INFO] [stdout] 
[INFO] [stdout] 
[INFO] [stdout] error: cannot determine resolution for the macro `assert_approx_matrix_eq`
[INFO] [stdout]    --> tests/unit_tests/geometry.rs:115:13
[INFO] [stdout]     |
[INFO] [stdout] 115 |             assert_approx_matrix_eq!(sdf_result.point, Point3::new(-0.5, -0.5, -1.0), abstol = 1e-12);
[INFO] [stdout]     |             ^^^^^^^^^^^^^^^^^^^^^^^
[INFO] [stdout]     |
[INFO] [stdout]     = note: import resolution is stuck, try simplifying macro imports
[INFO] [stdout] 
[INFO] [stdout] 
[INFO] [stdout] error: cannot determine resolution for the macro `assert_approx_matrix_eq`
[INFO] [stdout]    --> tests/unit_tests/geometry.rs:125:13
[INFO] [stdout]     |
[INFO] [stdout] 125 |             assert_approx_matrix_eq!(sdf_result.point, Point3::new(-0.5, -1.0, 0.5), abstol = 1e-12);
[INFO] [stdout]     |             ^^^^^^^^^^^^^^^^^^^^^^^
[INFO] [stdout]     |
[INFO] [stdout]     = note: import resolution is stuck, try simplifying macro imports
[INFO] [stdout] 
[INFO] [stdout] 
[INFO] [stdout] error: cannot determine resolution for the macro `assert_approx_matrix_eq`
[INFO] [stdout]    --> tests/unit_tests/geometry.rs:135:13
[INFO] [stdout]     |
[INFO] [stdout] 135 |             assert_approx_matrix_eq!(sdf_result.point, Point3::new(1.0, 0.5, -0.5), abstol = 1e-12);
[INFO] [stdout]     |             ^^^^^^^^^^^^^^^^^^^^^^^
[INFO] [stdout]     |
[INFO] [stdout]     = note: import resolution is stuck, try simplifying macro imports
[INFO] [stdout] 
[INFO] [stdout] 
[INFO] [stdout] error: cannot determine resolution for the macro `assert_approx_matrix_eq`
[INFO] [stdout]    --> tests/unit_tests/geometry.rs:145:13
[INFO] [stdout]     |
[INFO] [stdout] 145 |             assert_approx_matrix_eq!(sdf_result.point, Point3::new(-0.5, 1.0, 0.5), abstol = 1e-12);
[INFO] [stdout]     |             ^^^^^^^^^^^^^^^^^^^^^^^
[INFO] [stdout]     |
[INFO] [stdout]     = note: import resolution is stuck, try simplifying macro imports
[INFO] [stdout] 
[INFO] [stdout] 
[INFO] [stdout] error: cannot determine resolution for the macro `assert_approx_matrix_eq`
[INFO] [stdout]    --> tests/unit_tests/geometry.rs:155:13
[INFO] [stdout]     |
[INFO] [stdout] 155 |             assert_approx_matrix_eq!(sdf_result.point, Point3::new(-1.0, -0.5, -0.5), abstol = 1e-12);
[INFO] [stdout]     |             ^^^^^^^^^^^^^^^^^^^^^^^
[INFO] [stdout]     |
[INFO] [stdout]     = note: import resolution is stuck, try simplifying macro imports
[INFO] [stdout] 
[INFO] [stdout] 
[INFO] [stdout] error: cannot determine resolution for the macro `assert_approx_matrix_eq`
[INFO] [stdout]    --> tests/unit_tests/geometry.rs:165:13
[INFO] [stdout]     |
[INFO] [stdout] 165 |             assert_approx_matrix_eq!(sdf_result.point, Point3::new(0.5, -0.5, 1.0), abstol = 1e-12);
[INFO] [stdout]     |             ^^^^^^^^^^^^^^^^^^^^^^^
[INFO] [stdout]     |
[INFO] [stdout]     = note: import resolution is stuck, try simplifying macro imports
[INFO] [stdout] 
[INFO] [stdout] 
[INFO] [stdout] error: cannot determine resolution for the macro `assert_approx_matrix_eq`
[INFO] [stdout]    --> tests/unit_tests/geometry.rs:182:13
[INFO] [stdout]     |
[INFO] [stdout] 182 |             assert_approx_matrix_eq!(sdf_result.point, Point3::new(-1.0, -1.0, -1.0), abstol = 1e-12);
[INFO] [stdout]     |             ^^^^^^^^^^^^^^^^^^^^^^^
[INFO] [stdout]     |
[INFO] [stdout]     = note: import resolution is stuck, try simplifying macro imports
[INFO] [stdout] 
[INFO] [stdout] 
[INFO] [stdout] error: cannot determine resolution for the macro `assert_approx_matrix_eq`
[INFO] [stdout]    --> tests/unit_tests/geometry.rs:192:13
[INFO] [stdout]     |
[INFO] [stdout] 192 |             assert_approx_matrix_eq!(sdf_result.point, Point3::new(1.0, -1.0, -1.0), abstol = 1e-12);
[INFO] [stdout]     |             ^^^^^^^^^^^^^^^^^^^^^^^
[INFO] [stdout]     |
[INFO] [stdout]     = note: import resolution is stuck, try simplifying macro imports
[INFO] [stdout] 
[INFO] [stdout] 
[INFO] [stdout] error: cannot determine resolution for the macro `assert_approx_matrix_eq`
[INFO] [stdout]    --> tests/unit_tests/geometry.rs:202:13
[INFO] [stdout]     |
[INFO] [stdout] 202 |             assert_approx_matrix_eq!(sdf_result.point, Point3::new(1.0, 1.0, -1.0), abstol = 1e-12);
[INFO] [stdout]     |             ^^^^^^^^^^^^^^^^^^^^^^^
[INFO] [stdout]     |
[INFO] [stdout]     = note: import resolution is stuck, try simplifying macro imports
[INFO] [stdout] 
[INFO] [stdout] 
[INFO] [stdout] error: cannot determine resolution for the macro `assert_approx_matrix_eq`
[INFO] [stdout]    --> tests/unit_tests/geometry.rs:212:13
[INFO] [stdout]     |
[INFO] [stdout] 212 |             assert_approx_matrix_eq!(sdf_result.point, Point3::new(-1.0, 1.0, -1.0), abstol = 1e-12);
[INFO] [stdout]     |             ^^^^^^^^^^^^^^^^^^^^^^^
[INFO] [stdout]     |
[INFO] [stdout]     = note: import resolution is stuck, try simplifying macro imports
[INFO] [stdout] 
[INFO] [stdout] 
[INFO] [stdout] error: cannot determine resolution for the macro `assert_approx_matrix_eq`
[INFO] [stdout]    --> tests/unit_tests/geometry.rs:222:13
[INFO] [stdout]     |
[INFO] [stdout] 222 |             assert_approx_matrix_eq!(sdf_result.point, Point3::new(-1.0, -1.0, 1.0), abstol = 1e-12);
[INFO] [stdout]     |             ^^^^^^^^^^^^^^^^^^^^^^^
[INFO] [stdout]     |
[INFO] [stdout]     = note: import resolution is stuck, try simplifying macro imports
[INFO] [stdout] 
[INFO] [stdout] 
[INFO] [stdout] error: cannot determine resolution for the macro `assert_approx_matrix_eq`
[INFO] [stdout]    --> tests/unit_tests/geometry.rs:232:13
[INFO] [stdout]     |
[INFO] [stdout] 232 |             assert_approx_matrix_eq!(sdf_result.point, Point3::new(1.0, -1.0, 1.0), abstol = 1e-12);
[INFO] [stdout]     |             ^^^^^^^^^^^^^^^^^^^^^^^
[INFO] [stdout]     |
[INFO] [stdout]     = note: import resolution is stuck, try simplifying macro imports
[INFO] [stdout] 
[INFO] [stdout] 
[INFO] [stdout] error: cannot determine resolution for the macro `assert_approx_matrix_eq`
[INFO] [stdout]    --> tests/unit_tests/geometry.rs:242:13
[INFO] [stdout]     |
[INFO] [stdout] 242 |             assert_approx_matrix_eq!(sdf_result.point, Point3::new(1.0, 1.0, 1.0), abstol = 1e-12);
[INFO] [stdout]     |             ^^^^^^^^^^^^^^^^^^^^^^^
[INFO] [stdout]     |
[INFO] [stdout]     = note: import resolution is stuck, try simplifying macro imports
[INFO] [stdout] 
[INFO] [stdout] 
[INFO] [stdout] error: cannot determine resolution for the macro `assert_approx_matrix_eq`
[INFO] [stdout]    --> tests/unit_tests/geometry.rs:252:13
[INFO] [stdout]     |
[INFO] [stdout] 252 |             assert_approx_matrix_eq!(sdf_result.point, Point3::new(-1.0, 1.0, 1.0), abstol = 1e-12);
[INFO] [stdout]     |             ^^^^^^^^^^^^^^^^^^^^^^^
[INFO] [stdout]     |
[INFO] [stdout]     = note: import resolution is stuck, try simplifying macro imports
[INFO] [stdout] 
[INFO] [stdout] 
[INFO] [stdout] error: cannot determine resolution for the macro `assert_approx_matrix_eq`
[INFO] [stdout]    --> tests/unit_tests/geometry.rs:265:13
[INFO] [stdout]     |
[INFO] [stdout] 265 |             assert_approx_matrix_eq!(sdf_result.point, Point3::new(-0.5, -0.5, -1.0), abstol = 1e-12);
[INFO] [stdout]     |             ^^^^^^^^^^^^^^^^^^^^^^^
[INFO] [stdout]     |
[INFO] [stdout]     = note: import resolution is stuck, try simplifying macro imports
[INFO] [stdout] 
[INFO] [stdout] 
[INFO] [stdout] error: cannot determine resolution for the macro `assert_approx_matrix_eq`
[INFO] [stdout]    --> tests/unit_tests/geometry.rs:275:13
[INFO] [stdout]     |
[INFO] [stdout] 275 |             assert_approx_matrix_eq!(sdf_result.point, Point3::new(-0.5, -1.0, 0.5), abstol = 1e-12);
[INFO] [stdout]     |             ^^^^^^^^^^^^^^^^^^^^^^^
[INFO] [stdout]     |
[INFO] [stdout]     = note: import resolution is stuck, try simplifying macro imports
[INFO] [stdout] 
[INFO] [stdout] 
[INFO] [stdout] error: cannot determine resolution for the macro `assert_approx_matrix_eq`
[INFO] [stdout]    --> tests/unit_tests/geometry.rs:285:13
[INFO] [stdout]     |
[INFO] [stdout] 285 |             assert_approx_matrix_eq!(sdf_result.point, Point3::new(1.0, 0.5, -0.5), abstol = 1e-12);
[INFO] [stdout]     |             ^^^^^^^^^^^^^^^^^^^^^^^
[INFO] [stdout]     |
[INFO] [stdout]     = note: import resolution is stuck, try simplifying macro imports
[INFO] [stdout] 
[INFO] [stdout] 
[INFO] [stdout] error: cannot determine resolution for the macro `assert_approx_matrix_eq`
[INFO] [stdout]    --> tests/unit_tests/geometry.rs:295:13
[INFO] [stdout]     |
[INFO] [stdout] 295 |             assert_approx_matrix_eq!(sdf_result.point, Point3::new(-0.5, 1.0, 0.5), abstol = 1e-12);
[INFO] [stdout]     |             ^^^^^^^^^^^^^^^^^^^^^^^
[INFO] [stdout]     |
[INFO] [stdout]     = note: import resolution is stuck, try simplifying macro imports
[INFO] [stdout] 
[INFO] [stdout] 
[INFO] [stdout] error: cannot determine resolution for the macro `assert_approx_matrix_eq`
[INFO] [stdout]    --> tests/unit_tests/geometry.rs:305:13
[INFO] [stdout]     |
[INFO] [stdout] 305 |             assert_approx_matrix_eq!(sdf_result.point, Point3::new(-1.0, -0.5, -0.5), abstol = 1e-12);
[INFO] [stdout]     |             ^^^^^^^^^^^^^^^^^^^^^^^
[INFO] [stdout]     |
[INFO] [stdout]     = note: import resolution is stuck, try simplifying macro imports
[INFO] [stdout] 
[INFO] [stdout] 
[INFO] [stdout] error: cannot determine resolution for the macro `assert_approx_matrix_eq`
[INFO] [stdout]    --> tests/unit_tests/geometry.rs:315:13
[INFO] [stdout]     |
[INFO] [stdout] 315 |             assert_approx_matrix_eq!(sdf_result.point, Point3::new(0.5, -0.5, 1.0), abstol = 1e-12);
[INFO] [stdout]     |             ^^^^^^^^^^^^^^^^^^^^^^^
[INFO] [stdout]     |
[INFO] [stdout]     = note: import resolution is stuck, try simplifying macro imports
[INFO] [stdout] 
[INFO] [stdout] 
[INFO] [stdout] error: cannot determine resolution for the macro `assert_approx_matrix_eq`
[INFO] [stdout]    --> tests/unit_tests/polygon.rs:109:9
[INFO] [stdout]     |
[INFO] [stdout] 109 |         assert_approx_matrix_eq!(closest_edge.edge_point.coords, Vector2::new(-3.5, -0.5), abstol = 1e-12);
[INFO] [stdout]     |         ^^^^^^^^^^^^^^^^^^^^^^^
[INFO] [stdout]     |
[INFO] [stdout]     = note: import resolution is stuck, try simplifying macro imports
[INFO] [stdout] 
[INFO] [stdout] 
[INFO] [stdout] error: cannot determine resolution for the macro `assert_approx_matrix_eq`
[INFO] [stdout]    --> tests/unit_tests/polygon.rs:121:9
[INFO] [stdout]     |
[INFO] [stdout] 121 |         assert_approx_matrix_eq!(closest_edge.edge_point.coords, point.coords, abstol = 1e-12);
[INFO] [stdout]     |         ^^^^^^^^^^^^^^^^^^^^^^^
[INFO] [stdout]     |
[INFO] [stdout]     = note: import resolution is stuck, try simplifying macro imports
[INFO] [stdout] 
[INFO] [stdout] 
[INFO] [stdout] error: cannot determine resolution for the macro `assert_approx_matrix_eq`
[INFO] [stdout]    --> tests/unit_tests/polygon.rs:139:9
[INFO] [stdout]     |
[INFO] [stdout] 139 |         assert_approx_matrix_eq!(closest_edge.edge_point.coords, vertices[3].coords, abstol = 1e-12);
[INFO] [stdout]     |         ^^^^^^^^^^^^^^^^^^^^^^^
[INFO] [stdout]     |
[INFO] [stdout]     = note: import resolution is stuck, try simplifying macro imports
[INFO] [stdout] 
[INFO] [stdout] 
[INFO] [stdout] error: cannot determine resolution for the macro `assert_approx_matrix_eq`
[INFO] [stdout]    --> tests/unit_tests/polygon.rs:156:9
[INFO] [stdout]     |
[INFO] [stdout] 156 |         assert_approx_matrix_eq!(
[INFO] [stdout]     |         ^^^^^^^^^^^^^^^^^^^^^^^
[INFO] [stdout]     |
[INFO] [stdout]     = note: import resolution is stuck, try simplifying macro imports
[INFO] [stdout] 
[INFO] [stdout] 
[INFO] [stdout] error: cannot determine resolution for the macro `assert_approx_matrix_eq`
[INFO] [stdout]   --> tests/unit_tests/polytope.rs:83:9
[INFO] [stdout]    |
[INFO] [stdout] 83 |         assert_approx_matrix_eq!(intersection.vertices()[0], expected.vertices()[0], abstol = 1e-6);
[INFO] [stdout]    |         ^^^^^^^^^^^^^^^^^^^^^^^
[INFO] [stdout]    |
[INFO] [stdout]    = note: import resolution is stuck, try simplifying macro imports
[INFO] [stdout] 
[INFO] [stdout] 
[INFO] [stdout] error: cannot determine resolution for the macro `assert_approx_matrix_eq`
[INFO] [stdout]   --> tests/unit_tests/polytope.rs:84:9
[INFO] [stdout]    |
[INFO] [stdout] 84 |         assert_approx_matrix_eq!(intersection.vertices()[1], expected.vertices()[1], abstol = 1e-6);
[INFO] [stdout]    |         ^^^^^^^^^^^^^^^^^^^^^^^
[INFO] [stdout]    |
[INFO] [stdout]    = note: import resolution is stuck, try simplifying macro imports
[INFO] [stdout] 
[INFO] [stdout] 
[INFO] [stdout] error: cannot determine resolution for the macro `assert_approx_matrix_eq`
[INFO] [stdout]   --> tests/unit_tests/polytope.rs:95:5
[INFO] [stdout]    |
[INFO] [stdout] 95 |     assert_approx_matrix_eq!(intersection, Point2::new(4.0 / 3.0, 1.0 / 3.0), abstol = 1e-6);
[INFO] [stdout]    |     ^^^^^^^^^^^^^^^^^^^^^^^
[INFO] [stdout]    |
[INFO] [stdout]    = note: import resolution is stuck, try simplifying macro imports
[INFO] [stdout] 
[INFO] [stdout] 
[INFO] [stdout] error: cannot determine resolution for the macro `assert_approx_matrix_eq`
[INFO] [stdout]    --> tests/unit_tests/polytope.rs:112:5
[INFO] [stdout]     |
[INFO] [stdout] 112 |     assert_approx_matrix_eq!(intersection.vertices()[0], Point2::new(0.0, 3.0), abstol = 1e-12);
[INFO] [stdout]     |     ^^^^^^^^^^^^^^^^^^^^^^^
[INFO] [stdout]     |
[INFO] [stdout]     = note: import resolution is stuck, try simplifying macro imports
[INFO] [stdout] 
[INFO] [stdout] 
[INFO] [stdout] error: cannot determine resolution for the macro `assert_approx_matrix_eq`
[INFO] [stdout]    --> tests/unit_tests/polytope.rs:113:5
[INFO] [stdout]     |
[INFO] [stdout] 113 |     assert_approx_matrix_eq!(intersection.vertices()[1], Point2::new(-2.0, 0.0), abstol = 1e-12);
[INFO] [stdout]     |     ^^^^^^^^^^^^^^^^^^^^^^^
[INFO] [stdout]     |
[INFO] [stdout]     = note: import resolution is stuck, try simplifying macro imports
[INFO] [stdout] 
[INFO] [stdout] 
[INFO] [stdout] error: cannot determine resolution for the macro `assert_approx_matrix_eq`
[INFO] [stdout]    --> tests/unit_tests/polytope.rs:114:5
[INFO] [stdout]     |
[INFO] [stdout] 114 |     assert_approx_matrix_eq!(intersection.vertices()[2], Point2::new(0.0, -2.0 / 3.0), abstol = 1e-12);
[INFO] [stdout]     |     ^^^^^^^^^^^^^^^^^^^^^^^
[INFO] [stdout]     |
[INFO] [stdout]     = note: import resolution is stuck, try simplifying macro imports
[INFO] [stdout] 
[INFO] [stdout] 
[INFO] [stdout] error: cannot determine resolution for the macro `assert_approx_matrix_eq`
[INFO] [stdout]    --> tests/unit_tests/polytope.rs:115:5
[INFO] [stdout]     |
[INFO] [stdout] 115 |     assert_approx_matrix_eq!(intersection.vertices()[3], Point2::new(0.6875, 0.25), abstol = 1e-12);
[INFO] [stdout]     |     ^^^^^^^^^^^^^^^^^^^^^^^
[INFO] [stdout]     |
[INFO] [stdout]     = note: import resolution is stuck, try simplifying macro imports
[INFO] [stdout] 
[INFO] [stdout] 
[INFO] [stdout] error: cannot determine resolution for the macro `assert_approx_matrix_eq`
[INFO] [stdout]    --> tests/unit_tests/polytope.rs:157:5
[INFO] [stdout]     |
[INFO] [stdout] 157 |     assert_approx_matrix_eq!(v[0], Point2::new(-1.2, 1.2), abstol = 1e-12);
[INFO] [stdout]     |     ^^^^^^^^^^^^^^^^^^^^^^^
[INFO] [stdout]     |
[INFO] [stdout]     = note: import resolution is stuck, try simplifying macro imports
[INFO] [stdout] 
[INFO] [stdout] 
[INFO] [stdout] error: cannot determine resolution for the macro `assert_approx_matrix_eq`
[INFO] [stdout]    --> tests/unit_tests/polytope.rs:158:5
[INFO] [stdout]     |
[INFO] [stdout] 158 |     assert_approx_matrix_eq!(v[1], Point2::new(-1.714285714285714, 0.428571428571429), abstol = 1e-12);
[INFO] [stdout]     |     ^^^^^^^^^^^^^^^^^^^^^^^
[INFO] [stdout]     |
[INFO] [stdout]     = note: import resolution is stuck, try simplifying macro imports
[INFO] [stdout] 
[INFO] [stdout] 
[INFO] [stdout] error: cannot determine resolution for the macro `assert_approx_matrix_eq`
[INFO] [stdout]    --> tests/unit_tests/polytope.rs:159:5
[INFO] [stdout]     |
[INFO] [stdout] 159 |     assert_approx_matrix_eq!(v[2], Point2::new(-1.4, -0.2), abstol = 1e-12);
[INFO] [stdout]     |     ^^^^^^^^^^^^^^^^^^^^^^^
[INFO] [stdout]     |
[INFO] [stdout]     = note: import resolution is stuck, try simplifying macro imports
[INFO] [stdout] 
[INFO] [stdout] 
[INFO] [stdout] error: cannot determine resolution for the macro `assert_approx_matrix_eq`
[INFO] [stdout]    --> tests/unit_tests/polytope.rs:160:5
[INFO] [stdout]     |
[INFO] [stdout] 160 |     assert_approx_matrix_eq!(v[3], Point2::new(-0.5, -0.5), abstol = 1e-12);
[INFO] [stdout]     |     ^^^^^^^^^^^^^^^^^^^^^^^
[INFO] [stdout]     |
[INFO] [stdout]     = note: import resolution is stuck, try simplifying macro imports
[INFO] [stdout] 
[INFO] [stdout] 
[INFO] [stdout] error: cannot determine resolution for the macro `assert_approx_matrix_eq`
[INFO] [stdout]    --> tests/unit_tests/polytope.rs:161:5
[INFO] [stdout]     |
[INFO] [stdout] 161 |     assert_approx_matrix_eq!(v[4], Point2::new(0.6, 0.6), abstol = 1e-12);
[INFO] [stdout]     |     ^^^^^^^^^^^^^^^^^^^^^^^
[INFO] [stdout]     |
[INFO] [stdout]     = note: import resolution is stuck, try simplifying macro imports
[INFO] [stdout] 
[INFO] [stdout] 
[INFO] [stdout] error: cannot determine resolution for the macro `assert_approx_matrix_eq`
[INFO] [stdout]    --> tests/unit_tests/polytope.rs:162:5
[INFO] [stdout]     |
[INFO] [stdout] 162 |     assert_approx_matrix_eq!(v[5], Point2::new(0.352941176470588, 1.588235294117647), abstol = 1e-12);
[INFO] [stdout]     |     ^^^^^^^^^^^^^^^^^^^^^^^
[INFO] [stdout]     |
[INFO] [stdout]     = note: import resolution is stuck, try simplifying macro imports
[INFO] [stdout] 
[INFO] [stdout] 
[INFO] [stdout] error: cannot determine resolution for the macro `assert_approx_matrix_eq`
[INFO] [stdout]    --> tests/unit_tests/polytope.rs:243:5
[INFO] [stdout]     |
[INFO] [stdout] 243 |     assert_approx_matrix_eq!(result.midpoint(), expected_intersection.midpoint(), abstol = 1e-12);
[INFO] [stdout]     |     ^^^^^^^^^^^^^^^^^^^^^^^
[INFO] [stdout]     |
[INFO] [stdout]     = note: import resolution is stuck, try simplifying macro imports
[INFO] [stdout] 
[INFO] [stdout] 
[INFO] [stdout] warning: unused import: `Vector2`
[INFO] [stdout]  --> tests/unit_tests/geometry.rs:3:32
[INFO] [stdout]   |
[INFO] [stdout] 3 | use nalgebra::{Point2, Point3, Vector2};
[INFO] [stdout]   |                                ^^^^^^^
[INFO] [stdout]   |
[INFO] [stdout]   = note: `#[warn(unused_imports)]` on by default
[INFO] [stdout] 
[INFO] [stdout] 
[INFO] [stdout] warning: unused import: `Vector2`
[INFO] [stdout]  --> tests/unit_tests/polygon.rs:3:24
[INFO] [stdout]   |
[INFO] [stdout] 3 | use nalgebra::{Point2, Vector2};
[INFO] [stdout]   |                        ^^^^^^^
[INFO] [stdout] 
[INFO] [stdout] 
[INFO] [stdout] error: aborting due to 48 previous errors; 2 warnings emitted
[INFO] [stdout] 
[INFO] [stdout] 
[INFO] [stdout] For more information about this error, try `rustc --explain E0432`.
[INFO] [stdout] 
[INFO] [stderr] error: could not compile `fenris-geometry` due to 49 previous errors; 2 warnings emitted
[INFO] running `Command { std: "docker" "inspect" "ce082cd6144abec0efda20b3111118d612e04d7b570dd658a5a49f779aeebded", kill_on_drop: false }`
[INFO] running `Command { std: "docker" "rm" "-f" "ce082cd6144abec0efda20b3111118d612e04d7b570dd658a5a49f779aeebded", kill_on_drop: false }`
[INFO] [stdout] ce082cd6144abec0efda20b3111118d612e04d7b570dd658a5a49f779aeebded
