[INFO] fetching crate extra_pointers 0.1.4...
[INFO] checking extra_pointers-0.1.4 against 1.55.0 for beta-1.56-3
[INFO] extracting crate extra_pointers 0.1.4 into /workspace/builds/worker-108/source
[INFO] validating manifest of crates.io crate extra_pointers 0.1.4 on toolchain 1.55.0
[INFO] running `Command { std: "/workspace/cargo-home/bin/cargo" "+1.55.0" "metadata" "--manifest-path" "Cargo.toml" "--no-deps", kill_on_drop: false }`
[INFO] started tweaking crates.io crate extra_pointers 0.1.4
[INFO] finished tweaking crates.io crate extra_pointers 0.1.4
[INFO] tweaked toml for crates.io crate extra_pointers 0.1.4 written to /workspace/builds/worker-108/source/Cargo.toml
[INFO] running `Command { std: "/workspace/cargo-home/bin/cargo" "+1.55.0" "generate-lockfile" "--manifest-path" "Cargo.toml" "-Zno-index-update", kill_on_drop: false }`
[INFO] [stderr]     Blocking waiting for file lock on package cache
[INFO] running `Command { std: "/workspace/cargo-home/bin/cargo" "+1.55.0" "fetch" "--manifest-path" "Cargo.toml", kill_on_drop: false }`
[INFO] [stderr]     Blocking waiting for file lock on package cache
[INFO] running `Command { std: "docker" "create" "-v" "/var/lib/crater-agent-workspace/builds/worker-108/target:/opt/rustwide/target:rw,Z" "-v" "/var/lib/crater-agent-workspace/builds/worker-108/source:/opt/rustwide/workdir:ro,Z" "-v" "/var/lib/crater-agent-workspace/cargo-home:/opt/rustwide/cargo-home:ro,Z" "-v" "/var/lib/crater-agent-workspace/rustup-home:/opt/rustwide/rustup-home:ro,Z" "-e" "SOURCE_DIR=/opt/rustwide/workdir" "-e" "CARGO_TARGET_DIR=/opt/rustwide/target" "-e" "CARGO_HOME=/opt/rustwide/cargo-home" "-e" "RUSTUP_HOME=/opt/rustwide/rustup-home" "-w" "/opt/rustwide/workdir" "-m" "1610612736" "--user" "0:0" "--network" "none" "ghcr.io/rust-lang/crates-build-env/linux@sha256:a89201d6b5b9fd45c15d5952ece0a0129e7e80cb26ec023fd59cf09bc26f1604" "/opt/rustwide/cargo-home/bin/cargo" "+1.55.0" "metadata" "--no-deps" "--format-version=1", kill_on_drop: false }`
[INFO] [stdout] 4f0fbcfc4fbe55105c58a69092f0cca04e67e57f3e04133cc4d861deaa3c0714
[INFO] running `Command { std: "docker" "start" "-a" "4f0fbcfc4fbe55105c58a69092f0cca04e67e57f3e04133cc4d861deaa3c0714", kill_on_drop: false }`
[INFO] running `Command { std: "docker" "inspect" "4f0fbcfc4fbe55105c58a69092f0cca04e67e57f3e04133cc4d861deaa3c0714", kill_on_drop: false }`
[INFO] running `Command { std: "docker" "rm" "-f" "4f0fbcfc4fbe55105c58a69092f0cca04e67e57f3e04133cc4d861deaa3c0714", kill_on_drop: false }`
[INFO] [stdout] 4f0fbcfc4fbe55105c58a69092f0cca04e67e57f3e04133cc4d861deaa3c0714
[INFO] running `Command { std: "docker" "create" "-v" "/var/lib/crater-agent-workspace/builds/worker-108/target:/opt/rustwide/target:rw,Z" "-v" "/var/lib/crater-agent-workspace/builds/worker-108/source:/opt/rustwide/workdir:ro,Z" "-v" "/var/lib/crater-agent-workspace/cargo-home:/opt/rustwide/cargo-home:ro,Z" "-v" "/var/lib/crater-agent-workspace/rustup-home:/opt/rustwide/rustup-home:ro,Z" "-e" "SOURCE_DIR=/opt/rustwide/workdir" "-e" "CARGO_TARGET_DIR=/opt/rustwide/target" "-e" "CARGO_INCREMENTAL=0" "-e" "RUST_BACKTRACE=full" "-e" "RUSTFLAGS=--cap-lints=warn" "-e" "CARGO_HOME=/opt/rustwide/cargo-home" "-e" "RUSTUP_HOME=/opt/rustwide/rustup-home" "-w" "/opt/rustwide/workdir" "-m" "1610612736" "--user" "0:0" "--network" "none" "ghcr.io/rust-lang/crates-build-env/linux@sha256:a89201d6b5b9fd45c15d5952ece0a0129e7e80cb26ec023fd59cf09bc26f1604" "/opt/rustwide/cargo-home/bin/cargo" "+1.55.0" "check" "--frozen" "--all" "--all-targets" "--message-format=json", kill_on_drop: false }`
[INFO] [stdout] eb32358b54e1e2940f04d63b017bca125bb7ba969310c607584c7937cc29751d
[INFO] running `Command { std: "docker" "start" "-a" "eb32358b54e1e2940f04d63b017bca125bb7ba969310c607584c7937cc29751d", kill_on_drop: false }`
[INFO] [stderr]     Blocking waiting for file lock on package cache
[INFO] [stderr]     Checking extra_pointers v0.1.4 (/opt/rustwide/workdir)
[INFO] [stdout] error[E0432]: unresolved import `std::ptr::Shared`
[INFO] [stdout]  --> src/irc.rs:4:5
[INFO] [stdout]   |
[INFO] [stdout] 4 | use std::ptr::Shared;
[INFO] [stdout]   |     ^^^^^^^^^^^^^^^^ no `Shared` in `ptr`
[INFO] [stdout] 
[INFO] [stdout] 
[INFO] [stdout] error[E0432]: unresolved import `std::ptr::Shared`
[INFO] [stdout]  --> src/irc.rs:4:5
[INFO] [stdout]   |
[INFO] [stdout] 4 | use std::ptr::Shared;
[INFO] [stdout]   |     ^^^^^^^^^^^^^^^^ no `Shared` in `ptr`
[INFO] [stdout] 
[INFO] [stdout] 
[INFO] [stdout] error[E0554]: `#![feature]` may not be used on the stable release channel
[INFO] [stdout]  --> src/lib.rs:1:1
[INFO] [stdout]   |
[INFO] [stdout] 1 | #![feature(shared, unsize, coerce_unsized, intrinsics)]
[INFO] [stdout]   | ^^^^^^^^^^^^^^^^^^^^^^^^^^^^^^^^^^^^^^^^^^^^^^^^^^^^^^^
[INFO] [stdout] 
[INFO] [stdout] 
[INFO] [stdout] warning: unused import: `std::any::Any`
[INFO] [stdout]  --> src/test.rs:4:5
[INFO] [stdout]   |
[INFO] [stdout] 4 | use std::any::Any;
[INFO] [stdout]   |     ^^^^^^^^^^^^^
[INFO] [stdout]   |
[INFO] [stdout]   = note: `#[warn(unused_imports)]` on by default
[INFO] [stdout] 
[INFO] [stdout] 
[INFO] [stdout] warning: trait objects without an explicit `dyn` are deprecated
[INFO] [stdout]   --> src/test.rs:20:33
[INFO] [stdout]    |
[INFO] [stdout] 20 |     let irc2 = irc1.clone() as Irc<IntrusiveReferenceCounted>;
[INFO] [stdout]    |                                    ^^^^^^^^^^^^^^^^^^^^^^^^^ help: use `dyn`: `dyn IntrusiveReferenceCounted`
[INFO] [stdout]    |
[INFO] [stdout]    = note: `#[warn(bare_trait_objects)]` on by default
[INFO] [stdout]    = warning: this is accepted in the current edition (Rust 2015) but is a hard error in Rust 2021!
[INFO] [stdout]    = note: for more information, see issue #80165 <https://github.com/rust-lang/rust/issues/80165>
[INFO] [stdout] 
[INFO] [stdout] 
[INFO] [stdout] error[E0554]: `#![feature]` may not be used on the stable release channel
[INFO] [stdout]  --> src/lib.rs:1:1
[INFO] [stdout]   |
[INFO] [stdout] 1 | #![feature(shared, unsize, coerce_unsized, intrinsics)]
[INFO] [stdout]   | ^^^^^^^^^^^^^^^^^^^^^^^^^^^^^^^^^^^^^^^^^^^^^^^^^^^^^^^
[INFO] [stdout] 
[INFO] [stdout] 
[INFO] [stderr] error: could not compile `extra_pointers` due to 4 previous errors
[INFO] [stdout] error[E0374]: the trait `CoerceUnsized` may only be implemented for a coercion between structures with one field being coerced, none found
[INFO] [stdout]   --> src/irc.rs:23:1
[INFO] [stdout]    |
[INFO] [stdout] 23 | impl<T: ?Sized + IntrusiveReferenceCounted, U: ?Sized + IntrusiveReferenceCounted> CoerceUnsized<Irc<U>> for Irc<T> where T: Unsize<U> {}
[INFO] [stdout]    | ^^^^^^^^^^^^^^^^^^^^^^^^^^^^^^^^^^^^^^^^^^^^^^^^^^^^^^^^^^^^^^^^^^^^^^^^^^^^^^^^^^^^^^^^^^^^^^^^^^^^^^^^^^^^^^^^^^^^^^^^^^^^^^^^^^^^^^^^^
[INFO] [stdout] 
[INFO] [stdout] 
[INFO] [stderr] warning: build failed, waiting for other jobs to finish...
[INFO] [stdout] error[E0374]: the trait `CoerceUnsized` may only be implemented for a coercion between structures with one field being coerced, none found
[INFO] [stdout]   --> src/irc.rs:23:1
[INFO] [stdout]    |
[INFO] [stdout] 23 | impl<T: ?Sized + IntrusiveReferenceCounted, U: ?Sized + IntrusiveReferenceCounted> CoerceUnsized<Irc<U>> for Irc<T> where T: Unsize<U> {}
[INFO] [stdout]    | ^^^^^^^^^^^^^^^^^^^^^^^^^^^^^^^^^^^^^^^^^^^^^^^^^^^^^^^^^^^^^^^^^^^^^^^^^^^^^^^^^^^^^^^^^^^^^^^^^^^^^^^^^^^^^^^^^^^^^^^^^^^^^^^^^^^^^^^^^
[INFO] [stdout] 
[INFO] [stdout] 
[INFO] [stderr] error: build failed
[INFO] [stdout] error: aborting due to 3 previous errors
[INFO] [stdout] 
[INFO] [stdout] 
[INFO] [stdout] Some errors have detailed explanations: E0374, E0432, E0554.
[INFO] [stdout] 
[INFO] [stdout] For more information about an error, try `rustc --explain E0374`.
[INFO] [stdout] 
[INFO] [stdout] error: aborting due to 3 previous errors; 2 warnings emitted
[INFO] [stdout] 
[INFO] [stdout] 
[INFO] [stdout] Some errors have detailed explanations: E0374, E0432, E0554.
[INFO] [stdout] 
[INFO] [stdout] For more information about an error, try `rustc --explain E0374`.
[INFO] [stdout] 
[INFO] running `Command { std: "docker" "inspect" "eb32358b54e1e2940f04d63b017bca125bb7ba969310c607584c7937cc29751d", kill_on_drop: false }`
[INFO] running `Command { std: "docker" "rm" "-f" "eb32358b54e1e2940f04d63b017bca125bb7ba969310c607584c7937cc29751d", kill_on_drop: false }`
[INFO] [stdout] eb32358b54e1e2940f04d63b017bca125bb7ba969310c607584c7937cc29751d
