[INFO] fetching crate eventuals 0.6.6...
[INFO] checking eventuals-0.6.6 against beta-2021-10-15 for beta-1.56-3
[INFO] extracting crate eventuals 0.6.6 into /workspace/builds/worker-64/source
[INFO] validating manifest of crates.io crate eventuals 0.6.6 on toolchain beta-2021-10-15
[INFO] running `Command { std: "/workspace/cargo-home/bin/cargo" "+beta-2021-10-15" "metadata" "--manifest-path" "Cargo.toml" "--no-deps", kill_on_drop: false }`
[INFO] started tweaking crates.io crate eventuals 0.6.6
[INFO] finished tweaking crates.io crate eventuals 0.6.6
[INFO] tweaked toml for crates.io crate eventuals 0.6.6 written to /workspace/builds/worker-64/source/Cargo.toml
[INFO] running `Command { std: "/workspace/cargo-home/bin/cargo" "+beta-2021-10-15" "generate-lockfile" "--manifest-path" "Cargo.toml" "-Zno-index-update", kill_on_drop: false }`
[INFO] [stderr]     Blocking waiting for file lock on package cache
[INFO] running `Command { std: "/workspace/cargo-home/bin/cargo" "+beta-2021-10-15" "fetch" "--manifest-path" "Cargo.toml", kill_on_drop: false }`
[INFO] [stderr]     Blocking waiting for file lock on package cache
[INFO] [stderr]     Blocking waiting for file lock on package cache
[INFO] running `Command { std: "docker" "create" "-v" "/var/lib/crater-agent-workspace/builds/worker-64/target:/opt/rustwide/target:rw,Z" "-v" "/var/lib/crater-agent-workspace/builds/worker-64/source:/opt/rustwide/workdir:ro,Z" "-v" "/var/lib/crater-agent-workspace/cargo-home:/opt/rustwide/cargo-home:ro,Z" "-v" "/var/lib/crater-agent-workspace/rustup-home:/opt/rustwide/rustup-home:ro,Z" "-e" "SOURCE_DIR=/opt/rustwide/workdir" "-e" "CARGO_TARGET_DIR=/opt/rustwide/target" "-e" "CARGO_HOME=/opt/rustwide/cargo-home" "-e" "RUSTUP_HOME=/opt/rustwide/rustup-home" "-w" "/opt/rustwide/workdir" "-m" "1610612736" "--user" "0:0" "--network" "none" "ghcr.io/rust-lang/crates-build-env/linux@sha256:a89201d6b5b9fd45c15d5952ece0a0129e7e80cb26ec023fd59cf09bc26f1604" "/opt/rustwide/cargo-home/bin/cargo" "+beta-2021-10-15" "metadata" "--no-deps" "--format-version=1", kill_on_drop: false }`
[INFO] [stdout] fcd5bd2fa52a16120afddfa9bfb35a1edb37410cf5036c64202e0b54b3a993f2
[INFO] running `Command { std: "docker" "start" "-a" "fcd5bd2fa52a16120afddfa9bfb35a1edb37410cf5036c64202e0b54b3a993f2", kill_on_drop: false }`
[INFO] running `Command { std: "docker" "inspect" "fcd5bd2fa52a16120afddfa9bfb35a1edb37410cf5036c64202e0b54b3a993f2", kill_on_drop: false }`
[INFO] running `Command { std: "docker" "rm" "-f" "fcd5bd2fa52a16120afddfa9bfb35a1edb37410cf5036c64202e0b54b3a993f2", kill_on_drop: false }`
[INFO] [stdout] fcd5bd2fa52a16120afddfa9bfb35a1edb37410cf5036c64202e0b54b3a993f2
[INFO] running `Command { std: "docker" "create" "-v" "/var/lib/crater-agent-workspace/builds/worker-64/target:/opt/rustwide/target:rw,Z" "-v" "/var/lib/crater-agent-workspace/builds/worker-64/source:/opt/rustwide/workdir:ro,Z" "-v" "/var/lib/crater-agent-workspace/cargo-home:/opt/rustwide/cargo-home:ro,Z" "-v" "/var/lib/crater-agent-workspace/rustup-home:/opt/rustwide/rustup-home:ro,Z" "-e" "SOURCE_DIR=/opt/rustwide/workdir" "-e" "CARGO_TARGET_DIR=/opt/rustwide/target" "-e" "CARGO_INCREMENTAL=0" "-e" "RUST_BACKTRACE=full" "-e" "RUSTFLAGS=--cap-lints=warn" "-e" "CARGO_HOME=/opt/rustwide/cargo-home" "-e" "RUSTUP_HOME=/opt/rustwide/rustup-home" "-w" "/opt/rustwide/workdir" "-m" "1610612736" "--user" "0:0" "--network" "none" "ghcr.io/rust-lang/crates-build-env/linux@sha256:a89201d6b5b9fd45c15d5952ece0a0129e7e80cb26ec023fd59cf09bc26f1604" "/opt/rustwide/cargo-home/bin/cargo" "+beta-2021-10-15" "check" "--frozen" "--all" "--all-targets" "--message-format=json", kill_on_drop: false }`
[INFO] [stdout] 1bc6591b1089163cc6775ea7f782c95a19036ac5a9691847d591f940a0e055d6
[INFO] running `Command { std: "docker" "start" "-a" "1bc6591b1089163cc6775ea7f782c95a19036ac5a9691847d591f940a0e055d6", kill_on_drop: false }`
[INFO] [stderr]     Blocking waiting for file lock on package cache
[INFO] [stderr]    Compiling syn v1.0.80
[INFO] [stderr]    Compiling proc-macro-hack v0.5.19
[INFO] [stderr]    Compiling futures-core v0.3.17
[INFO] [stderr]    Compiling futures-channel v0.3.17
[INFO] [stderr]    Compiling futures-task v0.3.17
[INFO] [stderr]    Compiling proc-macro-nested v0.1.7
[INFO] [stderr]     Checking futures-sink v0.3.17
[INFO] [stderr]    Compiling parking_lot_core v0.8.5
[INFO] [stderr]     Checking pin-project-lite v0.2.7
[INFO] [stderr]     Checking futures-io v0.3.17
[INFO] [stderr]     Checking pin-utils v0.1.0
[INFO] [stderr]     Checking smallvec v1.7.0
[INFO] [stderr]     Checking never v0.1.0
[INFO] [stderr]     Checking by_address v1.0.4
[INFO] [stderr]    Compiling futures-macro v0.3.17
[INFO] [stderr]    Compiling futures-util v0.3.17
[INFO] [stderr]    Compiling tokio v1.12.0
[INFO] [stderr]     Checking instant v0.1.11
[INFO] [stderr]     Checking lock_api v0.4.5
[INFO] [stderr]     Checking parking_lot v0.11.2
[INFO] [stderr]    Compiling tokio-macros v1.5.0
[INFO] [stderr]     Checking futures-executor v0.3.17
[INFO] [stderr]     Checking futures v0.3.17
[INFO] [stderr]     Checking eventuals v0.6.6 (/opt/rustwide/workdir)
[INFO] [stdout] error[E0425]: cannot find function `idle` in this scope
[INFO] [stdout]   --> tests/idle.rs:10:9
[INFO] [stdout]    |
[INFO] [stdout] 10 |         idle().await;
[INFO] [stdout]    |         ^^^^ not found in this scope
[INFO] [stdout] 
[INFO] [stdout] 
[INFO] [stdout] error[E0425]: cannot find function `idle` in this scope
[INFO] [stdout]   --> tests/idle.rs:21:5
[INFO] [stdout]    |
[INFO] [stdout] 21 |     idle().await;
[INFO] [stdout]    |     ^^^^ not found in this scope
[INFO] [stdout] 
[INFO] [stdout] 
[INFO] [stdout] error[E0425]: cannot find function `idle` in this scope
[INFO] [stdout]   --> tests/idle.rs:28:5
[INFO] [stdout]    |
[INFO] [stdout] 28 |     idle().await;
[INFO] [stdout]    |     ^^^^ not found in this scope
[INFO] [stdout] 
[INFO] [stdout] 
[INFO] [stdout] error[E0425]: cannot find function `idle` in this scope
[INFO] [stdout]   --> tests/idle.rs:34:5
[INFO] [stdout]    |
[INFO] [stdout] 34 |     idle().await;
[INFO] [stdout]    |     ^^^^ not found in this scope
[INFO] [stdout] 
[INFO] [stdout] 
[INFO] [stdout] error: aborting due to 4 previous errors
[INFO] [stdout] 
[INFO] [stdout] 
[INFO] [stdout] For more information about this error, try `rustc --explain E0425`.
[INFO] [stdout] 
[INFO] [stderr] error: could not compile `eventuals` due to 5 previous errors
[INFO] [stderr] warning: build failed, waiting for other jobs to finish...
[INFO] [stdout] error[E0599]: no method named `subscriber_count` found for struct `eventuals::Eventual` in the current scope
[INFO] [stdout]   --> tests/eventual.rs:42:25
[INFO] [stdout]    |
[INFO] [stdout] 42 |     assert_eq!(eventual.subscriber_count(), 0);
[INFO] [stdout]    |                         ^^^^^^^^^^^^^^^^ method not found in `eventuals::Eventual<u32>`
[INFO] [stdout] 
[INFO] [stdout] 
[INFO] [stdout] error[E0599]: no method named `subscriber_count` found for struct `eventuals::Eventual` in the current scope
[INFO] [stdout]   --> tests/eventual.rs:44:25
[INFO] [stdout]    |
[INFO] [stdout] 44 |     assert_eq!(eventual.subscriber_count(), 1);
[INFO] [stdout]    |                         ^^^^^^^^^^^^^^^^ method not found in `eventuals::Eventual<u32>`
[INFO] [stdout] 
[INFO] [stdout] 
[INFO] [stdout] error[E0599]: no method named `subscriber_count` found for struct `eventuals::Eventual` in the current scope
[INFO] [stdout]   --> tests/eventual.rs:46:25
[INFO] [stdout]    |
[INFO] [stdout] 46 |     assert_eq!(eventual.subscriber_count(), 2);
[INFO] [stdout]    |                         ^^^^^^^^^^^^^^^^ method not found in `eventuals::Eventual<u32>`
[INFO] [stdout] 
[INFO] [stdout] 
[INFO] [stdout] error[E0599]: no method named `subscriber_count` found for struct `eventuals::Eventual` in the current scope
[INFO] [stdout]   --> tests/eventual.rs:51:25
[INFO] [stdout]    |
[INFO] [stdout] 51 |     assert_eq!(eventual.subscriber_count(), 1);
[INFO] [stdout]    |                         ^^^^^^^^^^^^^^^^ method not found in `eventuals::Eventual<u32>`
[INFO] [stdout] 
[INFO] [stdout] 
[INFO] [stdout] error[E0599]: no method named `subscriber_count` found for struct `eventuals::Eventual` in the current scope
[INFO] [stdout]   --> tests/eventual.rs:59:25
[INFO] [stdout]    |
[INFO] [stdout] 59 |     assert_eq!(eventual.subscriber_count(), 0);
[INFO] [stdout]    |                         ^^^^^^^^^^^^^^^^ method not found in `eventuals::Eventual<u32>`
[INFO] [stdout] 
[INFO] [stdout] 
[INFO] [stdout] error[E0599]: no method named `subscriber_count` found for struct `Arc<eventuals::Eventual<u32>>` in the current scope
[INFO] [stdout]    --> tests/eventual.rs:110:23
[INFO] [stdout]     |
[INFO] [stdout] 110 |     assert_eq!(source.subscriber_count(), 1);
[INFO] [stdout]     |                       ^^^^^^^^^^^^^^^^ method not found in `Arc<eventuals::Eventual<u32>>`
[INFO] [stdout] 
[INFO] [stdout] 
[INFO] [stdout] error[E0599]: no method named `subscriber_count` found for struct `Arc<eventuals::Eventual<u32>>` in the current scope
[INFO] [stdout]    --> tests/eventual.rs:111:23
[INFO] [stdout]     |
[INFO] [stdout] 111 |     assert_eq!(mapped.subscriber_count(), 0);
[INFO] [stdout]     |                       ^^^^^^^^^^^^^^^^ method not found in `Arc<eventuals::Eventual<u32>>`
[INFO] [stdout] 
[INFO] [stdout] 
[INFO] [stdout] error[E0599]: no method named `subscriber_count` found for struct `Arc<eventuals::Eventual<u32>>` in the current scope
[INFO] [stdout]    --> tests/eventual.rs:116:23
[INFO] [stdout]     |
[INFO] [stdout] 116 |     assert_eq!(source.subscriber_count(), 1);
[INFO] [stdout]     |                       ^^^^^^^^^^^^^^^^ method not found in `Arc<eventuals::Eventual<u32>>`
[INFO] [stdout] 
[INFO] [stdout] 
[INFO] [stdout] error[E0599]: no method named `subscriber_count` found for struct `Arc<eventuals::Eventual<u32>>` in the current scope
[INFO] [stdout]    --> tests/eventual.rs:121:23
[INFO] [stdout]     |
[INFO] [stdout] 121 |     assert_eq!(source.subscriber_count(), 0);
[INFO] [stdout]     |                       ^^^^^^^^^^^^^^^^ method not found in `Arc<eventuals::Eventual<u32>>`
[INFO] [stdout] 
[INFO] [stdout] 
[INFO] [stdout] error: aborting due to 9 previous errors
[INFO] [stdout] 
[INFO] [stdout] 
[INFO] [stdout] For more information about this error, try `rustc --explain E0599`.
[INFO] [stdout] 
[INFO] [stderr] error: build failed
[INFO] running `Command { std: "docker" "inspect" "1bc6591b1089163cc6775ea7f782c95a19036ac5a9691847d591f940a0e055d6", kill_on_drop: false }`
[INFO] running `Command { std: "docker" "rm" "-f" "1bc6591b1089163cc6775ea7f782c95a19036ac5a9691847d591f940a0e055d6", kill_on_drop: false }`
[INFO] [stdout] 1bc6591b1089163cc6775ea7f782c95a19036ac5a9691847d591f940a0e055d6
