[INFO] fetching crate ethers-contract-abigen 0.5.3...
[INFO] checking ethers-contract-abigen-0.5.3 against beta-2021-10-15 for beta-1.56-3
[INFO] extracting crate ethers-contract-abigen 0.5.3 into /workspace/builds/worker-33/source
[INFO] validating manifest of crates.io crate ethers-contract-abigen 0.5.3 on toolchain beta-2021-10-15
[INFO] running `Command { std: "/workspace/cargo-home/bin/cargo" "+beta-2021-10-15" "metadata" "--manifest-path" "Cargo.toml" "--no-deps", kill_on_drop: false }`
[INFO] started tweaking crates.io crate ethers-contract-abigen 0.5.3
[INFO] finished tweaking crates.io crate ethers-contract-abigen 0.5.3
[INFO] tweaked toml for crates.io crate ethers-contract-abigen 0.5.3 written to /workspace/builds/worker-33/source/Cargo.toml
[INFO] running `Command { std: "/workspace/cargo-home/bin/cargo" "+beta-2021-10-15" "generate-lockfile" "--manifest-path" "Cargo.toml" "-Zno-index-update", kill_on_drop: false }`
[INFO] [stderr]     Blocking waiting for file lock on package cache
[INFO] running `Command { std: "/workspace/cargo-home/bin/cargo" "+beta-2021-10-15" "fetch" "--manifest-path" "Cargo.toml", kill_on_drop: false }`
[INFO] [stderr]     Blocking waiting for file lock on package cache
[INFO] [stderr]     Blocking waiting for file lock on package cache
[INFO] running `Command { std: "docker" "create" "-v" "/var/lib/crater-agent-workspace/builds/worker-33/target:/opt/rustwide/target:rw,Z" "-v" "/var/lib/crater-agent-workspace/builds/worker-33/source:/opt/rustwide/workdir:ro,Z" "-v" "/var/lib/crater-agent-workspace/cargo-home:/opt/rustwide/cargo-home:ro,Z" "-v" "/var/lib/crater-agent-workspace/rustup-home:/opt/rustwide/rustup-home:ro,Z" "-e" "SOURCE_DIR=/opt/rustwide/workdir" "-e" "CARGO_TARGET_DIR=/opt/rustwide/target" "-e" "CARGO_HOME=/opt/rustwide/cargo-home" "-e" "RUSTUP_HOME=/opt/rustwide/rustup-home" "-w" "/opt/rustwide/workdir" "-m" "1610612736" "--user" "0:0" "--network" "none" "ghcr.io/rust-lang/crates-build-env/linux@sha256:a89201d6b5b9fd45c15d5952ece0a0129e7e80cb26ec023fd59cf09bc26f1604" "/opt/rustwide/cargo-home/bin/cargo" "+beta-2021-10-15" "metadata" "--no-deps" "--format-version=1", kill_on_drop: false }`
[INFO] [stdout] ac499e83464f8cf33ac083f2d881f8512df3ec0228c7c5920b8826ab0e888a98
[INFO] running `Command { std: "docker" "start" "-a" "ac499e83464f8cf33ac083f2d881f8512df3ec0228c7c5920b8826ab0e888a98", kill_on_drop: false }`
[INFO] running `Command { std: "docker" "inspect" "ac499e83464f8cf33ac083f2d881f8512df3ec0228c7c5920b8826ab0e888a98", kill_on_drop: false }`
[INFO] running `Command { std: "docker" "rm" "-f" "ac499e83464f8cf33ac083f2d881f8512df3ec0228c7c5920b8826ab0e888a98", kill_on_drop: false }`
[INFO] [stdout] ac499e83464f8cf33ac083f2d881f8512df3ec0228c7c5920b8826ab0e888a98
[INFO] running `Command { std: "docker" "create" "-v" "/var/lib/crater-agent-workspace/builds/worker-33/target:/opt/rustwide/target:rw,Z" "-v" "/var/lib/crater-agent-workspace/builds/worker-33/source:/opt/rustwide/workdir:ro,Z" "-v" "/var/lib/crater-agent-workspace/cargo-home:/opt/rustwide/cargo-home:ro,Z" "-v" "/var/lib/crater-agent-workspace/rustup-home:/opt/rustwide/rustup-home:ro,Z" "-e" "SOURCE_DIR=/opt/rustwide/workdir" "-e" "CARGO_TARGET_DIR=/opt/rustwide/target" "-e" "CARGO_INCREMENTAL=0" "-e" "RUST_BACKTRACE=full" "-e" "RUSTFLAGS=--cap-lints=warn" "-e" "CARGO_HOME=/opt/rustwide/cargo-home" "-e" "RUSTUP_HOME=/opt/rustwide/rustup-home" "-w" "/opt/rustwide/workdir" "-m" "1610612736" "--user" "0:0" "--network" "none" "ghcr.io/rust-lang/crates-build-env/linux@sha256:a89201d6b5b9fd45c15d5952ece0a0129e7e80cb26ec023fd59cf09bc26f1604" "/opt/rustwide/cargo-home/bin/cargo" "+beta-2021-10-15" "check" "--frozen" "--all" "--all-targets" "--message-format=json", kill_on_drop: false }`
[INFO] [stdout] 4628b4670b63c1ef2d302371c357daf67ef761fec8460b55aa7b4fa4e4a10045
[INFO] running `Command { std: "docker" "start" "-a" "4628b4670b63c1ef2d302371c357daf67ef761fec8460b55aa7b4fa4e4a10045", kill_on_drop: false }`
[INFO] [stderr]    Compiling syn v1.0.80
[INFO] [stderr]    Compiling serde v1.0.130
[INFO] [stderr]    Compiling memchr v2.4.1
[INFO] [stderr]     Checking pin-project-lite v0.2.7
[INFO] [stderr]    Compiling futures-core v0.3.17
[INFO] [stderr]    Compiling crunchy v0.2.2
[INFO] [stderr]     Checking subtle v2.4.1
[INFO] [stderr]    Compiling radium v0.6.2
[INFO] [stderr]     Checking rustc-hex v2.1.0
[INFO] [stderr]    Compiling futures-task v0.3.17
[INFO] [stderr]     Checking byteorder v1.4.3
[INFO] [stderr]     Checking wyz v0.2.0
[INFO] [stderr]     Checking funty v1.1.0
[INFO] [stderr]     Checking tap v1.0.1
[INFO] [stderr]     Checking byte-slice-cast v1.1.0
[INFO] [stderr]    Compiling tiny-keccak v2.0.2
[INFO] [stderr]     Checking arrayvec v0.7.1
[INFO] [stderr]     Checking futures-io v0.3.17
[INFO] [stderr]     Checking hex v0.4.3
[INFO] [stderr]     Checking block-padding v0.2.1
[INFO] [stderr]    Compiling serde_json v1.0.68
[INFO] [stderr]     Checking futures-sink v0.3.17
[INFO] [stderr]     Checking zeroize v1.4.2
[INFO] [stderr]    Compiling futures-channel v0.3.17
[INFO] [stderr]     Checking pin-utils v0.1.0
[INFO] [stderr]    Compiling anyhow v1.0.44
[INFO] [stderr]     Checking opaque-debug v0.3.0
[INFO] [stderr]     Checking keccak v0.1.0
[INFO] [stderr]     Checking der v0.4.4
[INFO] [stderr]     Checking unicode-xid v0.2.2
[INFO] [stderr]     Checking tower-service v0.3.1
[INFO] [stderr]    Compiling camino v1.0.5
[INFO] [stderr]     Checking httpdate v1.0.1
[INFO] [stderr]    Compiling semver v1.0.4
[INFO] [stderr]     Checking regex-syntax v0.6.25
[INFO] [stderr]     Checking glob v0.3.0
[INFO] [stderr]     Checking ipnet v2.3.1
[INFO] [stderr]     Checking base64 v0.13.0
[INFO] [stderr]    Compiling generic-array v0.14.4
[INFO] [stderr]    Compiling tokio v1.12.0
[INFO] [stderr]    Compiling futures-util v0.3.17
[INFO] [stderr]    Compiling indexmap v1.7.0
[INFO] [stderr]     Checking tracing-core v0.1.21
[INFO] [stderr]     Checking getrandom v0.2.3
[INFO] [stderr]     Checking mio v0.7.13
[INFO] [stderr]     Checking want v0.3.0
[INFO] [stderr]     Checking socket2 v0.4.2
[INFO] [stderr]     Checking rand_core v0.6.3
[INFO] [stderr]     Checking proc-macro2 v1.0.30
[INFO] [stderr]     Checking quote v1.0.10
[INFO] [stderr]     Checking tracing v0.1.29
[INFO] [stderr]     Checking rand_chacha v0.3.1
[INFO] [stderr]     Checking ff v0.10.1
[INFO] [stderr]     Checking group v0.10.0
[INFO] [stderr]    Compiling serde_derive v1.0.130
[INFO] [stderr]    Compiling thiserror-impl v1.0.30
[INFO] [stderr]    Compiling impl-trait-for-tuples v0.2.1
[INFO] [stderr]    Compiling rlp-derive v0.1.0
[INFO] [stderr]     Checking uint v0.9.1
[INFO] [stderr]     Checking bitvec v0.20.4
[INFO] [stderr]     Checking digest v0.9.0
[INFO] [stderr]     Checking crypto-mac v0.11.1
[INFO] [stderr]     Checking crypto-bigint v0.2.10
[INFO] [stderr]     Checking block-buffer v0.9.0
[INFO] [stderr]     Checking aho-corasick v0.7.18
[INFO] [stderr]     Checking rand v0.8.4
[INFO] [stderr]     Checking signature v1.3.1
[INFO] [stderr]     Checking hmac v0.11.0
[INFO] [stderr]     Checking sha3 v0.9.1
[INFO] [stderr]    Compiling thiserror v1.0.30
[INFO] [stderr]     Checking elliptic-curve v0.10.6
[INFO] [stderr]     Checking fixed-hash v0.7.0
[INFO] [stderr]     Checking regex v1.5.4
[INFO] [stderr]     Checking ecdsa v0.12.4
[INFO] [stderr]     Checking k256 v0.9.6
[INFO] [stderr]     Checking Inflector v0.11.4
[INFO] [stderr]    Compiling toml v0.5.8
[INFO] [stderr]     Checking bytes v1.1.0
[INFO] [stderr]     Checking impl-serde v0.3.1
[INFO] [stderr]     Checking serde_urlencoded v0.7.0
[INFO] [stderr]     Checking cargo-platform v0.1.2
[INFO] [stderr]     Checking rlp v0.5.1
[INFO] [stderr]     Checking http v0.2.5
[INFO] [stderr]     Checking impl-rlp v0.3.0
[INFO] [stderr]     Checking ethbloom v0.11.1
[INFO] [stderr]     Checking cargo_metadata v0.14.0
[INFO] [stderr]    Compiling proc-macro-crate v1.1.0
[INFO] [stderr]    Compiling parity-scale-codec-derive v2.3.1
[INFO] [stderr]     Checking http-body v0.4.3
[INFO] [stderr]     Checking parity-scale-codec v2.3.1
[INFO] [stderr]     Checking tokio-util v0.6.8
[INFO] [stderr]     Checking tokio-native-tls v0.3.0
[INFO] [stderr]     Checking h2 v0.3.6
[INFO] [stderr]     Checking impl-codec v0.5.1
[INFO] [stderr]     Checking primitive-types v0.10.1
[INFO] [stderr]     Checking ethereum-types v0.12.1
[INFO] [stderr]     Checking ethabi v15.0.0
[INFO] [stderr]     Checking hyper v0.14.13
[INFO] [stderr]     Checking ethers-core v0.5.4
[INFO] [stderr]     Checking hyper-tls v0.5.0
[INFO] [stderr]     Checking reqwest v0.11.5
[INFO] [stderr]     Checking ethers-contract-abigen v0.5.3 (/opt/rustwide/workdir)
[INFO] [stdout] error: couldn't read src/contract/../../../tests/solidity-contracts/verifier_abi.json: No such file or directory (os error 2)
[INFO] [stdout]    --> src/contract/structs.rs:518:13
[INFO] [stdout]     |
[INFO] [stdout] 518 |             include_str!("../../../tests/solidity-contracts/verifier_abi.json");
[INFO] [stdout]     |             ^^^^^^^^^^^^^^^^^^^^^^^^^^^^^^^^^^^^^^^^^^^^^^^^^^^^^^^^^^^^^^^^^^^
[INFO] [stdout]     |
[INFO] [stdout]     = note: this error originates in the macro `include_str` (in Nightly builds, run with -Z macro-backtrace for more info)
[INFO] [stdout] 
[INFO] [stdout] 
[INFO] [stdout] error: couldn't read src/../../tests/solidity-contracts/verifier_abi.json: No such file or directory (os error 2)
[INFO] [stdout]   --> src/rawabi.rs:45:36
[INFO] [stdout]    |
[INFO] [stdout] 45 |         const VERIFIER_ABI: &str = include_str!("../../tests/solidity-contracts/verifier_abi.json");
[INFO] [stdout]    |                                    ^^^^^^^^^^^^^^^^^^^^^^^^^^^^^^^^^^^^^^^^^^^^^^^^^^^^^^^^^^^^^^^^
[INFO] [stdout]    |
[INFO] [stdout]    = note: this error originates in the macro `include_str` (in Nightly builds, run with -Z macro-backtrace for more info)
[INFO] [stdout] 
[INFO] [stdout] 
[INFO] [stdout] error[E0063]: missing field `internal_type` in initializer of `ethers_core::abi::Param`
[INFO] [stdout]    --> src/contract/methods.rs:205:27
[INFO] [stdout]     |
[INFO] [stdout] 205 |         let params = vec![Param {
[INFO] [stdout]     |                           ^^^^^ missing `internal_type`
[INFO] [stdout] 
[INFO] [stdout] 
[INFO] [stdout] error[E0063]: missing field `internal_type` in initializer of `ethers_core::abi::Param`
[INFO] [stdout]    --> src/contract/methods.rs:214:13
[INFO] [stdout]     |
[INFO] [stdout] 214 |             Param {
[INFO] [stdout]     |             ^^^^^ missing `internal_type`
[INFO] [stdout] 
[INFO] [stdout] 
[INFO] [stdout] error[E0063]: missing field `internal_type` in initializer of `ethers_core::abi::Param`
[INFO] [stdout]    --> src/contract/methods.rs:218:13
[INFO] [stdout]     |
[INFO] [stdout] 218 |             Param {
[INFO] [stdout]     |             ^^^^^ missing `internal_type`
[INFO] [stdout] 
[INFO] [stdout] 
[INFO] [stdout] error[E0063]: missing field `internal_type` in initializer of `ethers_core::abi::Param`
[INFO] [stdout]    --> src/contract/methods.rs:228:13
[INFO] [stdout]     |
[INFO] [stdout] 228 |             Param {
[INFO] [stdout]     |             ^^^^^ missing `internal_type`
[INFO] [stdout] 
[INFO] [stdout] 
[INFO] [stdout] error[E0063]: missing field `internal_type` in initializer of `ethers_core::abi::Param`
[INFO] [stdout]    --> src/contract/methods.rs:232:13
[INFO] [stdout]     |
[INFO] [stdout] 232 |             Param {
[INFO] [stdout]     |             ^^^^^ missing `internal_type`
[INFO] [stdout] 
[INFO] [stdout] 
[INFO] [stdout] error[E0063]: missing field `internal_type` in initializer of `ethers_core::abi::Param`
[INFO] [stdout]    --> src/contract/methods.rs:236:13
[INFO] [stdout]     |
[INFO] [stdout] 236 |             Param {
[INFO] [stdout]     |             ^^^^^ missing `internal_type`
[INFO] [stdout] 
[INFO] [stdout] 
[INFO] [stdout] error[E0063]: missing field `internal_type` in initializer of `ethers_core::abi::Param`
[INFO] [stdout]    --> src/contract/methods.rs:256:21
[INFO] [stdout]     |
[INFO] [stdout] 256 |                     Param {
[INFO] [stdout]     |                     ^^^^^ missing `internal_type`
[INFO] [stdout] 
[INFO] [stdout] 
[INFO] [stdout] error[E0063]: missing field `internal_type` in initializer of `ethers_core::abi::Param`
[INFO] [stdout]    --> src/contract/methods.rs:260:21
[INFO] [stdout]     |
[INFO] [stdout] 260 |                     Param {
[INFO] [stdout]     |                     ^^^^^ missing `internal_type`
[INFO] [stdout] 
[INFO] [stdout] 
[INFO] [stdout] error[E0063]: missing field `internal_type` in initializer of `ethers_core::abi::Param`
[INFO] [stdout]    --> src/contract/methods.rs:279:33
[INFO] [stdout]     |
[INFO] [stdout] 279 |             expand_fn_outputs(&[Param {
[INFO] [stdout]     |                                 ^^^^^ missing `internal_type`
[INFO] [stdout] 
[INFO] [stdout] 
[INFO] [stdout] error[E0063]: missing field `internal_type` in initializer of `ethers_core::abi::Param`
[INFO] [stdout]    --> src/contract/methods.rs:292:17
[INFO] [stdout]     |
[INFO] [stdout] 292 |                 Param {
[INFO] [stdout]     |                 ^^^^^ missing `internal_type`
[INFO] [stdout] 
[INFO] [stdout] 
[INFO] [stdout] error[E0063]: missing field `internal_type` in initializer of `ethers_core::abi::Param`
[INFO] [stdout]    --> src/contract/methods.rs:296:17
[INFO] [stdout]     |
[INFO] [stdout] 296 |                 Param {
[INFO] [stdout]     |                 ^^^^^ missing `internal_type`
[INFO] [stdout] 
[INFO] [stdout] 
[INFO] [stdout] error: aborting due to 13 previous errors
[INFO] [stdout] 
[INFO] [stdout] 
[INFO] [stdout] For more information about this error, try `rustc --explain E0063`.
[INFO] [stdout] 
[INFO] [stderr] error: could not compile `ethers-contract-abigen` due to 14 previous errors
[INFO] [stderr] warning: build failed, waiting for other jobs to finish...
[INFO] [stderr] error: build failed
[INFO] running `Command { std: "docker" "inspect" "4628b4670b63c1ef2d302371c357daf67ef761fec8460b55aa7b4fa4e4a10045", kill_on_drop: false }`
[INFO] running `Command { std: "docker" "rm" "-f" "4628b4670b63c1ef2d302371c357daf67ef761fec8460b55aa7b4fa4e4a10045", kill_on_drop: false }`
[INFO] [stdout] 4628b4670b63c1ef2d302371c357daf67ef761fec8460b55aa7b4fa4e4a10045
