[INFO] fetching crate etag 3.0.0...
[INFO] checking etag-3.0.0 against 1.55.0 for beta-1.56-3
[INFO] extracting crate etag 3.0.0 into /workspace/builds/worker-12/source
[INFO] validating manifest of crates.io crate etag 3.0.0 on toolchain 1.55.0
[INFO] running `Command { std: "/workspace/cargo-home/bin/cargo" "+1.55.0" "metadata" "--manifest-path" "Cargo.toml" "--no-deps", kill_on_drop: false }`
[INFO] started tweaking crates.io crate etag 3.0.0
[INFO] finished tweaking crates.io crate etag 3.0.0
[INFO] tweaked toml for crates.io crate etag 3.0.0 written to /workspace/builds/worker-12/source/Cargo.toml
[INFO] running `Command { std: "/workspace/cargo-home/bin/cargo" "+1.55.0" "generate-lockfile" "--manifest-path" "Cargo.toml" "-Zno-index-update", kill_on_drop: false }`
[INFO] [stderr]     Blocking waiting for file lock on package cache
[INFO] running `Command { std: "/workspace/cargo-home/bin/cargo" "+1.55.0" "fetch" "--manifest-path" "Cargo.toml", kill_on_drop: false }`
[INFO] [stderr]     Blocking waiting for file lock on package cache
[INFO] [stderr]     Blocking waiting for file lock on package cache
[INFO] [stderr]  Downloading crates ...
[INFO] [stderr]   Downloaded xxhash-rust v0.8.2
[INFO] [stderr]   Downloaded str-buf v2.0.2
[INFO] running `Command { std: "docker" "create" "-v" "/var/lib/crater-agent-workspace/builds/worker-12/target:/opt/rustwide/target:rw,Z" "-v" "/var/lib/crater-agent-workspace/builds/worker-12/source:/opt/rustwide/workdir:ro,Z" "-v" "/var/lib/crater-agent-workspace/cargo-home:/opt/rustwide/cargo-home:ro,Z" "-v" "/var/lib/crater-agent-workspace/rustup-home:/opt/rustwide/rustup-home:ro,Z" "-e" "SOURCE_DIR=/opt/rustwide/workdir" "-e" "CARGO_TARGET_DIR=/opt/rustwide/target" "-e" "CARGO_HOME=/opt/rustwide/cargo-home" "-e" "RUSTUP_HOME=/opt/rustwide/rustup-home" "-w" "/opt/rustwide/workdir" "-m" "1610612736" "--user" "0:0" "--network" "none" "ghcr.io/rust-lang/crates-build-env/linux@sha256:a89201d6b5b9fd45c15d5952ece0a0129e7e80cb26ec023fd59cf09bc26f1604" "/opt/rustwide/cargo-home/bin/cargo" "+1.55.0" "metadata" "--no-deps" "--format-version=1", kill_on_drop: false }`
[INFO] [stdout] 2d65345e9b287861eb64641a2402c75ef8b87caad95b09e931af9fddfb1d282c
[INFO] running `Command { std: "docker" "start" "-a" "2d65345e9b287861eb64641a2402c75ef8b87caad95b09e931af9fddfb1d282c", kill_on_drop: false }`
[INFO] running `Command { std: "docker" "inspect" "2d65345e9b287861eb64641a2402c75ef8b87caad95b09e931af9fddfb1d282c", kill_on_drop: false }`
[INFO] running `Command { std: "docker" "rm" "-f" "2d65345e9b287861eb64641a2402c75ef8b87caad95b09e931af9fddfb1d282c", kill_on_drop: false }`
[INFO] [stdout] 2d65345e9b287861eb64641a2402c75ef8b87caad95b09e931af9fddfb1d282c
[INFO] running `Command { std: "docker" "create" "-v" "/var/lib/crater-agent-workspace/builds/worker-12/target:/opt/rustwide/target:rw,Z" "-v" "/var/lib/crater-agent-workspace/builds/worker-12/source:/opt/rustwide/workdir:ro,Z" "-v" "/var/lib/crater-agent-workspace/cargo-home:/opt/rustwide/cargo-home:ro,Z" "-v" "/var/lib/crater-agent-workspace/rustup-home:/opt/rustwide/rustup-home:ro,Z" "-e" "SOURCE_DIR=/opt/rustwide/workdir" "-e" "CARGO_TARGET_DIR=/opt/rustwide/target" "-e" "CARGO_INCREMENTAL=0" "-e" "RUST_BACKTRACE=full" "-e" "RUSTFLAGS=--cap-lints=warn" "-e" "CARGO_HOME=/opt/rustwide/cargo-home" "-e" "RUSTUP_HOME=/opt/rustwide/rustup-home" "-w" "/opt/rustwide/workdir" "-m" "1610612736" "--user" "0:0" "--network" "none" "ghcr.io/rust-lang/crates-build-env/linux@sha256:a89201d6b5b9fd45c15d5952ece0a0129e7e80cb26ec023fd59cf09bc26f1604" "/opt/rustwide/cargo-home/bin/cargo" "+1.55.0" "check" "--frozen" "--all" "--all-targets" "--message-format=json", kill_on_drop: false }`
[INFO] [stdout] 1398035eea7b3a21c7bbd5773bf3e2fa14e6649b9f6856d2d8a4cf968d858d03
[INFO] running `Command { std: "docker" "start" "-a" "1398035eea7b3a21c7bbd5773bf3e2fa14e6649b9f6856d2d8a4cf968d858d03", kill_on_drop: false }`
[INFO] [stderr]     Blocking waiting for file lock on package cache
[INFO] [stderr]     Checking str-buf v2.0.2
[INFO] [stderr]     Checking xxhash-rust v0.8.2
[INFO] [stderr]     Checking etag v3.0.0 (/opt/rustwide/workdir)
[INFO] [stdout] error[E0433]: failed to resolve: use of undeclared crate or module `std`
[INFO] [stdout]    --> src/lib.rs:338:24
[INFO] [stdout]     |
[INFO] [stdout] 338 |         let expected = std::format!("{0}-{1}", u64::max_value(), u128::max_value());
[INFO] [stdout]     |                        ^^^ use of undeclared crate or module `std`
[INFO] [stdout] 
[INFO] [stdout] 
[INFO] [stdout] error[E0433]: failed to resolve: use of undeclared crate or module `std`
[INFO] [stdout]    --> src/lib.rs:335:24
[INFO] [stdout]     |
[INFO] [stdout] 335 |         let expected = std::format!("{0}.{0}-{0}", u64::max_value());
[INFO] [stdout]     |                        ^^^ use of undeclared crate or module `std`
[INFO] [stdout] 
[INFO] [stdout] 
[INFO] [stdout] error[E0599]: no method named `as_str` found for type `str` in the current scope
[INFO] [stdout]    --> src/lib.rs:337:29
[INFO] [stdout]     |
[INFO] [stdout] 337 |         assert_eq!(expected.as_str(), res);
[INFO] [stdout]     |                            -^^^^^^-- help: remove this method call
[INFO] [stdout] 
[INFO] [stdout] 
[INFO] [stdout] error[E0599]: no method named `as_str` found for type `str` in the current scope
[INFO] [stdout]    --> src/lib.rs:340:29
[INFO] [stdout]     |
[INFO] [stdout] 340 |         assert_eq!(expected.as_str(), res);
[INFO] [stdout]     |                            -^^^^^^-- help: remove this method call
[INFO] [stdout] 
[INFO] [stdout] 
[INFO] [stdout] error: aborting due to 4 previous errors
[INFO] [stdout] 
[INFO] [stdout] 
[INFO] [stdout] Some errors have detailed explanations: E0433, E0599.
[INFO] [stdout] 
[INFO] [stdout] For more information about an error, try `rustc --explain E0433`.
[INFO] [stdout] 
[INFO] [stderr] error: could not compile `etag` due to 5 previous errors
[INFO] [stderr] warning: build failed, waiting for other jobs to finish...
[INFO] [stderr] error: build failed
[INFO] running `Command { std: "docker" "inspect" "1398035eea7b3a21c7bbd5773bf3e2fa14e6649b9f6856d2d8a4cf968d858d03", kill_on_drop: false }`
[INFO] running `Command { std: "docker" "rm" "-f" "1398035eea7b3a21c7bbd5773bf3e2fa14e6649b9f6856d2d8a4cf968d858d03", kill_on_drop: false }`
[INFO] [stdout] 1398035eea7b3a21c7bbd5773bf3e2fa14e6649b9f6856d2d8a4cf968d858d03
