[INFO] fetching crate esrs 0.5.2...
[INFO] checking esrs-0.5.2 against beta-2021-10-15 for beta-1.56-3
[INFO] extracting crate esrs 0.5.2 into /workspace/builds/worker-85/source
[INFO] validating manifest of crates.io crate esrs 0.5.2 on toolchain beta-2021-10-15
[INFO] running `Command { std: "/workspace/cargo-home/bin/cargo" "+beta-2021-10-15" "metadata" "--manifest-path" "Cargo.toml" "--no-deps", kill_on_drop: false }`
[INFO] started tweaking crates.io crate esrs 0.5.2
[INFO] removed 0 missing examples
[INFO] finished tweaking crates.io crate esrs 0.5.2
[INFO] tweaked toml for crates.io crate esrs 0.5.2 written to /workspace/builds/worker-85/source/Cargo.toml
[INFO] crate crates.io crate esrs 0.5.2 already has a lockfile, it will not be regenerated
[INFO] running `Command { std: "/workspace/cargo-home/bin/cargo" "+beta-2021-10-15" "fetch" "--manifest-path" "Cargo.toml", kill_on_drop: false }`
[INFO] [stderr]     Blocking waiting for file lock on package cache
[INFO] running `Command { std: "docker" "create" "-v" "/var/lib/crater-agent-workspace/builds/worker-85/target:/opt/rustwide/target:rw,Z" "-v" "/var/lib/crater-agent-workspace/builds/worker-85/source:/opt/rustwide/workdir:ro,Z" "-v" "/var/lib/crater-agent-workspace/cargo-home:/opt/rustwide/cargo-home:ro,Z" "-v" "/var/lib/crater-agent-workspace/rustup-home:/opt/rustwide/rustup-home:ro,Z" "-e" "SOURCE_DIR=/opt/rustwide/workdir" "-e" "CARGO_TARGET_DIR=/opt/rustwide/target" "-e" "CARGO_HOME=/opt/rustwide/cargo-home" "-e" "RUSTUP_HOME=/opt/rustwide/rustup-home" "-w" "/opt/rustwide/workdir" "-m" "1610612736" "--user" "0:0" "--network" "none" "ghcr.io/rust-lang/crates-build-env/linux@sha256:a89201d6b5b9fd45c15d5952ece0a0129e7e80cb26ec023fd59cf09bc26f1604" "/opt/rustwide/cargo-home/bin/cargo" "+beta-2021-10-15" "metadata" "--no-deps" "--format-version=1", kill_on_drop: false }`
[INFO] [stdout] 0e70921e7105674f4d538330a4a4b02448d99bf75f298b48351c99cfceab6b08
[INFO] running `Command { std: "docker" "start" "-a" "0e70921e7105674f4d538330a4a4b02448d99bf75f298b48351c99cfceab6b08", kill_on_drop: false }`
[INFO] running `Command { std: "docker" "inspect" "0e70921e7105674f4d538330a4a4b02448d99bf75f298b48351c99cfceab6b08", kill_on_drop: false }`
[INFO] running `Command { std: "docker" "rm" "-f" "0e70921e7105674f4d538330a4a4b02448d99bf75f298b48351c99cfceab6b08", kill_on_drop: false }`
[INFO] [stdout] 0e70921e7105674f4d538330a4a4b02448d99bf75f298b48351c99cfceab6b08
[INFO] running `Command { std: "docker" "create" "-v" "/var/lib/crater-agent-workspace/builds/worker-85/target:/opt/rustwide/target:rw,Z" "-v" "/var/lib/crater-agent-workspace/builds/worker-85/source:/opt/rustwide/workdir:ro,Z" "-v" "/var/lib/crater-agent-workspace/cargo-home:/opt/rustwide/cargo-home:ro,Z" "-v" "/var/lib/crater-agent-workspace/rustup-home:/opt/rustwide/rustup-home:ro,Z" "-e" "SOURCE_DIR=/opt/rustwide/workdir" "-e" "CARGO_TARGET_DIR=/opt/rustwide/target" "-e" "CARGO_INCREMENTAL=0" "-e" "RUST_BACKTRACE=full" "-e" "RUSTFLAGS=--cap-lints=warn" "-e" "CARGO_HOME=/opt/rustwide/cargo-home" "-e" "RUSTUP_HOME=/opt/rustwide/rustup-home" "-w" "/opt/rustwide/workdir" "-m" "1610612736" "--user" "0:0" "--network" "none" "ghcr.io/rust-lang/crates-build-env/linux@sha256:a89201d6b5b9fd45c15d5952ece0a0129e7e80cb26ec023fd59cf09bc26f1604" "/opt/rustwide/cargo-home/bin/cargo" "+beta-2021-10-15" "check" "--frozen" "--all" "--all-targets" "--message-format=json", kill_on_drop: false }`
[INFO] [stdout] 625e3da534b3c24815ff522e8502149e91254ce45187ba5482b1ec6daba53221
[INFO] running `Command { std: "docker" "start" "-a" "625e3da534b3c24815ff522e8502149e91254ce45187ba5482b1ec6daba53221", kill_on_drop: false }`
[INFO] [stderr]     Blocking waiting for file lock on package cache
[INFO] [stderr]    Compiling libc v0.2.95
[INFO] [stderr]    Compiling proc-macro2 v1.0.27
[INFO] [stderr]    Compiling syn v1.0.72
[INFO] [stderr]    Compiling memchr v2.4.0
[INFO] [stderr]    Compiling cc v1.0.68
[INFO] [stderr]    Compiling pkg-config v0.3.19
[INFO] [stderr]    Compiling futures-core v0.3.15
[INFO] [stderr]    Compiling serde_derive v1.0.126
[INFO] [stderr]    Compiling futures-channel v0.3.15
[INFO] [stderr]    Compiling serde v1.0.126
[INFO] [stderr]    Compiling openssl v0.10.34
[INFO] [stderr]    Compiling futures-task v0.3.15
[INFO] [stderr]    Compiling once_cell v1.7.2
[INFO] [stderr]    Compiling crossbeam-utils v0.8.5
[INFO] [stderr]    Compiling lexical-core v0.7.6
[INFO] [stderr]    Compiling native-tls v0.2.7
[INFO] [stderr]    Compiling pin-project-lite v0.2.6
[INFO] [stderr]    Compiling smallvec v1.6.1
[INFO] [stderr]    Compiling matches v0.1.8
[INFO] [stderr]    Compiling build_const v0.2.2
[INFO] [stderr]    Compiling futures-sink v0.3.15
[INFO] [stderr]    Compiling crossbeam-queue v0.3.2
[INFO] [stderr]    Compiling bytes v1.0.1
[INFO] [stderr]    Compiling serde_json v1.0.64
[INFO] [stderr]    Compiling whoami v1.1.2
[INFO] [stderr]    Compiling slab v0.4.3
[INFO] [stderr]    Compiling arrayvec v0.5.2
[INFO] [stderr]    Compiling futures-io v0.3.15
[INFO] [stderr]    Compiling hashbrown v0.9.1
[INFO] [stderr]    Compiling unicode_categories v0.1.1
[INFO] [stderr]    Compiling itoa v0.4.7
[INFO] [stderr]    Compiling cpufeatures v0.1.4
[INFO] [stderr]    Compiling maplit v1.0.2
[INFO] [stderr]    Compiling unicode-segmentation v1.7.1
[INFO] [stderr]    Compiling either v1.6.1
[INFO] [stderr]    Compiling async-trait v0.1.50
[INFO] [stderr]    Compiling dotenv v0.15.0
[INFO] [stderr]    Compiling tokio v1.6.1
[INFO] [stderr]    Compiling num-traits v0.2.14
[INFO] [stderr]    Compiling futures-macro v0.3.15
[INFO] [stderr]    Compiling futures-util v0.3.15
[INFO] [stderr]    Compiling indexmap v1.6.2
[INFO] [stderr]    Compiling ahash v0.7.4
[INFO] [stderr]    Compiling nom v6.1.2
[INFO] [stderr]    Compiling instant v0.1.9
[INFO] [stderr]    Compiling lock_api v0.4.4
[INFO] [stderr]    Compiling tinyvec v1.2.0
[INFO] [stderr]    Compiling bitflags v1.2.1
[INFO] [stderr]    Compiling typenum v1.13.0
[INFO] [stderr]     Checking radium v0.5.3
[INFO] [stderr]    Compiling unicode-bidi v0.3.5
[INFO] [stderr]    Compiling form_urlencoded v1.0.1
[INFO] [stderr]    Compiling crc v1.8.1
[INFO] [stderr]     Checking sha2 v0.9.5
[INFO] [stderr]     Checking bitvec v0.19.5
[INFO] [stderr]    Compiling heck v0.3.3
[INFO] [stderr]    Compiling crossbeam-channel v0.5.1
[INFO] [stderr]    Compiling generic-array v0.14.4
[INFO] [stderr]    Compiling quote v1.0.9
[INFO] [stderr]     Checking unicode-normalization v0.1.19
[INFO] [stderr]    Compiling aho-corasick v0.7.18
[INFO] [stderr]    Compiling openssl-sys v0.9.63
[INFO] [stderr]    Compiling block-buffer v0.9.0
[INFO] [stderr]    Compiling digest v0.9.0
[INFO] [stderr]    Compiling parking_lot_core v0.8.3
[INFO] [stderr]    Compiling signal-hook-registry v1.4.0
[INFO] [stderr]    Compiling mio v0.7.11
[INFO] [stderr]    Compiling num_cpus v1.13.0
[INFO] [stderr]    Compiling getrandom v0.2.3
[INFO] [stderr]    Compiling time v0.1.43
[INFO] [stderr]     Checking regex v1.5.4
[INFO] [stderr]     Checking num-integer v0.1.44
[INFO] [stderr]     Checking atoi v0.4.0
[INFO] [stderr]     Checking parking_lot v0.11.1
[INFO] [stderr]     Checking idna v0.2.3
[INFO] [stderr]     Checking stringprep v0.1.2
[INFO] [stderr]    Compiling hashbrown v0.11.2
[INFO] [stderr]     Checking url v2.2.2
[INFO] [stderr]    Compiling hashlink v0.7.0
[INFO] [stderr]     Checking sqlformat v0.1.6
[INFO] [stderr]    Compiling tokio-macros v1.2.0
[INFO] [stderr]    Compiling thiserror-impl v1.0.25
[INFO] [stderr]    Compiling thiserror v1.0.25
[INFO] [stderr]     Checking futures-executor v0.3.15
[INFO] [stderr]     Checking futures v0.3.15
[INFO] [stderr]     Checking tokio-native-tls v0.3.0
[INFO] [stderr]     Checking tokio-stream v0.1.6
[INFO] [stderr]     Checking sqlx-rt v0.5.5
[INFO] [stderr]     Checking chrono v0.4.19
[INFO] [stderr]     Checking uuid v0.8.2
[INFO] [stderr]     Checking sqlx-core v0.5.5
[INFO] [stderr]    Compiling sqlx-macros v0.5.5
[INFO] [stderr]     Checking sqlx v0.5.5
[INFO] [stderr]     Checking esrs v0.5.2 (/opt/rustwide/workdir)
[INFO] [stdout] error[E0433]: failed to resolve: use of undeclared crate or module `sqlite_payments`
[INFO] [stdout]  --> examples/sqlite_payments.rs:6:5
[INFO] [stdout]   |
[INFO] [stdout] 6 | use sqlite_payments::bank_account::aggregate::BankAccountAggregate;
[INFO] [stdout]   |     ^^^^^^^^^^^^^^^ use of undeclared crate or module `sqlite_payments`
[INFO] [stdout] 
[INFO] [stdout] 
[INFO] [stdout] error[E0433]: failed to resolve: use of undeclared crate or module `sqlite_payments`
[INFO] [stdout]  --> examples/sqlite_payments.rs:7:5
[INFO] [stdout]   |
[INFO] [stdout] 7 | use sqlite_payments::bank_account::command::BankAccountCommand;
[INFO] [stdout]   |     ^^^^^^^^^^^^^^^ use of undeclared crate or module `sqlite_payments`
[INFO] [stdout] 
[INFO] [stdout] 
[INFO] [stdout] error[E0433]: failed to resolve: use of undeclared crate or module `sqlite_payments`
[INFO] [stdout]  --> examples/sqlite_payments.rs:8:5
[INFO] [stdout]   |
[INFO] [stdout] 8 | use sqlite_payments::bank_account::state::BankAccountState;
[INFO] [stdout]   |     ^^^^^^^^^^^^^^^ use of undeclared crate or module `sqlite_payments`
[INFO] [stdout] 
[INFO] [stdout] 
[INFO] [stdout] error[E0433]: failed to resolve: use of undeclared crate or module `sqlite_payments`
[INFO] [stdout]  --> examples/sqlite_payments.rs:9:5
[INFO] [stdout]   |
[INFO] [stdout] 9 | use sqlite_payments::credit_card::aggregate::CreditCardAggregate;
[INFO] [stdout]   |     ^^^^^^^^^^^^^^^ use of undeclared crate or module `sqlite_payments`
[INFO] [stdout] 
[INFO] [stdout] 
[INFO] [stdout] error[E0433]: failed to resolve: use of undeclared crate or module `sqlite_payments`
[INFO] [stdout]   --> examples/sqlite_payments.rs:10:5
[INFO] [stdout]    |
[INFO] [stdout] 10 | use sqlite_payments::credit_card::command::CreditCardCommand;
[INFO] [stdout]    |     ^^^^^^^^^^^^^^^ use of undeclared crate or module `sqlite_payments`
[INFO] [stdout] 
[INFO] [stdout] 
[INFO] [stdout] error[E0433]: failed to resolve: use of undeclared crate or module `sqlite_payments`
[INFO] [stdout]   --> examples/sqlite_payments.rs:11:5
[INFO] [stdout]    |
[INFO] [stdout] 11 | use sqlite_payments::credit_card::state::CreditCardState;
[INFO] [stdout]    |     ^^^^^^^^^^^^^^^ use of undeclared crate or module `sqlite_payments`
[INFO] [stdout] 
[INFO] [stdout] 
[INFO] [stdout] error[E0432]: unresolved import `sqlx::Sqlite`
[INFO] [stdout]  --> examples/sqlite_payments.rs:2:18
[INFO] [stdout]   |
[INFO] [stdout] 2 | use sqlx::{Pool, Sqlite};
[INFO] [stdout]   |                  ^^^^^^ no `Sqlite` in the root
[INFO] [stdout] 
[INFO] [stdout] 
[INFO] [stdout] error[E0433]: failed to resolve: use of undeclared crate or module `postgres_payments`
[INFO] [stdout]  --> examples/postgres_payments.rs:5:5
[INFO] [stdout]   |
[INFO] [stdout] 5 | use postgres_payments::bank_account::aggregate::BankAccountAggregate;
[INFO] [stdout]   |     ^^^^^^^^^^^^^^^^^ use of undeclared crate or module `postgres_payments`
[INFO] [stdout] 
[INFO] [stdout] 
[INFO] [stdout] error[E0433]: failed to resolve: use of undeclared type `CreditCardAggregate`
[INFO] [stdout]   --> examples/sqlite_payments.rs:36:54
[INFO] [stdout]    |
[INFO] [stdout] 36 |     let credit_card_aggregate: CreditCardAggregate = CreditCardAggregate::new(&pool)
[INFO] [stdout]    |                                                      ^^^^^^^^^^^^^^^^^^^ use of undeclared type `CreditCardAggregate`
[INFO] [stdout] 
[INFO] [stdout] 
[INFO] [stdout] error[E0433]: failed to resolve: use of undeclared type `BankAccountAggregate`
[INFO] [stdout]   --> examples/sqlite_payments.rs:41:56
[INFO] [stdout]    |
[INFO] [stdout] 41 |     let bank_account_aggregate: BankAccountAggregate = BankAccountAggregate::new(&pool)
[INFO] [stdout]    |                                                        ^^^^^^^^^^^^^^^^^^^^ use of undeclared type `BankAccountAggregate`
[INFO] [stdout] 
[INFO] [stdout] 
[INFO] [stdout] error[E0433]: failed to resolve: use of undeclared type `BankAccountState`
[INFO] [stdout]   --> examples/sqlite_payments.rs:45:57
[INFO] [stdout]    |
[INFO] [stdout] 45 |         AggregateState::new_with_state(bank_account_id, BankAccountState::default());
[INFO] [stdout]    |                                                         ^^^^^^^^^^^^^^^^ use of undeclared type `BankAccountState`
[INFO] [stdout] 
[INFO] [stdout] 
[INFO] [stdout] error[E0433]: failed to resolve: use of undeclared type `BankAccountCommand`
[INFO] [stdout]   --> examples/sqlite_payments.rs:49:45
[INFO] [stdout]    |
[INFO] [stdout] 49 |         .handle_command(bank_account_state, BankAccountCommand::Deposit { amount: 1000 })
[INFO] [stdout]    |                                             ^^^^^^^^^^^^^^^^^^ use of undeclared type `BankAccountCommand`
[INFO] [stdout] 
[INFO] [stdout] 
[INFO] [stdout] error[E0433]: failed to resolve: use of undeclared type `CreditCardCommand`
[INFO] [stdout]   --> examples/sqlite_payments.rs:65:44
[INFO] [stdout]    |
[INFO] [stdout] 65 |         .handle_command(credit_card_state, CreditCardCommand::Pay { amount: tv_price })
[INFO] [stdout]    |                                            ^^^^^^^^^^^^^^^^^ use of undeclared type `CreditCardCommand`
[INFO] [stdout] 
[INFO] [stdout] 
[INFO] [stdout] error[E0412]: cannot find type `CreditCardAggregate` in this scope
[INFO] [stdout]   --> examples/sqlite_payments.rs:36:32
[INFO] [stdout]    |
[INFO] [stdout] 36 |     let credit_card_aggregate: CreditCardAggregate = CreditCardAggregate::new(&pool)
[INFO] [stdout]    |                                ^^^^^^^^^^^^^^^^^^^ not found in this scope
[INFO] [stdout] 
[INFO] [stdout] 
[INFO] [stdout] error[E0412]: cannot find type `CreditCardState` in this scope
[INFO] [stdout]   --> examples/sqlite_payments.rs:39:43
[INFO] [stdout]    |
[INFO] [stdout] 39 |     let credit_card_state: AggregateState<CreditCardState> = AggregateState::new(bank_account_id);
[INFO] [stdout]    |                                           ^^^^^^^^^^^^^^^ not found in this scope
[INFO] [stdout] 
[INFO] [stdout] 
[INFO] [stdout] error[E0412]: cannot find type `BankAccountAggregate` in this scope
[INFO] [stdout]   --> examples/sqlite_payments.rs:41:33
[INFO] [stdout]    |
[INFO] [stdout] 41 |     let bank_account_aggregate: BankAccountAggregate = BankAccountAggregate::new(&pool)
[INFO] [stdout]    |                                 ^^^^^^^^^^^^^^^^^^^^ not found in this scope
[INFO] [stdout] 
[INFO] [stdout] 
[INFO] [stdout] error[E0412]: cannot find type `BankAccountState` in this scope
[INFO] [stdout]   --> examples/sqlite_payments.rs:44:44
[INFO] [stdout]    |
[INFO] [stdout] 44 |     let bank_account_state: AggregateState<BankAccountState> =
[INFO] [stdout]    |                                            ^^^^^^^^^^^^^^^^ not found in this scope
[INFO] [stdout] 
[INFO] [stdout] 
[INFO] [stdout] error[E0412]: cannot find type `BankAccountState` in this scope
[INFO] [stdout]   --> examples/sqlite_payments.rs:48:44
[INFO] [stdout]    |
[INFO] [stdout] 48 |     let bank_account_state: AggregateState<BankAccountState> = bank_account_aggregate
[INFO] [stdout]    |                                            ^^^^^^^^^^^^^^^^ not found in this scope
[INFO] [stdout] 
[INFO] [stdout] 
[INFO] [stdout] error[E0412]: cannot find type `CreditCardState` in this scope
[INFO] [stdout]   --> examples/sqlite_payments.rs:64:44
[INFO] [stdout]    |
[INFO] [stdout] 64 |     let _credit_card_state: AggregateState<CreditCardState> = credit_card_aggregate
[INFO] [stdout]    |                                            ^^^^^^^^^^^^^^^ not found in this scope
[INFO] [stdout] 
[INFO] [stdout] 
[INFO] [stdout] error[E0412]: cannot find type `BankAccountState` in this scope
[INFO] [stdout]   --> examples/sqlite_payments.rs:69:44
[INFO] [stdout]    |
[INFO] [stdout] 69 |     let bank_account_state: AggregateState<BankAccountState> = bank_account_aggregate
[INFO] [stdout]    |                                            ^^^^^^^^^^^^^^^^ not found in this scope
[INFO] [stdout] 
[INFO] [stdout] 
[INFO] [stdout] error[E0433]: failed to resolve: use of undeclared crate or module `postgres_payments`
[INFO] [stdout]  --> examples/postgres_payments.rs:6:5
[INFO] [stdout]   |
[INFO] [stdout] 6 | use postgres_payments::bank_account::command::BankAccountCommand;
[INFO] [stdout]   |     ^^^^^^^^^^^^^^^^^ use of undeclared crate or module `postgres_payments`
[INFO] [stdout] 
[INFO] [stdout] 
[INFO] [stdout] error[E0433]: failed to resolve: use of undeclared crate or module `postgres_payments`
[INFO] [stdout]  --> examples/postgres_payments.rs:7:5
[INFO] [stdout]   |
[INFO] [stdout] 7 | use postgres_payments::bank_account::state::BankAccountState;
[INFO] [stdout]   |     ^^^^^^^^^^^^^^^^^ use of undeclared crate or module `postgres_payments`
[INFO] [stdout] 
[INFO] [stdout] 
[INFO] [stdout] error[E0433]: failed to resolve: use of undeclared crate or module `postgres_payments`
[INFO] [stdout]  --> examples/postgres_payments.rs:8:5
[INFO] [stdout]   |
[INFO] [stdout] 8 | use postgres_payments::credit_card::aggregate::CreditCardAggregate;
[INFO] [stdout]   |     ^^^^^^^^^^^^^^^^^ use of undeclared crate or module `postgres_payments`
[INFO] [stdout] 
[INFO] [stdout] 
[INFO] [stdout] error[E0433]: failed to resolve: use of undeclared crate or module `postgres_payments`
[INFO] [stdout]  --> examples/postgres_payments.rs:9:5
[INFO] [stdout]   |
[INFO] [stdout] 9 | use postgres_payments::credit_card::command::CreditCardCommand;
[INFO] [stdout]   |     ^^^^^^^^^^^^^^^^^ use of undeclared crate or module `postgres_payments`
[INFO] [stdout] 
[INFO] [stdout] 
[INFO] [stdout] error[E0433]: failed to resolve: use of undeclared crate or module `postgres_payments`
[INFO] [stdout]   --> examples/postgres_payments.rs:10:5
[INFO] [stdout]    |
[INFO] [stdout] 10 | use postgres_payments::credit_card::state::CreditCardState;
[INFO] [stdout]    |     ^^^^^^^^^^^^^^^^^ use of undeclared crate or module `postgres_payments`
[INFO] [stdout] 
[INFO] [stdout] 
[INFO] [stdout] error[E0432]: unresolved import `sqlx::Postgres`
[INFO] [stdout]  --> examples/postgres_payments.rs:1:18
[INFO] [stdout]   |
[INFO] [stdout] 1 | use sqlx::{Pool, Postgres};
[INFO] [stdout]   |                  ^^^^^^^^ no `Postgres` in the root
[INFO] [stdout] 
[INFO] [stdout] 
[INFO] [stdout] error[E0433]: failed to resolve: use of undeclared type `CreditCardAggregate`
[INFO] [stdout]   --> examples/postgres_payments.rs:40:54
[INFO] [stdout]    |
[INFO] [stdout] 40 |     let credit_card_aggregate: CreditCardAggregate = CreditCardAggregate::new(&pool)
[INFO] [stdout]    |                                                      ^^^^^^^^^^^^^^^^^^^ use of undeclared type `CreditCardAggregate`
[INFO] [stdout] 
[INFO] [stdout] 
[INFO] [stdout] error[E0433]: failed to resolve: use of undeclared type `BankAccountAggregate`
[INFO] [stdout]   --> examples/postgres_payments.rs:45:56
[INFO] [stdout]    |
[INFO] [stdout] 45 |     let bank_account_aggregate: BankAccountAggregate = BankAccountAggregate::new(&pool)
[INFO] [stdout]    |                                                        ^^^^^^^^^^^^^^^^^^^^ use of undeclared type `BankAccountAggregate`
[INFO] [stdout] 
[INFO] [stdout] 
[INFO] [stdout] error[E0433]: failed to resolve: use of undeclared type `BankAccountState`
[INFO] [stdout]   --> examples/postgres_payments.rs:49:57
[INFO] [stdout]    |
[INFO] [stdout] 49 |         AggregateState::new_with_state(bank_account_id, BankAccountState::default());
[INFO] [stdout]    |                                                         ^^^^^^^^^^^^^^^^ use of undeclared type `BankAccountState`
[INFO] [stdout] 
[INFO] [stdout] 
[INFO] [stdout] error[E0433]: failed to resolve: use of undeclared type `BankAccountCommand`
[INFO] [stdout]   --> examples/postgres_payments.rs:53:45
[INFO] [stdout]    |
[INFO] [stdout] 53 |         .handle_command(bank_account_state, BankAccountCommand::Deposit { amount: 1000 })
[INFO] [stdout]    |                                             ^^^^^^^^^^^^^^^^^^ use of undeclared type `BankAccountCommand`
[INFO] [stdout] 
[INFO] [stdout] 
[INFO] [stdout] error[E0433]: failed to resolve: use of undeclared type `CreditCardCommand`
[INFO] [stdout]   --> examples/postgres_payments.rs:69:44
[INFO] [stdout]    |
[INFO] [stdout] 69 |         .handle_command(credit_card_state, CreditCardCommand::Pay { amount: tv_price })
[INFO] [stdout]    |                                            ^^^^^^^^^^^^^^^^^ use of undeclared type `CreditCardCommand`
[INFO] [stdout] 
[INFO] [stdout] 
[INFO] [stdout] error[E0412]: cannot find type `CreditCardAggregate` in this scope
[INFO] [stdout]   --> examples/postgres_payments.rs:40:32
[INFO] [stdout]    |
[INFO] [stdout] 40 |     let credit_card_aggregate: CreditCardAggregate = CreditCardAggregate::new(&pool)
[INFO] [stdout]    |                                ^^^^^^^^^^^^^^^^^^^ not found in this scope
[INFO] [stdout] 
[INFO] [stdout] 
[INFO] [stdout] error[E0412]: cannot find type `CreditCardState` in this scope
[INFO] [stdout]   --> examples/postgres_payments.rs:43:43
[INFO] [stdout]    |
[INFO] [stdout] 43 |     let credit_card_state: AggregateState<CreditCardState> = AggregateState::new(bank_account_id);
[INFO] [stdout]    |                                           ^^^^^^^^^^^^^^^ not found in this scope
[INFO] [stdout] 
[INFO] [stdout] 
[INFO] [stdout] error[E0412]: cannot find type `BankAccountAggregate` in this scope
[INFO] [stdout]   --> examples/postgres_payments.rs:45:33
[INFO] [stdout]    |
[INFO] [stdout] 45 |     let bank_account_aggregate: BankAccountAggregate = BankAccountAggregate::new(&pool)
[INFO] [stdout]    |                                 ^^^^^^^^^^^^^^^^^^^^ not found in this scope
[INFO] [stdout] 
[INFO] [stdout] 
[INFO] [stdout] error[E0412]: cannot find type `BankAccountState` in this scope
[INFO] [stdout]   --> examples/postgres_payments.rs:48:44
[INFO] [stdout]    |
[INFO] [stdout] 48 |     let bank_account_state: AggregateState<BankAccountState> =
[INFO] [stdout]    |                                            ^^^^^^^^^^^^^^^^ not found in this scope
[INFO] [stdout] 
[INFO] [stdout] 
[INFO] [stdout] error[E0412]: cannot find type `BankAccountState` in this scope
[INFO] [stdout]   --> examples/postgres_payments.rs:52:44
[INFO] [stdout]    |
[INFO] [stdout] 52 |     let bank_account_state: AggregateState<BankAccountState> = bank_account_aggregate
[INFO] [stdout]    |                                            ^^^^^^^^^^^^^^^^ not found in this scope
[INFO] [stdout] 
[INFO] [stdout] 
[INFO] [stdout] error[E0412]: cannot find type `CreditCardState` in this scope
[INFO] [stdout]   --> examples/postgres_payments.rs:68:44
[INFO] [stdout]    |
[INFO] [stdout] 68 |     let _credit_card_state: AggregateState<CreditCardState> = credit_card_aggregate
[INFO] [stdout]    |                                            ^^^^^^^^^^^^^^^ not found in this scope
[INFO] [stdout] 
[INFO] [stdout] 
[INFO] [stdout] error[E0412]: cannot find type `BankAccountState` in this scope
[INFO] [stdout]   --> examples/postgres_payments.rs:73:44
[INFO] [stdout]    |
[INFO] [stdout] 73 |     let bank_account_state: AggregateState<BankAccountState> = bank_account_aggregate
[INFO] [stdout]    |                                            ^^^^^^^^^^^^^^^^ not found in this scope
[INFO] [stdout] 
[INFO] [stdout] 
[INFO] [stdout] warning: unused import: `Aggregate`
[INFO] [stdout]  --> examples/sqlite_payments.rs:5:23
[INFO] [stdout]   |
[INFO] [stdout] 5 | use esrs::aggregate::{Aggregate, AggregateState};
[INFO] [stdout]   |                       ^^^^^^^^^
[INFO] [stdout]   |
[INFO] [stdout]   = note: `#[warn(unused_imports)]` on by default
[INFO] [stdout] 
[INFO] [stdout] 
[INFO] [stdout] error: aborting due to 19 previous errors; 1 warning emitted
[INFO] [stdout] 
[INFO] [stdout] 
[INFO] [stdout] Some errors have detailed explanations: E0412, E0432, E0433.
[INFO] [stdout] 
[INFO] [stdout] For more information about an error, try `rustc --explain E0412`.
[INFO] [stdout] 
[INFO] [stdout] warning: unused import: `Aggregate`
[INFO] [stdout]  --> examples/postgres_payments.rs:4:23
[INFO] [stdout]   |
[INFO] [stdout] 4 | use esrs::aggregate::{Aggregate, AggregateState};
[INFO] [stdout]   |                       ^^^^^^^^^
[INFO] [stdout]   |
[INFO] [stdout]   = note: `#[warn(unused_imports)]` on by default
[INFO] [stdout] 
[INFO] [stdout] 
[INFO] [stdout] error: aborting due to 19 previous errors; 1 warning emitted
[INFO] [stdout] 
[INFO] [stdout] 
[INFO] [stdout] Some errors have detailed explanations: E0412, E0432, E0433.
[INFO] [stdout] 
[INFO] [stdout] For more information about an error, try `rustc --explain E0412`.
[INFO] [stdout] 
[INFO] [stderr] error: could not compile `esrs` due to 20 previous errors; 1 warning emitted
[INFO] [stderr] warning: build failed, waiting for other jobs to finish...
[INFO] [stderr] error: build failed
[INFO] running `Command { std: "docker" "inspect" "625e3da534b3c24815ff522e8502149e91254ce45187ba5482b1ec6daba53221", kill_on_drop: false }`
[INFO] running `Command { std: "docker" "rm" "-f" "625e3da534b3c24815ff522e8502149e91254ce45187ba5482b1ec6daba53221", kill_on_drop: false }`
[INFO] [stdout] 625e3da534b3c24815ff522e8502149e91254ce45187ba5482b1ec6daba53221
