[INFO] fetching crate esp_idf 0.1.1...
[INFO] checking esp_idf-0.1.1 against beta-2021-10-15 for beta-1.56-3
[INFO] extracting crate esp_idf 0.1.1 into /workspace/builds/worker-12/source
[INFO] validating manifest of crates.io crate esp_idf 0.1.1 on toolchain beta-2021-10-15
[INFO] running `Command { std: "/workspace/cargo-home/bin/cargo" "+beta-2021-10-15" "metadata" "--manifest-path" "Cargo.toml" "--no-deps", kill_on_drop: false }`
[INFO] removed /workspace/builds/worker-12/source/.cargo/config
[INFO] started tweaking crates.io crate esp_idf 0.1.1
[INFO] finished tweaking crates.io crate esp_idf 0.1.1
[INFO] tweaked toml for crates.io crate esp_idf 0.1.1 written to /workspace/builds/worker-12/source/Cargo.toml
[INFO] running `Command { std: "/workspace/cargo-home/bin/cargo" "+beta-2021-10-15" "generate-lockfile" "--manifest-path" "Cargo.toml" "-Zno-index-update", kill_on_drop: false }`
[INFO] [stderr]     Blocking waiting for file lock on package cache
[INFO] running `Command { std: "/workspace/cargo-home/bin/cargo" "+beta-2021-10-15" "fetch" "--manifest-path" "Cargo.toml", kill_on_drop: false }`
[INFO] [stderr]     Blocking waiting for file lock on package cache
[INFO] [stderr]     Blocking waiting for file lock on package cache
[INFO] [stderr]  Downloading crates ...
[INFO] [stderr]   Downloaded cty v0.2.2
[INFO] [stderr]   Downloaded esp_idf_dev_sys v0.1.4
[INFO] running `Command { std: "docker" "create" "-v" "/var/lib/crater-agent-workspace/builds/worker-12/target:/opt/rustwide/target:rw,Z" "-v" "/var/lib/crater-agent-workspace/builds/worker-12/source:/opt/rustwide/workdir:ro,Z" "-v" "/var/lib/crater-agent-workspace/cargo-home:/opt/rustwide/cargo-home:ro,Z" "-v" "/var/lib/crater-agent-workspace/rustup-home:/opt/rustwide/rustup-home:ro,Z" "-e" "SOURCE_DIR=/opt/rustwide/workdir" "-e" "CARGO_TARGET_DIR=/opt/rustwide/target" "-e" "CARGO_HOME=/opt/rustwide/cargo-home" "-e" "RUSTUP_HOME=/opt/rustwide/rustup-home" "-w" "/opt/rustwide/workdir" "-m" "1610612736" "--user" "0:0" "--network" "none" "ghcr.io/rust-lang/crates-build-env/linux@sha256:a89201d6b5b9fd45c15d5952ece0a0129e7e80cb26ec023fd59cf09bc26f1604" "/opt/rustwide/cargo-home/bin/cargo" "+beta-2021-10-15" "metadata" "--no-deps" "--format-version=1", kill_on_drop: false }`
[INFO] [stdout] fc0992436ec9422550341a6a9451ecb0b4a840df8eff4a9e07b21da9572e03ab
[INFO] running `Command { std: "docker" "start" "-a" "fc0992436ec9422550341a6a9451ecb0b4a840df8eff4a9e07b21da9572e03ab", kill_on_drop: false }`
[INFO] running `Command { std: "docker" "inspect" "fc0992436ec9422550341a6a9451ecb0b4a840df8eff4a9e07b21da9572e03ab", kill_on_drop: false }`
[INFO] running `Command { std: "docker" "rm" "-f" "fc0992436ec9422550341a6a9451ecb0b4a840df8eff4a9e07b21da9572e03ab", kill_on_drop: false }`
[INFO] [stdout] fc0992436ec9422550341a6a9451ecb0b4a840df8eff4a9e07b21da9572e03ab
[INFO] running `Command { std: "docker" "create" "-v" "/var/lib/crater-agent-workspace/builds/worker-12/target:/opt/rustwide/target:rw,Z" "-v" "/var/lib/crater-agent-workspace/builds/worker-12/source:/opt/rustwide/workdir:ro,Z" "-v" "/var/lib/crater-agent-workspace/cargo-home:/opt/rustwide/cargo-home:ro,Z" "-v" "/var/lib/crater-agent-workspace/rustup-home:/opt/rustwide/rustup-home:ro,Z" "-e" "SOURCE_DIR=/opt/rustwide/workdir" "-e" "CARGO_TARGET_DIR=/opt/rustwide/target" "-e" "CARGO_INCREMENTAL=0" "-e" "RUST_BACKTRACE=full" "-e" "RUSTFLAGS=--cap-lints=warn" "-e" "CARGO_HOME=/opt/rustwide/cargo-home" "-e" "RUSTUP_HOME=/opt/rustwide/rustup-home" "-w" "/opt/rustwide/workdir" "-m" "1610612736" "--user" "0:0" "--network" "none" "ghcr.io/rust-lang/crates-build-env/linux@sha256:a89201d6b5b9fd45c15d5952ece0a0129e7e80cb26ec023fd59cf09bc26f1604" "/opt/rustwide/cargo-home/bin/cargo" "+beta-2021-10-15" "check" "--frozen" "--all" "--all-targets" "--message-format=json", kill_on_drop: false }`
[INFO] [stdout] 504150ff9f8bf5f3d8a35a4af083e546cfd07b6f16cdf1afe12d8bf57aa86ced
[INFO] running `Command { std: "docker" "start" "-a" "504150ff9f8bf5f3d8a35a4af083e546cfd07b6f16cdf1afe12d8bf57aa86ced", kill_on_drop: false }`
[INFO] [stderr]     Checking esp_idf_dev_sys v0.1.4
[INFO] [stderr]     Checking cty v0.2.2
[INFO] [stderr]     Checking failure v0.1.8
[INFO] [stderr]     Checking esp_idf v0.1.1 (/opt/rustwide/workdir)
[INFO] [stdout] error[E0425]: cannot find value `WIFI_DEFAULT_TX_BA_WIN` in this scope
[INFO] [stdout]      --> src/wifi.rs:36:24
[INFO] [stdout]       |
[INFO] [stdout] 36    |             tx_ba_win: WIFI_DEFAULT_TX_BA_WIN as i32,
[INFO] [stdout]       |                        ^^^^^^^^^^^^^^^^^^^^^^ help: a constant with a similar name exists: `WIFI_DEFAULT_RX_BA_WIN`
[INFO] [stdout]       |
[INFO] [stdout]      ::: /opt/rustwide/cargo-home/registry/src/github.com-1ecc6299db9ec823/esp_idf_dev_sys-0.1.4/src/bindings.rs:11257:1
[INFO] [stdout]       |
[INFO] [stdout] 11257 | pub const WIFI_DEFAULT_RX_BA_WIN: u32 = 6;
[INFO] [stdout]       | ------------------------------------------ similarly named constant `WIFI_DEFAULT_RX_BA_WIN` defined here
[INFO] [stdout] 
[INFO] [stdout] 
[INFO] [stdout] error[E0425]: cannot find value `WIFI_DEFAULT_TX_BA_WIN` in this scope
[INFO] [stdout]      --> src/wifi.rs:36:24
[INFO] [stdout]       |
[INFO] [stdout] 36    |             tx_ba_win: WIFI_DEFAULT_TX_BA_WIN as i32,
[INFO] [stdout]       |                        ^^^^^^^^^^^^^^^^^^^^^^ help: a constant with a similar name exists: `WIFI_DEFAULT_RX_BA_WIN`
[INFO] [stdout]       |
[INFO] [stdout]      ::: /opt/rustwide/cargo-home/registry/src/github.com-1ecc6299db9ec823/esp_idf_dev_sys-0.1.4/src/bindings.rs:11257:1
[INFO] [stdout]       |
[INFO] [stdout] 11257 | pub const WIFI_DEFAULT_RX_BA_WIN: u32 = 6;
[INFO] [stdout]       | ------------------------------------------ similarly named constant `WIFI_DEFAULT_RX_BA_WIN` defined here
[INFO] [stdout] 
[INFO] [stdout] 
[INFO] [stdout] error[E0308]: mismatched types
[INFO] [stdout]   --> src/wifi.rs:23:33
[INFO] [stdout]    |
[INFO] [stdout] 23 |             event_handler: Some(esp_event_send),
[INFO] [stdout]    |                                 ^^^^^^^^^^^^^^ incorrect number of function parameters
[INFO] [stdout]    |
[INFO] [stdout]    = note: expected fn pointer `unsafe extern "C" fn(*const i8, i32, *mut core::ffi::c_void, u32, u32) -> _`
[INFO] [stdout]                  found fn item `unsafe extern "C" fn(*mut system_event_t) -> _ {esp_idf_dev_sys::esp_event_send}`
[INFO] [stdout] 
[INFO] [stdout] 
[INFO] [stdout] error[E0560]: struct `esp_idf_dev_sys::wifi_init_config_t` has no field named `tx_ba_win`
[INFO] [stdout]   --> src/wifi.rs:36:13
[INFO] [stdout]    |
[INFO] [stdout] 36 |             tx_ba_win: WIFI_DEFAULT_TX_BA_WIN as i32,
[INFO] [stdout]    |             ^^^^^^^^^ `esp_idf_dev_sys::wifi_init_config_t` does not have this field
[INFO] [stdout]    |
[INFO] [stdout]    = note: available fields are: `event_handler`, `osi_funcs`, `wpa_crypto_funcs`, `static_rx_buf_num`, `dynamic_rx_buf_num` ... and 15 others
[INFO] [stdout] 
[INFO] [stdout] 
[INFO] [stdout] error[E0063]: missing field `pmf_cfg` in initializer of `esp_idf_dev_sys::wifi_sta_config_t`
[INFO] [stdout]   --> src/wifi.rs:74:19
[INFO] [stdout]    |
[INFO] [stdout] 74 |             data: wifi_sta_config_t {
[INFO] [stdout]    |                   ^^^^^^^^^^^^^^^^^ missing `pmf_cfg`
[INFO] [stdout] 
[INFO] [stdout] 
[INFO] [stdout] error: aborting due to 4 previous errors
[INFO] [stdout] 
[INFO] [stdout] 
[INFO] [stdout] Some errors have detailed explanations: E0063, E0308, E0425, E0560.
[INFO] [stdout] 
[INFO] [stdout] For more information about an error, try `rustc --explain E0063`.
[INFO] [stdout] 
[INFO] [stderr] error: could not compile `esp_idf` due to 5 previous errors
[INFO] [stderr] warning: build failed, waiting for other jobs to finish...
[INFO] [stdout] error[E0308]: mismatched types
[INFO] [stdout]   --> src/wifi.rs:23:33
[INFO] [stdout]    |
[INFO] [stdout] 23 |             event_handler: Some(esp_event_send),
[INFO] [stdout]    |                                 ^^^^^^^^^^^^^^ incorrect number of function parameters
[INFO] [stdout]    |
[INFO] [stdout]    = note: expected fn pointer `unsafe extern "C" fn(*const i8, i32, *mut core::ffi::c_void, u32, u32) -> _`
[INFO] [stdout]                  found fn item `unsafe extern "C" fn(*mut system_event_t) -> _ {esp_idf_dev_sys::esp_event_send}`
[INFO] [stdout] 
[INFO] [stdout] 
[INFO] [stdout] error[E0560]: struct `esp_idf_dev_sys::wifi_init_config_t` has no field named `tx_ba_win`
[INFO] [stdout]   --> src/wifi.rs:36:13
[INFO] [stdout]    |
[INFO] [stdout] 36 |             tx_ba_win: WIFI_DEFAULT_TX_BA_WIN as i32,
[INFO] [stdout]    |             ^^^^^^^^^ `esp_idf_dev_sys::wifi_init_config_t` does not have this field
[INFO] [stdout]    |
[INFO] [stdout]    = note: available fields are: `event_handler`, `osi_funcs`, `wpa_crypto_funcs`, `static_rx_buf_num`, `dynamic_rx_buf_num` ... and 15 others
[INFO] [stdout] 
[INFO] [stdout] 
[INFO] [stdout] error[E0063]: missing field `pmf_cfg` in initializer of `esp_idf_dev_sys::wifi_sta_config_t`
[INFO] [stdout]   --> src/wifi.rs:74:19
[INFO] [stdout]    |
[INFO] [stdout] 74 |             data: wifi_sta_config_t {
[INFO] [stdout]    |                   ^^^^^^^^^^^^^^^^^ missing `pmf_cfg`
[INFO] [stdout] 
[INFO] [stdout] 
[INFO] [stdout] error: aborting due to 4 previous errors
[INFO] [stdout] 
[INFO] [stdout] 
[INFO] [stdout] Some errors have detailed explanations: E0063, E0308, E0425, E0560.
[INFO] [stdout] 
[INFO] [stdout] For more information about an error, try `rustc --explain E0063`.
[INFO] [stdout] 
[INFO] [stderr] error: build failed
[INFO] running `Command { std: "docker" "inspect" "504150ff9f8bf5f3d8a35a4af083e546cfd07b6f16cdf1afe12d8bf57aa86ced", kill_on_drop: false }`
[INFO] running `Command { std: "docker" "rm" "-f" "504150ff9f8bf5f3d8a35a4af083e546cfd07b6f16cdf1afe12d8bf57aa86ced", kill_on_drop: false }`
[INFO] [stdout] 504150ff9f8bf5f3d8a35a4af083e546cfd07b6f16cdf1afe12d8bf57aa86ced
