[INFO] fetching crate ergo-lib 0.14.0...
[INFO] checking ergo-lib-0.14.0 against beta-2021-10-15 for beta-1.56-3
[INFO] extracting crate ergo-lib 0.14.0 into /workspace/builds/worker-92/source
[INFO] validating manifest of crates.io crate ergo-lib 0.14.0 on toolchain beta-2021-10-15
[INFO] running `Command { std: "/workspace/cargo-home/bin/cargo" "+beta-2021-10-15" "metadata" "--manifest-path" "Cargo.toml" "--no-deps", kill_on_drop: false }`
[INFO] started tweaking crates.io crate ergo-lib 0.14.0
[INFO] finished tweaking crates.io crate ergo-lib 0.14.0
[INFO] tweaked toml for crates.io crate ergo-lib 0.14.0 written to /workspace/builds/worker-92/source/Cargo.toml
[INFO] running `Command { std: "/workspace/cargo-home/bin/cargo" "+beta-2021-10-15" "generate-lockfile" "--manifest-path" "Cargo.toml" "-Zno-index-update", kill_on_drop: false }`
[INFO] [stderr]     Blocking waiting for file lock on package cache
[INFO] running `Command { std: "/workspace/cargo-home/bin/cargo" "+beta-2021-10-15" "fetch" "--manifest-path" "Cargo.toml", kill_on_drop: false }`
[INFO] [stderr]     Blocking waiting for file lock on package cache
[INFO] [stderr]     Blocking waiting for file lock on package cache
[INFO] running `Command { std: "docker" "create" "-v" "/var/lib/crater-agent-workspace/builds/worker-92/target:/opt/rustwide/target:rw,Z" "-v" "/var/lib/crater-agent-workspace/builds/worker-92/source:/opt/rustwide/workdir:ro,Z" "-v" "/var/lib/crater-agent-workspace/cargo-home:/opt/rustwide/cargo-home:ro,Z" "-v" "/var/lib/crater-agent-workspace/rustup-home:/opt/rustwide/rustup-home:ro,Z" "-e" "SOURCE_DIR=/opt/rustwide/workdir" "-e" "CARGO_TARGET_DIR=/opt/rustwide/target" "-e" "CARGO_HOME=/opt/rustwide/cargo-home" "-e" "RUSTUP_HOME=/opt/rustwide/rustup-home" "-w" "/opt/rustwide/workdir" "-m" "1610612736" "--user" "0:0" "--network" "none" "ghcr.io/rust-lang/crates-build-env/linux@sha256:a89201d6b5b9fd45c15d5952ece0a0129e7e80cb26ec023fd59cf09bc26f1604" "/opt/rustwide/cargo-home/bin/cargo" "+beta-2021-10-15" "metadata" "--no-deps" "--format-version=1", kill_on_drop: false }`
[INFO] [stdout] 229f65afe8d1c0b6cc1de44d4824420918fa219438ae79e974dd14c811ef4539
[INFO] running `Command { std: "docker" "start" "-a" "229f65afe8d1c0b6cc1de44d4824420918fa219438ae79e974dd14c811ef4539", kill_on_drop: false }`
[INFO] running `Command { std: "docker" "inspect" "229f65afe8d1c0b6cc1de44d4824420918fa219438ae79e974dd14c811ef4539", kill_on_drop: false }`
[INFO] running `Command { std: "docker" "rm" "-f" "229f65afe8d1c0b6cc1de44d4824420918fa219438ae79e974dd14c811ef4539", kill_on_drop: false }`
[INFO] [stdout] 229f65afe8d1c0b6cc1de44d4824420918fa219438ae79e974dd14c811ef4539
[INFO] running `Command { std: "docker" "create" "-v" "/var/lib/crater-agent-workspace/builds/worker-92/target:/opt/rustwide/target:rw,Z" "-v" "/var/lib/crater-agent-workspace/builds/worker-92/source:/opt/rustwide/workdir:ro,Z" "-v" "/var/lib/crater-agent-workspace/cargo-home:/opt/rustwide/cargo-home:ro,Z" "-v" "/var/lib/crater-agent-workspace/rustup-home:/opt/rustwide/rustup-home:ro,Z" "-e" "SOURCE_DIR=/opt/rustwide/workdir" "-e" "CARGO_TARGET_DIR=/opt/rustwide/target" "-e" "CARGO_INCREMENTAL=0" "-e" "RUST_BACKTRACE=full" "-e" "RUSTFLAGS=--cap-lints=warn" "-e" "CARGO_HOME=/opt/rustwide/cargo-home" "-e" "RUSTUP_HOME=/opt/rustwide/rustup-home" "-w" "/opt/rustwide/workdir" "-m" "1610612736" "--user" "0:0" "--network" "none" "ghcr.io/rust-lang/crates-build-env/linux@sha256:a89201d6b5b9fd45c15d5952ece0a0129e7e80cb26ec023fd59cf09bc26f1604" "/opt/rustwide/cargo-home/bin/cargo" "+beta-2021-10-15" "check" "--frozen" "--all" "--all-targets" "--message-format=json", kill_on_drop: false }`
[INFO] [stdout] 2d268dbf380115df7ab99b06bd8c2e9e56f1d120f345540bfd1149f6ab9f34a2
[INFO] running `Command { std: "docker" "start" "-a" "2d268dbf380115df7ab99b06bd8c2e9e56f1d120f345540bfd1149f6ab9f34a2", kill_on_drop: false }`
[INFO] [stderr]     Blocking waiting for file lock on package cache
[INFO] [stderr]    Compiling syn v1.0.80
[INFO] [stderr]     Checking subtle v2.4.1
[INFO] [stderr]     Checking const-oid v0.6.2
[INFO] [stderr]    Compiling proc-macro2 v0.4.30
[INFO] [stderr]    Compiling wasm-bindgen-shared v0.2.78
[INFO] [stderr]    Compiling serde v1.0.130
[INFO] [stderr]    Compiling strsim v0.10.0
[INFO] [stderr]     Checking zeroize v1.4.2
[INFO] [stderr]    Compiling syn v0.15.44
[INFO] [stderr]    Compiling bumpalo v3.7.1
[INFO] [stderr]    Compiling memchr v2.4.1
[INFO] [stderr]     Checking remove_dir_all v0.5.3
[INFO] [stderr]     Checking bit-vec v0.6.3
[INFO] [stderr]    Compiling rustversion v1.0.5
[INFO] [stderr]     Checking quick-error v1.2.3
[INFO] [stderr]    Compiling unicode-segmentation v1.8.0
[INFO] [stderr]     Checking funty v1.2.0
[INFO] [stderr]     Checking quick-error v2.0.1
[INFO] [stderr]    Compiling wasm-bindgen v0.2.78
[INFO] [stderr]     Checking hashbrown v0.11.2
[INFO] [stderr]     Checking base16 v0.2.1
[INFO] [stderr]    Compiling convert_case v0.4.0
[INFO] [stderr]    Compiling utf8-ranges v1.0.4
[INFO] [stderr]     Checking strum v0.21.0
[INFO] [stderr]     Checking bs58 v0.4.0
[INFO] [stderr]    Compiling beef v0.5.1
[INFO] [stderr]     Checking rustc-hash v1.1.0
[INFO] [stderr]     Checking text-size v1.1.0
[INFO] [stderr]     Checking countme v2.0.4
[INFO] [stderr]     Checking hashbrown v0.9.1
[INFO] [stderr]     Checking bytes v1.1.0
[INFO] [stderr]     Checking line-col v0.2.1
[INFO] [stderr]     Checking drop_bomb v0.1.5
[INFO] [stderr]     Checking diff v0.1.12
[INFO] [stderr]     Checking scoped-tls v1.0.0
[INFO] [stderr]    Compiling num-traits v0.2.14
[INFO] [stderr]    Compiling num-integer v0.1.44
[INFO] [stderr]    Compiling num-bigint v0.4.2
[INFO] [stderr]    Compiling num-rational v0.4.0
[INFO] [stderr]    Compiling num-iter v0.1.42
[INFO] [stderr]    Compiling indexmap v1.7.0
[INFO] [stderr]     Checking wyz v0.4.0
[INFO] [stderr]    Compiling log v0.4.14
[INFO] [stderr]     Checking getrandom v0.2.3
[INFO] [stderr]     Checking wait-timeout v0.2.0
[INFO] [stderr]    Compiling wasm-bindgen-test-macro v0.3.28
[INFO] [stderr]     Checking der v0.4.4
[INFO] [stderr]     Checking pretty_assertions v0.7.2
[INFO] [stderr]    Compiling heck v0.3.3
[INFO] [stderr]     Checking rand_core v0.6.3
[INFO] [stderr]     Checking crypto-mac v0.11.1
[INFO] [stderr]     Checking crypto-mac v0.8.0
[INFO] [stderr]     Checking bit-set v0.5.2
[INFO] [stderr]     Checking rowan v0.12.6
[INFO] [stderr]     Checking hmac v0.11.0
[INFO] [stderr]     Checking blake2 v0.9.2
[INFO] [stderr]     Checking spki v0.4.1
[INFO] [stderr]     Checking pkcs8 v0.7.6
[INFO] [stderr]     Checking bitvec v0.22.3
[INFO] [stderr]     Checking object v0.26.2
[INFO] [stderr]     Checking rand_chacha v0.3.1
[INFO] [stderr]     Checking ff v0.10.1
[INFO] [stderr]     Checking crypto-bigint v0.2.10
[INFO] [stderr]     Checking rand_xorshift v0.3.0
[INFO] [stderr]     Checking signature v1.3.1
[INFO] [stderr]     Checking group v0.10.0
[INFO] [stderr]    Compiling quote v0.6.13
[INFO] [stderr]     Checking sigma-util v0.3.0
[INFO] [stderr]     Checking rand v0.8.4
[INFO] [stderr]     Checking elliptic-curve v0.10.6
[INFO] [stderr]     Checking ecdsa v0.12.4
[INFO] [stderr]     Checking num-complex v0.4.0
[INFO] [stderr]     Checking tempfile v3.2.0
[INFO] [stderr]     Checking k256 v0.9.6
[INFO] [stderr]     Checking rusty-fork v0.3.0
[INFO] [stderr]     Checking proptest v1.0.0
[INFO] [stderr]     Checking num v0.4.0
[INFO] [stderr]     Checking backtrace v0.3.61
[INFO] [stderr]     Checking debug-cell v0.1.1
[INFO] [stderr]     Checking scorex_crypto_avltree v0.1.0
[INFO] [stderr]    Compiling darling_core v0.13.0
[INFO] [stderr]    Compiling wasm-bindgen-backend v0.2.78
[INFO] [stderr]    Compiling wasm-bindgen-macro-support v0.2.78
[INFO] [stderr]    Compiling proptest-derive v0.3.0
[INFO] [stderr]    Compiling serde_derive v1.0.130
[INFO] [stderr]    Compiling thiserror-impl v1.0.30
[INFO] [stderr]    Compiling num-derive v0.3.3
[INFO] [stderr]    Compiling derive_more v0.99.16
[INFO] [stderr]    Compiling impl-trait-for-tuples v0.2.1
[INFO] [stderr]    Compiling strum_macros v0.21.1
[INFO] [stderr]    Compiling logos-derive v0.12.0
[INFO] [stderr]    Compiling wasm-bindgen-macro v0.2.78
[INFO] [stderr]    Compiling darling_macro v0.13.0
[INFO] [stderr]    Compiling darling v0.13.0
[INFO] [stderr]    Compiling serde_with_macros v1.5.0
[INFO] [stderr]     Checking js-sys v0.3.55
[INFO] [stderr]     Checking console_error_panic_hook v0.1.7
[INFO] [stderr]     Checking thiserror v1.0.30
[INFO] [stderr]     Checking sigma-ser v0.3.0
[INFO] [stderr]     Checking bounded-vec v0.4.0
[INFO] [stderr]     Checking sigma-test-util v0.3.0
[INFO] [stderr]     Checking logos v0.12.0
[INFO] [stderr]     Checking wasm-bindgen-futures v0.4.28
[INFO] [stderr]     Checking wasm-bindgen-test v0.3.28
[INFO] [stderr]     Checking serde_json v1.0.68
[INFO] [stderr]     Checking num256 v0.3.1
[INFO] [stderr]     Checking serde_with v1.10.0
[INFO] [stderr]     Checking ergotree-ir v0.14.0
[INFO] [stderr]     Checking ergoscript-compiler v0.10.0
[INFO] [stderr]     Checking ergotree-interpreter v0.14.0
[INFO] [stderr]     Checking ergo-lib v0.14.0 (/opt/rustwide/workdir)
[INFO] [stdout] error[E0433]: failed to resolve: use of undeclared crate or module `proptest`
[INFO] [stdout]   --> src/chain/json/transaction.rs:42:9
[INFO] [stdout]    |
[INFO] [stdout] 42 |     use proptest::prelude::*;
[INFO] [stdout]    |         ^^^^^^^^ use of undeclared crate or module `proptest`
[INFO] [stdout] 
[INFO] [stdout] 
[INFO] [stdout] error[E0433]: failed to resolve: use of undeclared crate or module `proptest`
[INFO] [stdout]   --> src/chain/transaction/data_input.rs:44:9
[INFO] [stdout]    |
[INFO] [stdout] 44 |     use proptest::prelude::*;
[INFO] [stdout]    |         ^^^^^^^^ use of undeclared crate or module `proptest`
[INFO] [stdout] 
[INFO] [stdout] 
[INFO] [stdout] error[E0433]: failed to resolve: use of undeclared crate or module `proptest`
[INFO] [stdout]   --> src/chain/transaction/input/prover_result.rs:80:9
[INFO] [stdout]    |
[INFO] [stdout] 80 |     use proptest::prelude::*;
[INFO] [stdout]    |         ^^^^^^^^ use of undeclared crate or module `proptest`
[INFO] [stdout] 
[INFO] [stdout] 
[INFO] [stdout] error[E0433]: failed to resolve: use of undeclared crate or module `proptest`
[INFO] [stdout]    --> src/chain/transaction/input.rs:135:9
[INFO] [stdout]     |
[INFO] [stdout] 135 |     use proptest::prelude::*;
[INFO] [stdout]     |         ^^^^^^^^ use of undeclared crate or module `proptest`
[INFO] [stdout] 
[INFO] [stdout] 
[INFO] [stdout] error[E0433]: failed to resolve: use of undeclared crate or module `proptest`
[INFO] [stdout]    --> src/chain/transaction/unsigned.rs:144:9
[INFO] [stdout]     |
[INFO] [stdout] 144 |     use proptest::prelude::*;
[INFO] [stdout]     |         ^^^^^^^^ use of undeclared crate or module `proptest`
[INFO] [stdout] 
[INFO] [stdout] 
[INFO] [stdout] error[E0433]: failed to resolve: use of undeclared crate or module `proptest`
[INFO] [stdout]    --> src/chain/transaction.rs:328:9
[INFO] [stdout]     |
[INFO] [stdout] 328 |     use proptest::prelude::*;
[INFO] [stdout]     |         ^^^^^^^^ use of undeclared crate or module `proptest`
[INFO] [stdout] 
[INFO] [stdout] 
[INFO] [stdout] error[E0433]: failed to resolve: use of undeclared crate or module `proptest`
[INFO] [stdout]    --> src/wallet/box_selector/simple.rs:171:9
[INFO] [stdout]     |
[INFO] [stdout] 171 |     use proptest::{collection::vec, prelude::*};
[INFO] [stdout]     |         ^^^^^^^^ use of undeclared crate or module `proptest`
[INFO] [stdout] 
[INFO] [stdout] 
[INFO] [stdout] error[E0433]: failed to resolve: use of undeclared crate or module `proptest`
[INFO] [stdout]    --> src/wallet/box_selector.rs:157:9
[INFO] [stdout]     |
[INFO] [stdout] 157 |     use proptest::{arbitrary::Arbitrary, collection::vec, prelude::*};
[INFO] [stdout]     |         ^^^^^^^^ use of undeclared crate or module `proptest`
[INFO] [stdout] 
[INFO] [stdout] 
[INFO] [stdout] error[E0433]: failed to resolve: use of undeclared crate or module `proptest`
[INFO] [stdout]    --> src/wallet/signing.rs:140:9
[INFO] [stdout]     |
[INFO] [stdout] 140 |     use proptest::prelude::*;
[INFO] [stdout]     |         ^^^^^^^^ use of undeclared crate or module `proptest`
[INFO] [stdout] 
[INFO] [stdout] 
[INFO] [stdout] error[E0433]: failed to resolve: use of undeclared crate or module `proptest`
[INFO] [stdout]    --> src/wallet/tx_builder.rs:307:9
[INFO] [stdout]     |
[INFO] [stdout] 307 |     use proptest::{collection::vec, prelude::*};
[INFO] [stdout]     |         ^^^^^^^^ use of undeclared crate or module `proptest`
[INFO] [stdout] 
[INFO] [stdout] 
[INFO] [stdout] error[E0433]: failed to resolve: use of undeclared crate or module `proptest`
[INFO] [stdout]    --> src/chain/transaction/unsigned.rs:145:9
[INFO] [stdout]     |
[INFO] [stdout] 145 |     use proptest::{arbitrary::Arbitrary, collection::vec};
[INFO] [stdout]     |         ^^^^^^^^ use of undeclared crate or module `proptest`
[INFO] [stdout] 
[INFO] [stdout] 
[INFO] [stdout] error[E0433]: failed to resolve: use of undeclared crate or module `proptest`
[INFO] [stdout]    --> src/chain/transaction.rs:329:9
[INFO] [stdout]     |
[INFO] [stdout] 329 |     use proptest::{arbitrary::Arbitrary, collection::vec};
[INFO] [stdout]     |         ^^^^^^^^ use of undeclared crate or module `proptest`
[INFO] [stdout] 
[INFO] [stdout] 
[INFO] [stdout] error[E0433]: failed to resolve: use of undeclared crate or module `proptest`
[INFO] [stdout]    --> src/wallet/signing.rs:139:9
[INFO] [stdout]     |
[INFO] [stdout] 139 |     use proptest::collection::vec;
[INFO] [stdout]     |         ^^^^^^^^ use of undeclared crate or module `proptest`
[INFO] [stdout] 
[INFO] [stdout] 
[INFO] [stdout] error[E0432]: unresolved imports `proptest::arbitrary::Arbitrary`, `proptest::collection::vec`, `proptest::arbitrary::Arbitrary`, `proptest::collection::vec`, `proptest::collection::vec`, `proptest::arbitrary::Arbitrary`, `proptest::collection::vec`, `proptest::collection::vec`, `proptest::collection::vec`
[INFO] [stdout]    --> src/chain/transaction.rs:329:20
[INFO] [stdout]     |
[INFO] [stdout] 329 |     use proptest::{arbitrary::Arbitrary, collection::vec};
[INFO] [stdout]     |                    ^^^^^^^^^^^^^^^^^^^^  ^^^^^^^^^^^^^^^
[INFO] [stdout]     |
[INFO] [stdout]    ::: src/chain/transaction/unsigned.rs:145:20
[INFO] [stdout]     |
[INFO] [stdout] 145 |     use proptest::{arbitrary::Arbitrary, collection::vec};
[INFO] [stdout]     |                    ^^^^^^^^^^^^^^^^^^^^  ^^^^^^^^^^^^^^^
[INFO] [stdout]     |
[INFO] [stdout]    ::: src/wallet/box_selector.rs:157:20
[INFO] [stdout]     |
[INFO] [stdout] 157 |     use proptest::{arbitrary::Arbitrary, collection::vec, prelude::*};
[INFO] [stdout]     |                    ^^^^^^^^^^^^^^^^^^^^  ^^^^^^^^^^^^^^^
[INFO] [stdout]     |
[INFO] [stdout]    ::: src/wallet/box_selector/simple.rs:171:20
[INFO] [stdout]     |
[INFO] [stdout] 171 |     use proptest::{collection::vec, prelude::*};
[INFO] [stdout]     |                    ^^^^^^^^^^^^^^^
[INFO] [stdout]     |
[INFO] [stdout]    ::: src/wallet/signing.rs:139:9
[INFO] [stdout]     |
[INFO] [stdout] 139 |     use proptest::collection::vec;
[INFO] [stdout]     |         ^^^^^^^^^^^^^^^^^^^^^^^^^
[INFO] [stdout]     |
[INFO] [stdout]    ::: src/wallet/tx_builder.rs:307:20
[INFO] [stdout]     |
[INFO] [stdout] 307 |     use proptest::{collection::vec, prelude::*};
[INFO] [stdout]     |                    ^^^^^^^^^^^^^^^
[INFO] [stdout] 
[INFO] [stdout] 
[INFO] [stdout] error[E0433]: failed to resolve: use of undeclared crate or module `proptest_derive`
[INFO] [stdout]   --> src/chain/transaction/data_input.rs:14:25
[INFO] [stdout]    |
[INFO] [stdout] 14 | #[cfg_attr(test, derive(proptest_derive::Arbitrary))]
[INFO] [stdout]    |                         ^^^^^^^^^^^^^^^ use of undeclared crate or module `proptest_derive`
[INFO] [stdout] 
[INFO] [stdout] 
[INFO] [stdout] error[E0433]: failed to resolve: use of undeclared crate or module `proptest_derive`
[INFO] [stdout]   --> src/chain/transaction/input.rs:26:25
[INFO] [stdout]    |
[INFO] [stdout] 26 | #[cfg_attr(test, derive(proptest_derive::Arbitrary))]
[INFO] [stdout]    |                         ^^^^^^^^^^^^^^^ use of undeclared crate or module `proptest_derive`
[INFO] [stdout] 
[INFO] [stdout] 
[INFO] [stdout] error[E0433]: failed to resolve: use of undeclared crate or module `proptest_derive`
[INFO] [stdout]   --> src/chain/transaction/input.rs:72:25
[INFO] [stdout]    |
[INFO] [stdout] 72 | #[cfg_attr(test, derive(proptest_derive::Arbitrary))]
[INFO] [stdout]    |                         ^^^^^^^^^^^^^^^ use of undeclared crate or module `proptest_derive`
[INFO] [stdout] 
[INFO] [stdout] 
[INFO] [stdout] error: cannot find macro `proptest` in this scope
[INFO] [stdout]   --> src/chain/json/transaction.rs:44:5
[INFO] [stdout]    |
[INFO] [stdout] 44 |     proptest! {
[INFO] [stdout]    |     ^^^^^^^^
[INFO] [stdout] 
[INFO] [stdout] 
[INFO] [stdout] error: cannot find macro `proptest` in this scope
[INFO] [stdout]   --> src/chain/transaction/data_input.rs:46:5
[INFO] [stdout]    |
[INFO] [stdout] 46 |     proptest! {
[INFO] [stdout]    |     ^^^^^^^^
[INFO] [stdout] 
[INFO] [stdout] 
[INFO] [stdout] error: cannot find macro `proptest` in this scope
[INFO] [stdout]   --> src/chain/transaction/input/prover_result.rs:93:5
[INFO] [stdout]    |
[INFO] [stdout] 93 |     proptest! {
[INFO] [stdout]    |     ^^^^^^^^
[INFO] [stdout] 
[INFO] [stdout] 
[INFO] [stdout] error: cannot find macro `proptest` in this scope
[INFO] [stdout]    --> src/chain/transaction/input.rs:137:5
[INFO] [stdout]     |
[INFO] [stdout] 137 |     proptest! {
[INFO] [stdout]     |     ^^^^^^^^
[INFO] [stdout] 
[INFO] [stdout] 
[INFO] [stdout] error: cannot find macro `proptest` in this scope
[INFO] [stdout]    --> src/chain/transaction/unsigned.rs:169:5
[INFO] [stdout]     |
[INFO] [stdout] 169 |     proptest! {
[INFO] [stdout]     |     ^^^^^^^^
[INFO] [stdout] 
[INFO] [stdout] 
[INFO] [stdout] error: cannot find macro `proptest` in this scope
[INFO] [stdout]    --> src/chain/transaction.rs:353:5
[INFO] [stdout]     |
[INFO] [stdout] 353 |     proptest! {
[INFO] [stdout]     |     ^^^^^^^^
[INFO] [stdout] 
[INFO] [stdout] 
[INFO] [stdout] error: cannot determine resolution for the macro `vec`
[INFO] [stdout]    --> src/wallet/box_selector/simple.rs:180:36
[INFO] [stdout]     |
[INFO] [stdout] 180 |         let inputs: Vec<ErgoBox> = vec![];
[INFO] [stdout]     |                                    ^^^
[INFO] [stdout]     |
[INFO] [stdout]     = note: import resolution is stuck, try simplifying macro imports
[INFO] [stdout] 
[INFO] [stdout] 
[INFO] [stdout] error: cannot determine resolution for the macro `vec`
[INFO] [stdout]    --> src/wallet/box_selector/simple.rs:181:59
[INFO] [stdout]     |
[INFO] [stdout] 181 |         let r = s.select(inputs, BoxValue::SAFE_USER_MIN, vec![].as_slice());
[INFO] [stdout]     |                                                           ^^^
[INFO] [stdout]     |
[INFO] [stdout]     = note: import resolution is stuck, try simplifying macro imports
[INFO] [stdout] 
[INFO] [stdout] 
[INFO] [stdout] error: cannot find macro `proptest` in this scope
[INFO] [stdout]    --> src/wallet/box_selector/simple.rs:185:5
[INFO] [stdout]     |
[INFO] [stdout] 185 |     proptest! {
[INFO] [stdout]     |     ^^^^^^^^
[INFO] [stdout] 
[INFO] [stdout] 
[INFO] [stdout] error: cannot determine resolution for the macro `vec`
[INFO] [stdout]    --> src/wallet/box_selector.rs:186:21
[INFO] [stdout]     |
[INFO] [stdout] 186 |             tokens: vec![token.clone(), token.clone()],
[INFO] [stdout]     |                     ^^^
[INFO] [stdout]     |
[INFO] [stdout]     = note: import resolution is stuck, try simplifying macro imports
[INFO] [stdout] 
[INFO] [stdout] 
[INFO] [stdout] error: cannot determine resolution for the macro `vec`
[INFO] [stdout]    --> src/wallet/box_selector.rs:190:40
[INFO] [stdout]     |
[INFO] [stdout] 190 |                 *sum_tokens_from_boxes(vec![b.clone(), b].as_slice())
[INFO] [stdout]     |                                        ^^^
[INFO] [stdout]     |
[INFO] [stdout]     = note: import resolution is stuck, try simplifying macro imports
[INFO] [stdout] 
[INFO] [stdout] 
[INFO] [stdout] error: cannot find macro `proptest` in this scope
[INFO] [stdout]    --> src/wallet/box_selector.rs:198:5
[INFO] [stdout]     |
[INFO] [stdout] 198 |     proptest! {
[INFO] [stdout]     |     ^^^^^^^^
[INFO] [stdout] 
[INFO] [stdout] 
[INFO] [stdout] error: cannot find macro `proptest` in this scope
[INFO] [stdout]    --> src/wallet/signing.rs:176:5
[INFO] [stdout]     |
[INFO] [stdout] 176 |     proptest! {
[INFO] [stdout]     |     ^^^^^^^^
[INFO] [stdout] 
[INFO] [stdout] 
[INFO] [stdout] error: cannot determine resolution for the macro `vec`
[INFO] [stdout]    --> src/wallet/tx_builder.rs:318:20
[INFO] [stdout]     |
[INFO] [stdout] 318 |             boxes: vec![],
[INFO] [stdout]     |                    ^^^
[INFO] [stdout]     |
[INFO] [stdout]     = note: import resolution is stuck, try simplifying macro imports
[INFO] [stdout] 
[INFO] [stdout] 
[INFO] [stdout] error: cannot determine resolution for the macro `vec`
[INFO] [stdout]    --> src/wallet/tx_builder.rs:319:27
[INFO] [stdout]     |
[INFO] [stdout] 319 |             change_boxes: vec![],
[INFO] [stdout]     |                           ^^^
[INFO] [stdout]     |
[INFO] [stdout]     = note: import resolution is stuck, try simplifying macro imports
[INFO] [stdout] 
[INFO] [stdout] 
[INFO] [stdout] error: cannot determine resolution for the macro `vec`
[INFO] [stdout]    --> src/wallet/tx_builder.rs:323:13
[INFO] [stdout]     |
[INFO] [stdout] 323 |             vec![force_any_val::<ErgoBoxCandidate>()],
[INFO] [stdout]     |             ^^^
[INFO] [stdout]     |
[INFO] [stdout]     = note: import resolution is stuck, try simplifying macro imports
[INFO] [stdout] 
[INFO] [stdout] 
[INFO] [stdout] error: cannot determine resolution for the macro `vec`
[INFO] [stdout]    --> src/wallet/tx_builder.rs:336:20
[INFO] [stdout]     |
[INFO] [stdout] 336 |             boxes: vec![input_box.clone(), input_box],
[INFO] [stdout]     |                    ^^^
[INFO] [stdout]     |
[INFO] [stdout]     = note: import resolution is stuck, try simplifying macro imports
[INFO] [stdout] 
[INFO] [stdout] 
[INFO] [stdout] error: cannot determine resolution for the macro `vec`
[INFO] [stdout]    --> src/wallet/tx_builder.rs:337:27
[INFO] [stdout]     |
[INFO] [stdout] 337 |             change_boxes: vec![],
[INFO] [stdout]     |                           ^^^
[INFO] [stdout]     |
[INFO] [stdout]     = note: import resolution is stuck, try simplifying macro imports
[INFO] [stdout] 
[INFO] [stdout] 
[INFO] [stdout] error: cannot determine resolution for the macro `vec`
[INFO] [stdout]    --> src/wallet/tx_builder.rs:341:13
[INFO] [stdout]     |
[INFO] [stdout] 341 |             vec![force_any_val::<ErgoBoxCandidate>()],
[INFO] [stdout]     |             ^^^
[INFO] [stdout]     |
[INFO] [stdout]     = note: import resolution is stuck, try simplifying macro imports
[INFO] [stdout] 
[INFO] [stdout] 
[INFO] [stdout] error: cannot determine resolution for the macro `vec`
[INFO] [stdout]    --> src/wallet/tx_builder.rs:352:22
[INFO] [stdout]     |
[INFO] [stdout] 352 |         let inputs = vec![force_any_val::<ErgoBox>()];
[INFO] [stdout]     |                      ^^^
[INFO] [stdout]     |
[INFO] [stdout]     = note: import resolution is stuck, try simplifying macro imports
[INFO] [stdout] 
[INFO] [stdout] 
[INFO] [stdout] error: cannot determine resolution for the macro `vec`
[INFO] [stdout]    --> src/wallet/tx_builder.rs:353:46
[INFO] [stdout]     |
[INFO] [stdout] 353 |         let outputs: Vec<ErgoBoxCandidate> = vec![];
[INFO] [stdout]     |                                              ^^^
[INFO] [stdout]     |
[INFO] [stdout]     = note: import resolution is stuck, try simplifying macro imports
[INFO] [stdout] 
[INFO] [stdout] 
[INFO] [stdout] error: cannot determine resolution for the macro `vec`
[INFO] [stdout]    --> src/wallet/tx_builder.rs:376:13
[INFO] [stdout]     |
[INFO] [stdout] 376 |             vec![token_pair.clone()],
[INFO] [stdout]     |             ^^^
[INFO] [stdout]     |
[INFO] [stdout]     = note: import resolution is stuck, try simplifying macro imports
[INFO] [stdout] 
[INFO] [stdout] 
[INFO] [stdout] error: cannot determine resolution for the macro `vec`
[INFO] [stdout]    --> src/wallet/tx_builder.rs:383:36
[INFO] [stdout]     |
[INFO] [stdout] 383 |         let inputs: Vec<ErgoBox> = vec![input_box];
[INFO] [stdout]     |                                    ^^^
[INFO] [stdout]     |
[INFO] [stdout]     = note: import resolution is stuck, try simplifying macro imports
[INFO] [stdout] 
[INFO] [stdout] 
[INFO] [stdout] error: cannot determine resolution for the macro `vec`
[INFO] [stdout]    --> src/wallet/tx_builder.rs:387:29
[INFO] [stdout]     |
[INFO] [stdout] 387 |         let target_tokens = vec![Token {
[INFO] [stdout]     |                             ^^^
[INFO] [stdout]     |
[INFO] [stdout]     = note: import resolution is stuck, try simplifying macro imports
[INFO] [stdout] 
[INFO] [stdout] 
[INFO] [stdout] error: cannot determine resolution for the macro `vec`
[INFO] [stdout]    --> src/wallet/tx_builder.rs:397:23
[INFO] [stdout]     |
[INFO] [stdout] 397 |         let outputs = vec![out_box];
[INFO] [stdout]     |                       ^^^
[INFO] [stdout]     |
[INFO] [stdout]     = note: import resolution is stuck, try simplifying macro imports
[INFO] [stdout] 
[INFO] [stdout] 
[INFO] [stdout] error: cannot determine resolution for the macro `vec`
[INFO] [stdout]    --> src/wallet/tx_builder.rs:418:13
[INFO] [stdout]     |
[INFO] [stdout] 418 |             vec![],
[INFO] [stdout]     |             ^^^
[INFO] [stdout]     |
[INFO] [stdout]     = note: import resolution is stuck, try simplifying macro imports
[INFO] [stdout] 
[INFO] [stdout] 
[INFO] [stdout] error: cannot determine resolution for the macro `vec`
[INFO] [stdout]    --> src/wallet/tx_builder.rs:438:36
[INFO] [stdout]     |
[INFO] [stdout] 438 |         let inputs: Vec<ErgoBox> = vec![input_box];
[INFO] [stdout]     |                                    ^^^
[INFO] [stdout]     |
[INFO] [stdout]     = note: import resolution is stuck, try simplifying macro imports
[INFO] [stdout] 
[INFO] [stdout] 
[INFO] [stdout] error: cannot determine resolution for the macro `vec`
[INFO] [stdout]    --> src/wallet/tx_builder.rs:442:45
[INFO] [stdout]     |
[INFO] [stdout] 442 |             .select(inputs, target_balance, vec![].as_slice())
[INFO] [stdout]     |                                             ^^^
[INFO] [stdout]     |
[INFO] [stdout]     = note: import resolution is stuck, try simplifying macro imports
[INFO] [stdout] 
[INFO] [stdout] 
[INFO] [stdout] error: cannot determine resolution for the macro `vec`
[INFO] [stdout]    --> src/wallet/tx_builder.rs:444:23
[INFO] [stdout]     |
[INFO] [stdout] 444 |         let outputs = vec![out_box];
[INFO] [stdout]     |                       ^^^
[INFO] [stdout]     |
[INFO] [stdout]     = note: import resolution is stuck, try simplifying macro imports
[INFO] [stdout] 
[INFO] [stdout] 
[INFO] [stdout] error: cannot determine resolution for the macro `vec`
[INFO] [stdout]    --> src/wallet/tx_builder.rs:482:36
[INFO] [stdout]     |
[INFO] [stdout] 482 |         let inputs: Vec<ErgoBox> = vec![input_box];
[INFO] [stdout]     |                                    ^^^
[INFO] [stdout]     |
[INFO] [stdout]     = note: import resolution is stuck, try simplifying macro imports
[INFO] [stdout] 
[INFO] [stdout] 
[INFO] [stdout] error: cannot determine resolution for the macro `vec`
[INFO] [stdout]    --> src/wallet/tx_builder.rs:486:45
[INFO] [stdout]     |
[INFO] [stdout] 486 |             .select(inputs, target_balance, vec![].as_slice())
[INFO] [stdout]     |                                             ^^^
[INFO] [stdout]     |
[INFO] [stdout]     = note: import resolution is stuck, try simplifying macro imports
[INFO] [stdout] 
[INFO] [stdout] 
[INFO] [stdout] error: cannot determine resolution for the macro `vec`
[INFO] [stdout]    --> src/wallet/tx_builder.rs:488:23
[INFO] [stdout]     |
[INFO] [stdout] 488 |         let outputs = vec![out_box];
[INFO] [stdout]     |                       ^^^
[INFO] [stdout]     |
[INFO] [stdout]     = note: import resolution is stuck, try simplifying macro imports
[INFO] [stdout] 
[INFO] [stdout] 
[INFO] [stdout] error: cannot determine resolution for the macro `vec`
[INFO] [stdout]    --> src/wallet/tx_builder.rs:515:36
[INFO] [stdout]     |
[INFO] [stdout] 515 |         let inputs: Vec<ErgoBox> = vec![input_box];
[INFO] [stdout]     |                                    ^^^
[INFO] [stdout]     |
[INFO] [stdout]     = note: import resolution is stuck, try simplifying macro imports
[INFO] [stdout] 
[INFO] [stdout] 
[INFO] [stdout] error: cannot determine resolution for the macro `vec`
[INFO] [stdout]    --> src/wallet/tx_builder.rs:519:27
[INFO] [stdout]     |
[INFO] [stdout] 519 |             change_boxes: vec![],
[INFO] [stdout]     |                           ^^^
[INFO] [stdout]     |
[INFO] [stdout]     = note: import resolution is stuck, try simplifying macro imports
[INFO] [stdout] 
[INFO] [stdout] 
[INFO] [stdout] error: cannot determine resolution for the macro `vec`
[INFO] [stdout]    --> src/wallet/tx_builder.rs:521:23
[INFO] [stdout]     |
[INFO] [stdout] 521 |         let outputs = vec![out_box];
[INFO] [stdout]     |                       ^^^
[INFO] [stdout]     |
[INFO] [stdout]     = note: import resolution is stuck, try simplifying macro imports
[INFO] [stdout] 
[INFO] [stdout] 
[INFO] [stdout] error: cannot determine resolution for the macro `vec`
[INFO] [stdout]    --> src/wallet/tx_builder.rs:541:13
[INFO] [stdout]     |
[INFO] [stdout] 541 |             vec![],
[INFO] [stdout]     |             ^^^
[INFO] [stdout]     |
[INFO] [stdout]     = note: import resolution is stuck, try simplifying macro imports
[INFO] [stdout] 
[INFO] [stdout] 
[INFO] [stdout] error: cannot determine resolution for the macro `vec`
[INFO] [stdout]    --> src/wallet/tx_builder.rs:553:23
[INFO] [stdout]     |
[INFO] [stdout] 553 |         let outputs = vec![out_box];
[INFO] [stdout]     |                       ^^^
[INFO] [stdout]     |
[INFO] [stdout]     = note: import resolution is stuck, try simplifying macro imports
[INFO] [stdout] 
[INFO] [stdout] 
[INFO] [stdout] error: cannot determine resolution for the macro `vec`
[INFO] [stdout]    --> src/wallet/tx_builder.rs:556:24
[INFO] [stdout]     |
[INFO] [stdout] 556 |                 boxes: vec![input],
[INFO] [stdout]     |                        ^^^
[INFO] [stdout]     |
[INFO] [stdout]     = note: import resolution is stuck, try simplifying macro imports
[INFO] [stdout] 
[INFO] [stdout] 
[INFO] [stdout] error: cannot determine resolution for the macro `vec`
[INFO] [stdout]    --> src/wallet/tx_builder.rs:557:31
[INFO] [stdout]     |
[INFO] [stdout] 557 |                 change_boxes: vec![],
[INFO] [stdout]     |                               ^^^
[INFO] [stdout]     |
[INFO] [stdout]     = note: import resolution is stuck, try simplifying macro imports
[INFO] [stdout] 
[INFO] [stdout] 
[INFO] [stdout] error: cannot find macro `proptest` in this scope
[INFO] [stdout]    --> src/wallet/tx_builder.rs:568:5
[INFO] [stdout]     |
[INFO] [stdout] 568 |     proptest! {
[INFO] [stdout]     |     ^^^^^^^^
[INFO] [stdout] 
[INFO] [stdout] 
[INFO] [stdout] error[E0405]: cannot find trait `Arbitrary` in this scope
[INFO] [stdout]   --> src/chain/transaction/input/prover_result.rs:82:10
[INFO] [stdout]    |
[INFO] [stdout] 82 |     impl Arbitrary for ProverResult {
[INFO] [stdout]    |          ^^^^^^^^^ not found in this scope
[INFO] [stdout] 
[INFO] [stdout] 
[INFO] [stdout] error[E0412]: cannot find type `BoxedStrategy` in this scope
[INFO] [stdout]   --> src/chain/transaction/input/prover_result.rs:84:25
[INFO] [stdout]    |
[INFO] [stdout] 84 |         type Strategy = BoxedStrategy<Self>;
[INFO] [stdout]    |                         ^^^^^^^^^^^^^ not found in this scope
[INFO] [stdout] 
[INFO] [stdout] 
[INFO] [stdout] error[E0425]: cannot find function `any` in this scope
[INFO] [stdout]   --> src/chain/transaction/input/prover_result.rs:87:14
[INFO] [stdout]    |
[INFO] [stdout] 87 |             (any::<ProofBytes>(), any::<ContextExtension>())
[INFO] [stdout]    |              ^^^ not found in this scope
[INFO] [stdout] 
[INFO] [stdout] 
[INFO] [stdout] error[E0425]: cannot find function `any` in this scope
[INFO] [stdout]   --> src/chain/transaction/input/prover_result.rs:87:35
[INFO] [stdout]    |
[INFO] [stdout] 87 |             (any::<ProofBytes>(), any::<ContextExtension>())
[INFO] [stdout]    |                                   ^^^ not found in this scope
[INFO] [stdout] 
[INFO] [stdout] 
[INFO] [stdout] error[E0405]: cannot find trait `Arbitrary` in this scope
[INFO] [stdout]    --> src/chain/transaction/unsigned.rs:147:10
[INFO] [stdout]     |
[INFO] [stdout] 147 |     impl Arbitrary for UnsignedTransaction {
[INFO] [stdout]     |          ^^^^^^^^^ not found in this scope
[INFO] [stdout] 
[INFO] [stdout] 
[INFO] [stdout] error[E0425]: cannot find function `vec` in this scope
[INFO] [stdout]    --> src/chain/transaction/unsigned.rs:152:17
[INFO] [stdout]     |
[INFO] [stdout] 152 |                 vec(any::<UnsignedInput>(), 1..10),
[INFO] [stdout]     |                 ^^^ not found in this scope
[INFO] [stdout] 
[INFO] [stdout] 
[INFO] [stdout] error[E0425]: cannot find function `any` in this scope
[INFO] [stdout]    --> src/chain/transaction/unsigned.rs:152:21
[INFO] [stdout]     |
[INFO] [stdout] 152 |                 vec(any::<UnsignedInput>(), 1..10),
[INFO] [stdout]     |                     ^^^ not found in this scope
[INFO] [stdout] 
[INFO] [stdout] 
[INFO] [stdout] error[E0425]: cannot find function `vec` in this scope
[INFO] [stdout]    --> src/chain/transaction/unsigned.rs:153:17
[INFO] [stdout]     |
[INFO] [stdout] 153 |                 vec(any::<DataInput>(), 0..10),
[INFO] [stdout]     |                 ^^^ not found in this scope
[INFO] [stdout] 
[INFO] [stdout] 
[INFO] [stdout] error[E0425]: cannot find function `any` in this scope
[INFO] [stdout]    --> src/chain/transaction/unsigned.rs:153:21
[INFO] [stdout]     |
[INFO] [stdout] 153 |                 vec(any::<DataInput>(), 0..10),
[INFO] [stdout]     |                     ^^^ not found in this scope
[INFO] [stdout] 
[INFO] [stdout] 
[INFO] [stdout] error[E0425]: cannot find function `vec` in this scope
[INFO] [stdout]    --> src/chain/transaction/unsigned.rs:154:17
[INFO] [stdout]     |
[INFO] [stdout] 154 |                 vec(any::<ErgoBoxCandidate>(), 1..10),
[INFO] [stdout]     |                 ^^^ not found in this scope
[INFO] [stdout] 
[INFO] [stdout] 
[INFO] [stdout] error[E0425]: cannot find function `any` in this scope
[INFO] [stdout]    --> src/chain/transaction/unsigned.rs:154:21
[INFO] [stdout]     |
[INFO] [stdout] 154 |                 vec(any::<ErgoBoxCandidate>(), 1..10),
[INFO] [stdout]     |                     ^^^ not found in this scope
[INFO] [stdout] 
[INFO] [stdout] 
[INFO] [stdout] error[E0412]: cannot find type `BoxedStrategy` in this scope
[INFO] [stdout]    --> src/chain/transaction/unsigned.rs:166:25
[INFO] [stdout]     |
[INFO] [stdout] 166 |         type Strategy = BoxedStrategy<Self>;
[INFO] [stdout]     |                         ^^^^^^^^^^^^^ not found in this scope
[INFO] [stdout] 
[INFO] [stdout] 
[INFO] [stdout] error[E0405]: cannot find trait `Arbitrary` in this scope
[INFO] [stdout]    --> src/chain/transaction.rs:331:10
[INFO] [stdout]     |
[INFO] [stdout] 331 |     impl Arbitrary for Transaction {
[INFO] [stdout]     |          ^^^^^^^^^ not found in this scope
[INFO] [stdout] 
[INFO] [stdout] 
[INFO] [stdout] error[E0425]: cannot find function `vec` in this scope
[INFO] [stdout]    --> src/chain/transaction.rs:336:17
[INFO] [stdout]     |
[INFO] [stdout] 336 |                 vec(any::<Input>(), 1..10),
[INFO] [stdout]     |                 ^^^ not found in this scope
[INFO] [stdout] 
[INFO] [stdout] 
[INFO] [stdout] error[E0425]: cannot find function `any` in this scope
[INFO] [stdout]    --> src/chain/transaction.rs:336:21
[INFO] [stdout]     |
[INFO] [stdout] 336 |                 vec(any::<Input>(), 1..10),
[INFO] [stdout]     |                     ^^^ not found in this scope
[INFO] [stdout] 
[INFO] [stdout] 
[INFO] [stdout] error[E0425]: cannot find function `vec` in this scope
[INFO] [stdout]    --> src/chain/transaction.rs:337:17
[INFO] [stdout]     |
[INFO] [stdout] 337 |                 vec(any::<DataInput>(), 0..10),
[INFO] [stdout]     |                 ^^^ not found in this scope
[INFO] [stdout] 
[INFO] [stdout] 
[INFO] [stdout] error[E0425]: cannot find function `any` in this scope
[INFO] [stdout]    --> src/chain/transaction.rs:337:21
[INFO] [stdout]     |
[INFO] [stdout] 337 |                 vec(any::<DataInput>(), 0..10),
[INFO] [stdout]     |                     ^^^ not found in this scope
[INFO] [stdout] 
[INFO] [stdout] 
[INFO] [stdout] error[E0425]: cannot find function `vec` in this scope
[INFO] [stdout]    --> src/chain/transaction.rs:338:17
[INFO] [stdout]     |
[INFO] [stdout] 338 |                 vec(any::<ErgoBoxCandidate>(), 1..10),
[INFO] [stdout]     |                 ^^^ not found in this scope
[INFO] [stdout] 
[INFO] [stdout] 
[INFO] [stdout] error[E0425]: cannot find function `any` in this scope
[INFO] [stdout]    --> src/chain/transaction.rs:338:21
[INFO] [stdout]     |
[INFO] [stdout] 338 |                 vec(any::<ErgoBoxCandidate>(), 1..10),
[INFO] [stdout]     |                     ^^^ not found in this scope
[INFO] [stdout] 
[INFO] [stdout] 
[INFO] [stdout] error[E0412]: cannot find type `BoxedStrategy` in this scope
[INFO] [stdout]    --> src/chain/transaction.rs:350:25
[INFO] [stdout]     |
[INFO] [stdout] 350 |         type Strategy = BoxedStrategy<Self>;
[INFO] [stdout]     |                         ^^^^^^^^^^^^^ not found in this scope
[INFO] [stdout] 
[INFO] [stdout] 
[INFO] [stdout] error[E0405]: cannot find trait `Arbitrary` in this scope
[INFO] [stdout]    --> src/wallet/box_selector.rs:165:10
[INFO] [stdout]     |
[INFO] [stdout] 165 |     impl Arbitrary for ErgoBoxAssetsData {
[INFO] [stdout]     |          ^^^^^^^^^ not found in this scope
[INFO] [stdout] 
[INFO] [stdout] 
[INFO] [stdout] error[E0425]: cannot find function `any_with` in this scope
[INFO] [stdout]    --> src/wallet/box_selector.rs:169:14
[INFO] [stdout]     |
[INFO] [stdout] 169 |             (any_with::<BoxValue>(args), vec(any::<Token>(), 0..3))
[INFO] [stdout]     |              ^^^^^^^^ not found in this scope
[INFO] [stdout] 
[INFO] [stdout] 
[INFO] [stdout] error[E0425]: cannot find function `vec` in this scope
[INFO] [stdout]    --> src/wallet/box_selector.rs:169:42
[INFO] [stdout]     |
[INFO] [stdout] 169 |             (any_with::<BoxValue>(args), vec(any::<Token>(), 0..3))
[INFO] [stdout]     |                                          ^^^ not found in this scope
[INFO] [stdout] 
[INFO] [stdout] 
[INFO] [stdout] error[E0425]: cannot find function `any` in this scope
[INFO] [stdout]    --> src/wallet/box_selector.rs:169:46
[INFO] [stdout]     |
[INFO] [stdout] 169 |             (any_with::<BoxValue>(args), vec(any::<Token>(), 0..3))
[INFO] [stdout]     |                                              ^^^ not found in this scope
[INFO] [stdout] 
[INFO] [stdout] 
[INFO] [stdout] error[E0412]: cannot find type `BoxedStrategy` in this scope
[INFO] [stdout]    --> src/wallet/box_selector.rs:174:25
[INFO] [stdout]     |
[INFO] [stdout] 174 |         type Strategy = BoxedStrategy<Self>;
[INFO] [stdout]     |                         ^^^^^^^^^^^^^ not found in this scope
[INFO] [stdout] 
[INFO] [stdout] 
[INFO] [stdout] warning: unused import: `crate::chain::transaction::unsigned::UnsignedTransaction`
[INFO] [stdout]   --> src/chain/json/transaction.rs:40:9
[INFO] [stdout]    |
[INFO] [stdout] 40 |     use crate::chain::transaction::unsigned::UnsignedTransaction;
[INFO] [stdout]    |         ^^^^^^^^^^^^^^^^^^^^^^^^^^^^^^^^^^^^^^^^^^^^^^^^^^^^^^^^
[INFO] [stdout]    |
[INFO] [stdout] note: the lint level is defined here
[INFO] [stdout]   --> src/lib.rs:10:9
[INFO] [stdout]    |
[INFO] [stdout] 10 | #![deny(unused_imports)]
[INFO] [stdout]    |         ^^^^^^^^^^^^^^
[INFO] [stdout] 
[INFO] [stdout] 
[INFO] [stdout] warning: unused import: `crate::chain::transaction::Transaction`
[INFO] [stdout]   --> src/chain/json/transaction.rs:41:9
[INFO] [stdout]    |
[INFO] [stdout] 41 |     use crate::chain::transaction::Transaction;
[INFO] [stdout]    |         ^^^^^^^^^^^^^^^^^^^^^^^^^^^^^^^^^^^^^^
[INFO] [stdout] 
[INFO] [stdout] 
[INFO] [stdout] warning: unused import: `ergotree_ir::serialization::sigma_serialize_roundtrip`
[INFO] [stdout]   --> src/chain/transaction/data_input.rs:41:9
[INFO] [stdout]    |
[INFO] [stdout] 41 |     use ergotree_ir::serialization::sigma_serialize_roundtrip;
[INFO] [stdout]    |         ^^^^^^^^^^^^^^^^^^^^^^^^^^^^^^^^^^^^^^^^^^^^^^^^^^^^^
[INFO] [stdout] 
[INFO] [stdout] 
[INFO] [stdout] warning: unused import: `super::*`
[INFO] [stdout]   --> src/chain/transaction/data_input.rs:43:9
[INFO] [stdout]    |
[INFO] [stdout] 43 |     use super::*;
[INFO] [stdout]    |         ^^^^^^^^
[INFO] [stdout] 
[INFO] [stdout] 
[INFO] [stdout] warning: unused import: `ergotree_ir::serialization::sigma_serialize_roundtrip`
[INFO] [stdout]   --> src/chain/transaction/input/prover_result.rs:79:9
[INFO] [stdout]    |
[INFO] [stdout] 79 |     use ergotree_ir::serialization::sigma_serialize_roundtrip;
[INFO] [stdout]    |         ^^^^^^^^^^^^^^^^^^^^^^^^^^^^^^^^^^^^^^^^^^^^^^^^^^^^^
[INFO] [stdout] 
[INFO] [stdout] 
[INFO] [stdout] warning: unused import: `super::*`
[INFO] [stdout]    --> src/chain/transaction/input.rs:133:9
[INFO] [stdout]     |
[INFO] [stdout] 133 |     use super::*;
[INFO] [stdout]     |         ^^^^^^^^
[INFO] [stdout] 
[INFO] [stdout] 
[INFO] [stdout] warning: unused import: `ergotree_ir::serialization::sigma_serialize_roundtrip`
[INFO] [stdout]    --> src/chain/transaction/input.rs:134:9
[INFO] [stdout]     |
[INFO] [stdout] 134 |     use ergotree_ir::serialization::sigma_serialize_roundtrip;
[INFO] [stdout]     |         ^^^^^^^^^^^^^^^^^^^^^^^^^^^^^^^^^^^^^^^^^^^^^^^^^^^^^
[INFO] [stdout] 
[INFO] [stdout] 
[INFO] [stdout] warning: unused import: `ergotree_ir::serialization::sigma_serialize_roundtrip`
[INFO] [stdout]    --> src/chain/transaction.rs:327:9
[INFO] [stdout]     |
[INFO] [stdout] 327 |     use ergotree_ir::serialization::sigma_serialize_roundtrip;
[INFO] [stdout]     |         ^^^^^^^^^^^^^^^^^^^^^^^^^^^^^^^^^^^^^^^^^^^^^^^^^^^^^
[INFO] [stdout] 
[INFO] [stdout] 
[INFO] [stdout] warning: unused import: `std::convert::TryFrom`
[INFO] [stdout]    --> src/wallet/box_selector/simple.rs:167:9
[INFO] [stdout]     |
[INFO] [stdout] 167 |     use std::convert::TryFrom;
[INFO] [stdout]     |         ^^^^^^^^^^^^^^^^^^^^^
[INFO] [stdout] 
[INFO] [stdout] 
[INFO] [stdout] warning: unused import: `ergotree_ir::chain::ergo_box::box_value::checked_sum`
[INFO] [stdout]    --> src/wallet/box_selector/simple.rs:169:9
[INFO] [stdout]     |
[INFO] [stdout] 169 |     use ergotree_ir::chain::ergo_box::box_value::checked_sum;
[INFO] [stdout]     |         ^^^^^^^^^^^^^^^^^^^^^^^^^^^^^^^^^^^^^^^^^^^^^^^^^^^^
[INFO] [stdout] 
[INFO] [stdout] 
[INFO] [stdout] warning: unused import: `crate::wallet::box_selector::sum_value`
[INFO] [stdout]    --> src/wallet/box_selector/simple.rs:173:9
[INFO] [stdout]     |
[INFO] [stdout] 173 |     use crate::wallet::box_selector::sum_value;
[INFO] [stdout]     |         ^^^^^^^^^^^^^^^^^^^^^^^^^^^^^^^^^^^^^^
[INFO] [stdout] 
[INFO] [stdout] 
[INFO] [stdout] warning: unused import: `crate::wallet::box_selector::sum_tokens`
[INFO] [stdout]    --> src/wallet/box_selector.rs:160:9
[INFO] [stdout]     |
[INFO] [stdout] 160 |     use crate::wallet::box_selector::sum_tokens;
[INFO] [stdout]     |         ^^^^^^^^^^^^^^^^^^^^^^^^^^^^^^^^^^^^^^^
[INFO] [stdout] 
[INFO] [stdout] 
[INFO] [stdout] warning: unused import: `ergotree_interpreter::sigma_protocol::private_input::DlogProverInput`
[INFO] [stdout]    --> src/wallet/signing.rs:128:9
[INFO] [stdout]     |
[INFO] [stdout] 128 |     use ergotree_interpreter::sigma_protocol::private_input::DlogProverInput;
[INFO] [stdout]     |         ^^^^^^^^^^^^^^^^^^^^^^^^^^^^^^^^^^^^^^^^^^^^^^^^^^^^^^^^^^^^^^^^^^^^
[INFO] [stdout] 
[INFO] [stdout] 
[INFO] [stdout] warning: unused import: `ergotree_interpreter::sigma_protocol::private_input::PrivateInput`
[INFO] [stdout]    --> src/wallet/signing.rs:129:9
[INFO] [stdout]     |
[INFO] [stdout] 129 |     use ergotree_interpreter::sigma_protocol::private_input::PrivateInput;
[INFO] [stdout]     |         ^^^^^^^^^^^^^^^^^^^^^^^^^^^^^^^^^^^^^^^^^^^^^^^^^^^^^^^^^^^^^^^^^
[INFO] [stdout] 
[INFO] [stdout] 
[INFO] [stdout] warning: unused import: `ergotree_interpreter::sigma_protocol::prover::TestProver`
[INFO] [stdout]    --> src/wallet/signing.rs:130:9
[INFO] [stdout]     |
[INFO] [stdout] 130 |     use ergotree_interpreter::sigma_protocol::prover::TestProver;
[INFO] [stdout]     |         ^^^^^^^^^^^^^^^^^^^^^^^^^^^^^^^^^^^^^^^^^^^^^^^^^^^^^^^^
[INFO] [stdout] 
[INFO] [stdout] 
[INFO] [stdout] warning: unused import: `ergotree_ir::chain::ergo_box::box_value::BoxValue`
[INFO] [stdout]    --> src/wallet/signing.rs:136:9
[INFO] [stdout]     |
[INFO] [stdout] 136 |     use ergotree_ir::chain::ergo_box::box_value::BoxValue;
[INFO] [stdout]     |         ^^^^^^^^^^^^^^^^^^^^^^^^^^^^^^^^^^^^^^^^^^^^^^^^^
[INFO] [stdout] 
[INFO] [stdout] 
[INFO] [stdout] warning: unused import: `ergotree_ir::chain::ergo_box::NonMandatoryRegisters`
[INFO] [stdout]    --> src/wallet/signing.rs:137:9
[INFO] [stdout]     |
[INFO] [stdout] 137 |     use ergotree_ir::chain::ergo_box::NonMandatoryRegisters;
[INFO] [stdout]     |         ^^^^^^^^^^^^^^^^^^^^^^^^^^^^^^^^^^^^^^^^^^^^^^^^^^^
[INFO] [stdout] 
[INFO] [stdout] 
[INFO] [stdout] warning: unused import: `ergotree_ir::chain::tx_id::TxId`
[INFO] [stdout]    --> src/wallet/signing.rs:138:9
[INFO] [stdout]     |
[INFO] [stdout] 138 |     use ergotree_ir::chain::tx_id::TxId;
[INFO] [stdout]     |         ^^^^^^^^^^^^^^^^^^^^^^^^^^^^^^^
[INFO] [stdout] 
[INFO] [stdout] 
[INFO] [stdout] warning: unused import: `rand::prelude::SliceRandom`
[INFO] [stdout]    --> src/wallet/signing.rs:141:9
[INFO] [stdout]     |
[INFO] [stdout] 141 |     use rand::prelude::SliceRandom;
[INFO] [stdout]     |         ^^^^^^^^^^^^^^^^^^^^^^^^^^
[INFO] [stdout] 
[INFO] [stdout] 
[INFO] [stdout] warning: unused import: `rand::thread_rng`
[INFO] [stdout]    --> src/wallet/signing.rs:142:9
[INFO] [stdout]     |
[INFO] [stdout] 142 |     use rand::thread_rng;
[INFO] [stdout]     |         ^^^^^^^^^^^^^^^^
[INFO] [stdout] 
[INFO] [stdout] 
[INFO] [stdout] warning: unused imports: `ergo_box::box_builder::ErgoBoxCandidateBuilder`, `transaction::UnsignedInput`
[INFO] [stdout]    --> src/wallet/signing.rs:146:9
[INFO] [stdout]     |
[INFO] [stdout] 146 |         ergo_box::box_builder::ErgoBoxCandidateBuilder, transaction::UnsignedInput,
[INFO] [stdout]     |         ^^^^^^^^^^^^^^^^^^^^^^^^^^^^^^^^^^^^^^^^^^^^^^  ^^^^^^^^^^^^^^^^^^^^^^^^^^
[INFO] [stdout] 
[INFO] [stdout] 
[INFO] [stdout] warning: unused import: `ergotree_ir::ergo_tree::ErgoTree`
[INFO] [stdout]    --> src/wallet/signing.rs:148:9
[INFO] [stdout]     |
[INFO] [stdout] 148 |     use ergotree_ir::ergo_tree::ErgoTree;
[INFO] [stdout]     |         ^^^^^^^^^^^^^^^^^^^^^^^^^^^^^^^^
[INFO] [stdout] 
[INFO] [stdout] 
[INFO] [stdout] warning: unused import: `ergotree_ir::mir::expr::Expr`
[INFO] [stdout]    --> src/wallet/signing.rs:149:9
[INFO] [stdout]     |
[INFO] [stdout] 149 |     use ergotree_ir::mir::expr::Expr;
[INFO] [stdout]     |         ^^^^^^^^^^^^^^^^^^^^^^^^^^^^
[INFO] [stdout] 
[INFO] [stdout] 
[INFO] [stdout] warning: unused import: `std::convert::TryFrom`
[INFO] [stdout]    --> src/wallet/signing.rs:150:9
[INFO] [stdout]     |
[INFO] [stdout] 150 |     use std::convert::TryFrom;
[INFO] [stdout]     |         ^^^^^^^^^^^^^^^^^^^^^
[INFO] [stdout] 
[INFO] [stdout] 
[INFO] [stdout] warning: unused import: `std::convert::TryInto`
[INFO] [stdout]    --> src/wallet/signing.rs:151:9
[INFO] [stdout]     |
[INFO] [stdout] 151 |     use std::convert::TryInto;
[INFO] [stdout]     |         ^^^^^^^^^^^^^^^^^^^^^
[INFO] [stdout] 
[INFO] [stdout] 
[INFO] [stdout] warning: unused import: `ergotree_ir::chain::ergo_box::box_value::checked_sum`
[INFO] [stdout]    --> src/wallet/tx_builder.rs:300:9
[INFO] [stdout]     |
[INFO] [stdout] 300 |     use ergotree_ir::chain::ergo_box::box_value::checked_sum;
[INFO] [stdout]     |         ^^^^^^^^^^^^^^^^^^^^^^^^^^^^^^^^^^^^^^^^^^^^^^^^^^^^
[INFO] [stdout] 
[INFO] [stdout] 
[INFO] [stdout] error: aborting due to 82 previous errors; 26 warnings emitted
[INFO] [stdout] 
[INFO] [stdout] 
[INFO] [stdout] Some errors have detailed explanations: E0405, E0412, E0425, E0432, E0433.
[INFO] [stdout] 
[INFO] [stdout] For more information about an error, try `rustc --explain E0405`.
[INFO] [stdout] 
[INFO] [stderr] error: could not compile `ergo-lib` due to 83 previous errors; 26 warnings emitted
[INFO] [stderr] warning: build failed, waiting for other jobs to finish...
[INFO] [stderr] error: build failed
[INFO] running `Command { std: "docker" "inspect" "2d268dbf380115df7ab99b06bd8c2e9e56f1d120f345540bfd1149f6ab9f34a2", kill_on_drop: false }`
[INFO] running `Command { std: "docker" "rm" "-f" "2d268dbf380115df7ab99b06bd8c2e9e56f1d120f345540bfd1149f6ab9f34a2", kill_on_drop: false }`
[INFO] [stdout] 2d268dbf380115df7ab99b06bd8c2e9e56f1d120f345540bfd1149f6ab9f34a2
