[INFO] fetching crate epilog 0.1.0...
[INFO] checking epilog-0.1.0 against beta-2021-10-15 for beta-1.56-3
[INFO] extracting crate epilog 0.1.0 into /workspace/builds/worker-61/source
[INFO] validating manifest of crates.io crate epilog 0.1.0 on toolchain beta-2021-10-15
[INFO] running `Command { std: "/workspace/cargo-home/bin/cargo" "+beta-2021-10-15" "metadata" "--manifest-path" "Cargo.toml" "--no-deps", kill_on_drop: false }`
[INFO] started tweaking crates.io crate epilog 0.1.0
[INFO] finished tweaking crates.io crate epilog 0.1.0
[INFO] tweaked toml for crates.io crate epilog 0.1.0 written to /workspace/builds/worker-61/source/Cargo.toml
[INFO] running `Command { std: "/workspace/cargo-home/bin/cargo" "+beta-2021-10-15" "generate-lockfile" "--manifest-path" "Cargo.toml" "-Zno-index-update", kill_on_drop: false }`
[INFO] [stderr]     Blocking waiting for file lock on package cache
[INFO] running `Command { std: "/workspace/cargo-home/bin/cargo" "+beta-2021-10-15" "fetch" "--manifest-path" "Cargo.toml", kill_on_drop: false }`
[INFO] [stderr]     Blocking waiting for file lock on package cache
[INFO] [stderr]     Blocking waiting for file lock on package cache
[INFO] running `Command { std: "docker" "create" "-v" "/var/lib/crater-agent-workspace/builds/worker-61/target:/opt/rustwide/target:rw,Z" "-v" "/var/lib/crater-agent-workspace/builds/worker-61/source:/opt/rustwide/workdir:ro,Z" "-v" "/var/lib/crater-agent-workspace/cargo-home:/opt/rustwide/cargo-home:ro,Z" "-v" "/var/lib/crater-agent-workspace/rustup-home:/opt/rustwide/rustup-home:ro,Z" "-e" "SOURCE_DIR=/opt/rustwide/workdir" "-e" "CARGO_TARGET_DIR=/opt/rustwide/target" "-e" "CARGO_HOME=/opt/rustwide/cargo-home" "-e" "RUSTUP_HOME=/opt/rustwide/rustup-home" "-w" "/opt/rustwide/workdir" "-m" "1610612736" "--user" "0:0" "--network" "none" "ghcr.io/rust-lang/crates-build-env/linux@sha256:a89201d6b5b9fd45c15d5952ece0a0129e7e80cb26ec023fd59cf09bc26f1604" "/opt/rustwide/cargo-home/bin/cargo" "+beta-2021-10-15" "metadata" "--no-deps" "--format-version=1", kill_on_drop: false }`
[INFO] [stdout] 8cfb09c1d51767dbce78090ea1ad5bebfbf5fcf6e7cc314f3d073aefe1442653
[INFO] running `Command { std: "docker" "start" "-a" "8cfb09c1d51767dbce78090ea1ad5bebfbf5fcf6e7cc314f3d073aefe1442653", kill_on_drop: false }`
[INFO] running `Command { std: "docker" "inspect" "8cfb09c1d51767dbce78090ea1ad5bebfbf5fcf6e7cc314f3d073aefe1442653", kill_on_drop: false }`
[INFO] running `Command { std: "docker" "rm" "-f" "8cfb09c1d51767dbce78090ea1ad5bebfbf5fcf6e7cc314f3d073aefe1442653", kill_on_drop: false }`
[INFO] [stdout] 8cfb09c1d51767dbce78090ea1ad5bebfbf5fcf6e7cc314f3d073aefe1442653
[INFO] running `Command { std: "docker" "create" "-v" "/var/lib/crater-agent-workspace/builds/worker-61/target:/opt/rustwide/target:rw,Z" "-v" "/var/lib/crater-agent-workspace/builds/worker-61/source:/opt/rustwide/workdir:ro,Z" "-v" "/var/lib/crater-agent-workspace/cargo-home:/opt/rustwide/cargo-home:ro,Z" "-v" "/var/lib/crater-agent-workspace/rustup-home:/opt/rustwide/rustup-home:ro,Z" "-e" "SOURCE_DIR=/opt/rustwide/workdir" "-e" "CARGO_TARGET_DIR=/opt/rustwide/target" "-e" "CARGO_INCREMENTAL=0" "-e" "RUST_BACKTRACE=full" "-e" "RUSTFLAGS=--cap-lints=warn" "-e" "CARGO_HOME=/opt/rustwide/cargo-home" "-e" "RUSTUP_HOME=/opt/rustwide/rustup-home" "-w" "/opt/rustwide/workdir" "-m" "1610612736" "--user" "0:0" "--network" "none" "ghcr.io/rust-lang/crates-build-env/linux@sha256:a89201d6b5b9fd45c15d5952ece0a0129e7e80cb26ec023fd59cf09bc26f1604" "/opt/rustwide/cargo-home/bin/cargo" "+beta-2021-10-15" "check" "--frozen" "--all" "--all-targets" "--message-format=json", kill_on_drop: false }`
[INFO] [stdout] 820b1b0cf29be4b2b86fca412b2b69b96a566330177e84da8e4ac79e0a3edd48
[INFO] running `Command { std: "docker" "start" "-a" "820b1b0cf29be4b2b86fca412b2b69b96a566330177e84da8e4ac79e0a3edd48", kill_on_drop: false }`
[INFO] [stderr]     Blocking waiting for file lock on package cache
[INFO] [stderr]     Checking bit-vec v0.6.3
[INFO] [stderr]     Checking epilog v0.1.0 (/opt/rustwide/workdir)
[INFO] [stderr]    Compiling num-traits v0.2.14
[INFO] [stderr]    Compiling rand v0.6.5
[INFO] [stderr]     Checking rand_os v0.1.3
[INFO] [stderr]     Checking wait-timeout v0.2.0
[INFO] [stderr]     Checking rand_chacha v0.3.1
[INFO] [stderr]     Checking rand v0.8.4
[INFO] [stderr]     Checking bit-set v0.5.2
[INFO] [stderr]     Checking tempfile v3.2.0
[INFO] [stderr]     Checking rusty-fork v0.2.2
[INFO] [stderr]     Checking proptest v0.9.6
[INFO] [stdout] error[E0437]: type `Error` is not a member of trait `Try`
[INFO] [stdout]   --> src/uresult.rs:40:5
[INFO] [stdout]    |
[INFO] [stdout] 40 |     type Error = E;
[INFO] [stdout]    |     ^^^^^^^^^^^^^^^ not a member of trait `Try`
[INFO] [stdout] 
[INFO] [stdout] 
[INFO] [stdout] error[E0437]: type `Ok` is not a member of trait `Try`
[INFO] [stdout]   --> src/uresult.rs:41:5
[INFO] [stdout]    |
[INFO] [stdout] 41 |     type Ok = Option<CowSub<'a, K, V>>;
[INFO] [stdout]    |     ^^^^^^^^^^^^^^^^^^^^^^^^^^^^^^^^^^^ not a member of trait `Try`
[INFO] [stdout] 
[INFO] [stdout] 
[INFO] [stdout] error[E0407]: method `into_result` is not a member of trait `Try`
[INFO] [stdout]   --> src/uresult.rs:44:5
[INFO] [stdout]    |
[INFO] [stdout] 44 |     fn into_result(self) -> Result<<Self as Try>::Ok, Self::Error> { self.into() }
[INFO] [stdout]    |     ^^^^^^^^^^^^^^^^^^^^^^^^^^^^^^^^^^^^^^^^^^^^^^^^^^^^^^^^^^^^^^^^^^^^^^^^^^^^^^ not a member of trait `Try`
[INFO] [stdout] 
[INFO] [stdout] 
[INFO] [stdout] error[E0407]: method `from_ok` is not a member of trait `Try`
[INFO] [stdout]   --> src/uresult.rs:47:5
[INFO] [stdout]    |
[INFO] [stdout] 47 | /     fn from_ok(sub: <Self as Try>::Ok) -> Self {
[INFO] [stdout] 48 | |         match sub {
[INFO] [stdout] 49 | |             Some(s) => UOk(s),
[INFO] [stdout] 50 | |             None => Bottom,
[INFO] [stdout] 51 | |         }
[INFO] [stdout] 52 | |     }
[INFO] [stdout]    | |_____^ not a member of trait `Try`
[INFO] [stdout] 
[INFO] [stdout] 
[INFO] [stdout] error[E0407]: method `from_error` is not a member of trait `Try`
[INFO] [stdout]   --> src/uresult.rs:55:5
[INFO] [stdout]    |
[INFO] [stdout] 55 |     fn from_error(err: E) -> Self { UErr(err) }
[INFO] [stdout]    |     ^^^^^^^^^^^^^^^^^^^^^^^^^^^^^^^^^^^^^^^^^^^ not a member of trait `Try`
[INFO] [stdout] 
[INFO] [stdout] 
[INFO] [stdout] error[E0576]: cannot find associated type `Ok` in trait `Try`
[INFO] [stdout]   --> src/uresult.rs:44:51
[INFO] [stdout]    |
[INFO] [stdout] 44 |     fn into_result(self) -> Result<<Self as Try>::Ok, Self::Error> { self.into() }
[INFO] [stdout]    |                                                   ^^ not found in `Try`
[INFO] [stdout] 
[INFO] [stdout] 
[INFO] [stdout] error[E0576]: cannot find associated type `Ok` in trait `Try`
[INFO] [stdout]   --> src/uresult.rs:47:36
[INFO] [stdout]    |
[INFO] [stdout] 47 |     fn from_ok(sub: <Self as Try>::Ok) -> Self {
[INFO] [stdout]    |                                    ^^ not found in `Try`
[INFO] [stdout] 
[INFO] [stdout] 
[INFO] [stdout] error[E0554]: `#![feature]` may not be used on the beta release channel
[INFO] [stdout]  --> src/lib.rs:1:19
[INFO] [stdout]   |
[INFO] [stdout] 1 | #![cfg_attr(test, feature(try_trait))]
[INFO] [stdout]   |                   ^^^^^^^^^^^^^^^^^^
[INFO] [stdout] 
[INFO] [stdout] 
[INFO] [stdout] error[E0658]: use of unstable library feature 'try_trait_v2'
[INFO] [stdout]  --> src/uresult.rs:4:5
[INFO] [stdout]   |
[INFO] [stdout] 4 | use std::ops::Try;
[INFO] [stdout]   |     ^^^^^^^^^^^^^
[INFO] [stdout]   |
[INFO] [stdout]   = note: see issue #84277 <https://github.com/rust-lang/rust/issues/84277> for more information
[INFO] [stdout] 
[INFO] [stdout] 
[INFO] [stdout] error[E0658]: use of unstable library feature 'try_trait_v2'
[INFO] [stdout]   --> src/uresult.rs:39:33
[INFO] [stdout]    |
[INFO] [stdout] 39 | impl<'a, K: Clone, V: Clone, E> Try for UResult<'a, K, V, E> {
[INFO] [stdout]    |                                 ^^^
[INFO] [stdout]    |
[INFO] [stdout]    = note: see issue #84277 <https://github.com/rust-lang/rust/issues/84277> for more information
[INFO] [stdout] 
[INFO] [stdout] 
[INFO] [stdout] error[E0220]: associated type `Error` not found for `Self`
[INFO] [stdout]   --> src/uresult.rs:44:61
[INFO] [stdout]    |
[INFO] [stdout] 44 |     fn into_result(self) -> Result<<Self as Try>::Ok, Self::Error> { self.into() }
[INFO] [stdout]    |                                                             ^^^^^ associated type `Error` not found
[INFO] [stdout] 
[INFO] [stdout] 
[INFO] [stdout] error: aborting due to 11 previous errors
[INFO] [stdout] 
[INFO] [stdout] 
[INFO] [stdout] Some errors have detailed explanations: E0220, E0407, E0437, E0554, E0576, E0658.
[INFO] [stdout] 
[INFO] [stdout] For more information about an error, try `rustc --explain E0220`.
[INFO] [stdout] 
[INFO] [stderr] error: could not compile `epilog` due to 12 previous errors
[INFO] running `Command { std: "docker" "inspect" "820b1b0cf29be4b2b86fca412b2b69b96a566330177e84da8e4ac79e0a3edd48", kill_on_drop: false }`
[INFO] running `Command { std: "docker" "rm" "-f" "820b1b0cf29be4b2b86fca412b2b69b96a566330177e84da8e4ac79e0a3edd48", kill_on_drop: false }`
[INFO] [stdout] 820b1b0cf29be4b2b86fca412b2b69b96a566330177e84da8e4ac79e0a3edd48
