[INFO] fetching crate epd-waveshare-uart 0.1.0...
[INFO] checking epd-waveshare-uart-0.1.0 against 1.55.0 for beta-1.56-3
[INFO] extracting crate epd-waveshare-uart 0.1.0 into /workspace/builds/worker-26/source
[INFO] validating manifest of crates.io crate epd-waveshare-uart 0.1.0 on toolchain 1.55.0
[INFO] running `Command { std: "/workspace/cargo-home/bin/cargo" "+1.55.0" "metadata" "--manifest-path" "Cargo.toml" "--no-deps", kill_on_drop: false }`
[INFO] started tweaking crates.io crate epd-waveshare-uart 0.1.0
[INFO] finished tweaking crates.io crate epd-waveshare-uart 0.1.0
[INFO] tweaked toml for crates.io crate epd-waveshare-uart 0.1.0 written to /workspace/builds/worker-26/source/Cargo.toml
[INFO] running `Command { std: "/workspace/cargo-home/bin/cargo" "+1.55.0" "generate-lockfile" "--manifest-path" "Cargo.toml" "-Zno-index-update", kill_on_drop: false }`
[INFO] [stderr]     Blocking waiting for file lock on package cache
[INFO] running `Command { std: "/workspace/cargo-home/bin/cargo" "+1.55.0" "fetch" "--manifest-path" "Cargo.toml", kill_on_drop: false }`
[INFO] [stderr]     Blocking waiting for file lock on package cache
[INFO] [stderr]     Blocking waiting for file lock on package cache
[INFO] running `Command { std: "docker" "create" "-v" "/var/lib/crater-agent-workspace/builds/worker-26/target:/opt/rustwide/target:rw,Z" "-v" "/var/lib/crater-agent-workspace/builds/worker-26/source:/opt/rustwide/workdir:ro,Z" "-v" "/var/lib/crater-agent-workspace/cargo-home:/opt/rustwide/cargo-home:ro,Z" "-v" "/var/lib/crater-agent-workspace/rustup-home:/opt/rustwide/rustup-home:ro,Z" "-e" "SOURCE_DIR=/opt/rustwide/workdir" "-e" "CARGO_TARGET_DIR=/opt/rustwide/target" "-e" "CARGO_HOME=/opt/rustwide/cargo-home" "-e" "RUSTUP_HOME=/opt/rustwide/rustup-home" "-w" "/opt/rustwide/workdir" "-m" "1610612736" "--user" "0:0" "--network" "none" "ghcr.io/rust-lang/crates-build-env/linux@sha256:a89201d6b5b9fd45c15d5952ece0a0129e7e80cb26ec023fd59cf09bc26f1604" "/opt/rustwide/cargo-home/bin/cargo" "+1.55.0" "metadata" "--no-deps" "--format-version=1", kill_on_drop: false }`
[INFO] [stdout] e26fd45723d9040df6b13e891872a31e35c2d26f22c41aec3a8d4c9e108b47d0
[INFO] running `Command { std: "docker" "start" "-a" "e26fd45723d9040df6b13e891872a31e35c2d26f22c41aec3a8d4c9e108b47d0", kill_on_drop: false }`
[INFO] running `Command { std: "docker" "inspect" "e26fd45723d9040df6b13e891872a31e35c2d26f22c41aec3a8d4c9e108b47d0", kill_on_drop: false }`
[INFO] running `Command { std: "docker" "rm" "-f" "e26fd45723d9040df6b13e891872a31e35c2d26f22c41aec3a8d4c9e108b47d0", kill_on_drop: false }`
[INFO] [stdout] e26fd45723d9040df6b13e891872a31e35c2d26f22c41aec3a8d4c9e108b47d0
[INFO] running `Command { std: "docker" "create" "-v" "/var/lib/crater-agent-workspace/builds/worker-26/target:/opt/rustwide/target:rw,Z" "-v" "/var/lib/crater-agent-workspace/builds/worker-26/source:/opt/rustwide/workdir:ro,Z" "-v" "/var/lib/crater-agent-workspace/cargo-home:/opt/rustwide/cargo-home:ro,Z" "-v" "/var/lib/crater-agent-workspace/rustup-home:/opt/rustwide/rustup-home:ro,Z" "-e" "SOURCE_DIR=/opt/rustwide/workdir" "-e" "CARGO_TARGET_DIR=/opt/rustwide/target" "-e" "CARGO_INCREMENTAL=0" "-e" "RUST_BACKTRACE=full" "-e" "RUSTFLAGS=--cap-lints=warn" "-e" "CARGO_HOME=/opt/rustwide/cargo-home" "-e" "RUSTUP_HOME=/opt/rustwide/rustup-home" "-w" "/opt/rustwide/workdir" "-m" "1610612736" "--user" "0:0" "--network" "none" "ghcr.io/rust-lang/crates-build-env/linux@sha256:a89201d6b5b9fd45c15d5952ece0a0129e7e80cb26ec023fd59cf09bc26f1604" "/opt/rustwide/cargo-home/bin/cargo" "+1.55.0" "check" "--frozen" "--all" "--all-targets" "--message-format=json", kill_on_drop: false }`
[INFO] [stdout] a3c93e430c6b9b815aacec0e0c31b0b64648fb972ebcd4f3478be25080fc6a1c
[INFO] running `Command { std: "docker" "start" "-a" "a3c93e430c6b9b815aacec0e0c31b0b64648fb972ebcd4f3478be25080fc6a1c", kill_on_drop: false }`
[INFO] [stderr]     Checking nb v1.0.0
[INFO] [stderr]     Checking void v1.0.2
[INFO] [stderr]     Checking arrayvec v0.5.2
[INFO] [stderr]     Checking embedded-graphics v0.6.2
[INFO] [stderr]     Checking nb v0.1.3
[INFO] [stderr]     Checking embedded-hal v0.2.6
[INFO] [stderr]     Checking epd-waveshare-uart v0.1.0 (/opt/rustwide/workdir)
[INFO] [stdout] error[E0405]: cannot find trait `Drawing` in this scope
[INFO] [stdout]   --> src/graphics.rs:25:20
[INFO] [stdout]    |
[INFO] [stdout] 25 | pub trait Display: Drawing<EpdColor> {
[INFO] [stdout]    |                    ^^^^^^^ not found in this scope
[INFO] [stdout] 
[INFO] [stdout] 
[INFO] [stdout] error[E0405]: cannot find trait `Drawing` in this scope
[INFO] [stdout]    --> src/graphics.rs:112:10
[INFO] [stdout]     |
[INFO] [stdout] 112 | impl<'a> Drawing<EpdColor> for VarDisplay<'a> {
[INFO] [stdout]     |          ^^^^^^^ not found in this scope
[INFO] [stdout] 
[INFO] [stdout] 
[INFO] [stdout] error[E0405]: cannot find trait `Drawing` in this scope
[INFO] [stdout]   --> src/epd4in3/graphics.rs:24:6
[INFO] [stdout]    |
[INFO] [stdout] 24 | impl Drawing<EpdColor> for Display4in3 {
[INFO] [stdout]    |      ^^^^^^^ not found in this scope
[INFO] [stdout] 
[INFO] [stdout] 
[INFO] [stdout] error[E0405]: cannot find trait `Drawing` in this scope
[INFO] [stdout]   --> src/graphics.rs:25:20
[INFO] [stdout]    |
[INFO] [stdout] 25 | pub trait Display: Drawing<EpdColor> {
[INFO] [stdout]    |                    ^^^^^^^ not found in this scope
[INFO] [stdout] 
[INFO] [stdout] 
[INFO] [stdout] error: aborting due to 3 previous errors
[INFO] [stdout] 
[INFO] [stdout] 
[INFO] [stdout] For more information about this error, try `rustc --explain E0405`.
[INFO] [stdout] 
[INFO] [stdout] error[E0405]: cannot find trait `Drawing` in this scope
[INFO] [stdout]    --> src/graphics.rs:112:10
[INFO] [stdout]     |
[INFO] [stdout] 112 | impl<'a> Drawing<EpdColor> for VarDisplay<'a> {
[INFO] [stdout]     |          ^^^^^^^ not found in this scope
[INFO] [stdout] 
[INFO] [stdout] 
[INFO] [stdout] error[E0405]: cannot find trait `Drawing` in this scope
[INFO] [stdout]   --> src/epd4in3/graphics.rs:24:6
[INFO] [stdout]    |
[INFO] [stdout] 24 | impl Drawing<EpdColor> for Display4in3 {
[INFO] [stdout]    |      ^^^^^^^ not found in this scope
[INFO] [stdout] 
[INFO] [stdout] 
[INFO] [stderr] error: could not compile `epd-waveshare-uart` due to 4 previous errors
[INFO] [stderr] warning: build failed, waiting for other jobs to finish...
[INFO] [stdout] error: aborting due to 3 previous errors
[INFO] [stdout] 
[INFO] [stdout] 
[INFO] [stderr] error: build failed
[INFO] [stdout] For more information about this error, try `rustc --explain E0405`.
[INFO] [stdout] 
[INFO] running `Command { std: "docker" "inspect" "a3c93e430c6b9b815aacec0e0c31b0b64648fb972ebcd4f3478be25080fc6a1c", kill_on_drop: false }`
[INFO] running `Command { std: "docker" "rm" "-f" "a3c93e430c6b9b815aacec0e0c31b0b64648fb972ebcd4f3478be25080fc6a1c", kill_on_drop: false }`
[INFO] [stdout] a3c93e430c6b9b815aacec0e0c31b0b64648fb972ebcd4f3478be25080fc6a1c
