[INFO] fetching crate entity-sled 0.3.2...
[INFO] checking entity-sled-0.3.2 against beta-2021-10-15 for beta-1.56-3
[INFO] extracting crate entity-sled 0.3.2 into /workspace/builds/worker-75/source
[INFO] validating manifest of crates.io crate entity-sled 0.3.2 on toolchain beta-2021-10-15
[INFO] running `Command { std: "/workspace/cargo-home/bin/cargo" "+beta-2021-10-15" "metadata" "--manifest-path" "Cargo.toml" "--no-deps", kill_on_drop: false }`
[INFO] started tweaking crates.io crate entity-sled 0.3.2
[INFO] finished tweaking crates.io crate entity-sled 0.3.2
[INFO] tweaked toml for crates.io crate entity-sled 0.3.2 written to /workspace/builds/worker-75/source/Cargo.toml
[INFO] crate crates.io crate entity-sled 0.3.2 already has a lockfile, it will not be regenerated
[INFO] running `Command { std: "/workspace/cargo-home/bin/cargo" "+beta-2021-10-15" "fetch" "--manifest-path" "Cargo.toml", kill_on_drop: false }`
[INFO] [stderr]     Blocking waiting for file lock on package cache
[INFO] [stderr]     Blocking waiting for file lock on package cache
[INFO] running `Command { std: "docker" "create" "-v" "/var/lib/crater-agent-workspace/builds/worker-75/target:/opt/rustwide/target:rw,Z" "-v" "/var/lib/crater-agent-workspace/builds/worker-75/source:/opt/rustwide/workdir:ro,Z" "-v" "/var/lib/crater-agent-workspace/cargo-home:/opt/rustwide/cargo-home:ro,Z" "-v" "/var/lib/crater-agent-workspace/rustup-home:/opt/rustwide/rustup-home:ro,Z" "-e" "SOURCE_DIR=/opt/rustwide/workdir" "-e" "CARGO_TARGET_DIR=/opt/rustwide/target" "-e" "CARGO_HOME=/opt/rustwide/cargo-home" "-e" "RUSTUP_HOME=/opt/rustwide/rustup-home" "-w" "/opt/rustwide/workdir" "-m" "1610612736" "--user" "0:0" "--network" "none" "ghcr.io/rust-lang/crates-build-env/linux@sha256:a89201d6b5b9fd45c15d5952ece0a0129e7e80cb26ec023fd59cf09bc26f1604" "/opt/rustwide/cargo-home/bin/cargo" "+beta-2021-10-15" "metadata" "--no-deps" "--format-version=1", kill_on_drop: false }`
[INFO] [stdout] f133e360025c9e1fb9be1a4ead0cae1d4a3a83d561908fc0353ca3195de67d8b
[INFO] running `Command { std: "docker" "start" "-a" "f133e360025c9e1fb9be1a4ead0cae1d4a3a83d561908fc0353ca3195de67d8b", kill_on_drop: false }`
[INFO] running `Command { std: "docker" "inspect" "f133e360025c9e1fb9be1a4ead0cae1d4a3a83d561908fc0353ca3195de67d8b", kill_on_drop: false }`
[INFO] running `Command { std: "docker" "rm" "-f" "f133e360025c9e1fb9be1a4ead0cae1d4a3a83d561908fc0353ca3195de67d8b", kill_on_drop: false }`
[INFO] [stdout] f133e360025c9e1fb9be1a4ead0cae1d4a3a83d561908fc0353ca3195de67d8b
[INFO] running `Command { std: "docker" "create" "-v" "/var/lib/crater-agent-workspace/builds/worker-75/target:/opt/rustwide/target:rw,Z" "-v" "/var/lib/crater-agent-workspace/builds/worker-75/source:/opt/rustwide/workdir:ro,Z" "-v" "/var/lib/crater-agent-workspace/cargo-home:/opt/rustwide/cargo-home:ro,Z" "-v" "/var/lib/crater-agent-workspace/rustup-home:/opt/rustwide/rustup-home:ro,Z" "-e" "SOURCE_DIR=/opt/rustwide/workdir" "-e" "CARGO_TARGET_DIR=/opt/rustwide/target" "-e" "CARGO_INCREMENTAL=0" "-e" "RUST_BACKTRACE=full" "-e" "RUSTFLAGS=--cap-lints=warn" "-e" "CARGO_HOME=/opt/rustwide/cargo-home" "-e" "RUSTUP_HOME=/opt/rustwide/rustup-home" "-w" "/opt/rustwide/workdir" "-m" "1610612736" "--user" "0:0" "--network" "none" "ghcr.io/rust-lang/crates-build-env/linux@sha256:a89201d6b5b9fd45c15d5952ece0a0129e7e80cb26ec023fd59cf09bc26f1604" "/opt/rustwide/cargo-home/bin/cargo" "+beta-2021-10-15" "check" "--frozen" "--all" "--all-targets" "--message-format=json", kill_on_drop: false }`
[INFO] [stdout] 61fce22cce25054d3bb459886279188ec3c1564dc76dafb67277abc6cc5f79f8
[INFO] running `Command { std: "docker" "start" "-a" "61fce22cce25054d3bb459886279188ec3c1564dc76dafb67277abc6cc5f79f8", kill_on_drop: false }`
[INFO] [stderr]     Blocking waiting for file lock on package cache
[INFO] [stderr]    Compiling proc-macro2 v1.0.26
[INFO] [stderr]    Compiling syn v1.0.70
[INFO] [stderr]    Compiling serde_derive v1.0.125
[INFO] [stderr]    Compiling serde v1.0.125
[INFO] [stderr]    Compiling libc v0.2.93
[INFO] [stderr]    Compiling inventory v0.1.10
[INFO] [stderr]    Compiling unicode-segmentation v1.7.1
[INFO] [stderr]    Compiling doc-comment v0.3.3
[INFO] [stderr]    Compiling entity_noop_macros v0.3.2
[INFO] [stderr]    Compiling paste v1.0.5
[INFO] [stderr]     Checking dyn-clone v1.0.4
[INFO] [stderr]    Compiling memoffset v0.6.3
[INFO] [stderr]    Compiling crossbeam-utils v0.8.3
[INFO] [stderr]     Checking lock_api v0.4.3
[INFO] [stderr]     Checking fxhash v0.2.1
[INFO] [stderr]    Compiling heck v0.3.2
[INFO] [stderr]    Compiling quote v1.0.9
[INFO] [stderr]     Checking parking_lot_core v0.8.3
[INFO] [stderr]     Checking fs2 v0.4.3
[INFO] [stderr]     Checking crossbeam-epoch v0.9.3
[INFO] [stderr]     Checking parking_lot v0.11.1
[INFO] [stderr]     Checking sled v0.34.6
[INFO] [stderr]    Compiling ghost v0.1.2
[INFO] [stderr]    Compiling ctor v0.1.20
[INFO] [stderr]    Compiling inventory-impl v0.1.10
[INFO] [stderr]    Compiling typetag-impl v0.1.7
[INFO] [stderr]    Compiling strum_macros v0.19.4
[INFO] [stderr]    Compiling derivative v2.2.0
[INFO] [stderr]    Compiling derive_more v0.99.13
[INFO] [stderr]     Checking strum v0.19.5
[INFO] [stderr]     Checking erased-serde v0.3.13
[INFO] [stderr]     Checking bincode v1.3.3
[INFO] [stderr]     Checking typetag v0.1.7
[INFO] [stderr]     Checking entity v0.3.2
[INFO] [stderr]     Checking entity-sled v0.3.2 (/opt/rustwide/workdir)
[INFO] [stdout] error[E0433]: failed to resolve: use of undeclared crate or module `serde`
[INFO] [stdout]    --> src/lib.rs:952:43
[INFO] [stdout]     |
[INFO] [stdout] 952 |     #[derive(Clone, Debug, PartialEq, Eq, serde::Serialize, serde::Deserialize)]
[INFO] [stdout]     |                                           ^^^^^ use of undeclared crate or module `serde`
[INFO] [stdout] 
[INFO] [stdout] 
[INFO] [stdout] error[E0433]: failed to resolve: use of undeclared crate or module `serde`
[INFO] [stdout]    --> src/lib.rs:952:61
[INFO] [stdout]     |
[INFO] [stdout] 952 |     #[derive(Clone, Debug, PartialEq, Eq, serde::Serialize, serde::Deserialize)]
[INFO] [stdout]     |                                                             ^^^^^ use of undeclared crate or module `serde`
[INFO] [stdout] 
[INFO] [stdout] 
[INFO] [stdout] error[E0433]: failed to resolve: use of undeclared crate or module `typetag`
[INFO] [stdout]    --> src/lib.rs:969:7
[INFO] [stdout]     |
[INFO] [stdout] 969 |     #[typetag::serde]
[INFO] [stdout]     |       ^^^^^^^ use of undeclared crate or module `typetag`
[INFO] [stdout] 
[INFO] [stdout] 
[INFO] [stdout] error[E0277]: the trait bound `TestEnt: entity::vendor::macros::serde::Serialize` is not satisfied
[INFO] [stdout]    --> src/lib.rs:970:10
[INFO] [stdout]     |
[INFO] [stdout] 970 |     impl Ent for TestEnt {
[INFO] [stdout]     |          ^^^ the trait `entity::vendor::macros::serde::Serialize` is not implemented for `TestEnt`
[INFO] [stdout]     |
[INFO] [stdout]     = note: required because of the requirements on the impl of `erased_serde::ser::Serialize` for `TestEnt`
[INFO] [stdout] note: required by a bound in `entity::Ent`
[INFO] [stdout]    --> /opt/rustwide/cargo-home/registry/src/github.com-1ecc6299db9ec823/entity-0.3.2/src/ent/mod.rs:184:33
[INFO] [stdout]     |
[INFO] [stdout] 184 | #[cfg_attr(feature = "serde-1", typetag::serde(tag = "type"))]
[INFO] [stdout]     |                                 ^^^^^^^^^^^^^^^^^^^^^^^^^^^^ required by this bound in `entity::Ent`
[INFO] [stdout]     = note: this error originates in the attribute macro `typetag::serde` (in Nightly builds, run with -Z macro-backtrace for more info)
[INFO] [stdout] 
[INFO] [stdout] 
[INFO] [stderr] error: could not compile `entity-sled` due to 5 previous errors
[INFO] [stdout] error: aborting due to 4 previous errors
[INFO] [stdout] 
[INFO] [stdout] 
[INFO] [stderr] warning: build failed, waiting for other jobs to finish...
[INFO] [stdout] Some errors have detailed explanations: E0277, E0433.
[INFO] [stdout] 
[INFO] [stdout] For more information about an error, try `rustc --explain E0277`.
[INFO] [stdout] 
[INFO] [stderr] error: build failed
[INFO] running `Command { std: "docker" "inspect" "61fce22cce25054d3bb459886279188ec3c1564dc76dafb67277abc6cc5f79f8", kill_on_drop: false }`
[INFO] running `Command { std: "docker" "rm" "-f" "61fce22cce25054d3bb459886279188ec3c1564dc76dafb67277abc6cc5f79f8", kill_on_drop: false }`
[INFO] [stdout] 61fce22cce25054d3bb459886279188ec3c1564dc76dafb67277abc6cc5f79f8
