[INFO] fetching crate emlop 0.4.2...
[INFO] checking emlop-0.4.2 against beta-2021-10-15 for beta-1.56-3
[INFO] extracting crate emlop 0.4.2 into /workspace/builds/worker-104/source
[INFO] validating manifest of crates.io crate emlop 0.4.2 on toolchain beta-2021-10-15
[INFO] running `Command { std: "/workspace/cargo-home/bin/cargo" "+beta-2021-10-15" "metadata" "--manifest-path" "Cargo.toml" "--no-deps", kill_on_drop: false }`
[INFO] started tweaking crates.io crate emlop 0.4.2
[INFO] finished tweaking crates.io crate emlop 0.4.2
[INFO] tweaked toml for crates.io crate emlop 0.4.2 written to /workspace/builds/worker-104/source/Cargo.toml
[INFO] crate crates.io crate emlop 0.4.2 already has a lockfile, it will not be regenerated
[INFO] running `Command { std: "/workspace/cargo-home/bin/cargo" "+beta-2021-10-15" "fetch" "--manifest-path" "Cargo.toml", kill_on_drop: false }`
[INFO] [stderr]     Blocking waiting for file lock on package cache
[INFO] [stderr]     Blocking waiting for file lock on package cache
[INFO] [stderr]  Downloading crates ...
[INFO] [stderr]   Downloaded predicates v2.0.2
[INFO] [stderr]   Downloaded assert_cmd v1.0.8
[INFO] [stderr]   Downloaded difflib v0.4.0
[INFO] [stderr]   Downloaded predicates-tree v1.0.3
[INFO] [stderr]   Downloaded chrono-english v0.1.6
[INFO] [stderr]   Downloaded stderrlog v0.5.1
[INFO] [stderr]   Downloaded scanlex v0.1.4
[INFO] [stderr]   Downloaded tabwriter v1.2.1
[INFO] running `Command { std: "docker" "create" "-v" "/var/lib/crater-agent-workspace/builds/worker-104/target:/opt/rustwide/target:rw,Z" "-v" "/var/lib/crater-agent-workspace/builds/worker-104/source:/opt/rustwide/workdir:ro,Z" "-v" "/var/lib/crater-agent-workspace/cargo-home:/opt/rustwide/cargo-home:ro,Z" "-v" "/var/lib/crater-agent-workspace/rustup-home:/opt/rustwide/rustup-home:ro,Z" "-e" "SOURCE_DIR=/opt/rustwide/workdir" "-e" "CARGO_TARGET_DIR=/opt/rustwide/target" "-e" "CARGO_HOME=/opt/rustwide/cargo-home" "-e" "RUSTUP_HOME=/opt/rustwide/rustup-home" "-w" "/opt/rustwide/workdir" "-m" "1610612736" "--user" "0:0" "--network" "none" "ghcr.io/rust-lang/crates-build-env/linux@sha256:a89201d6b5b9fd45c15d5952ece0a0129e7e80cb26ec023fd59cf09bc26f1604" "/opt/rustwide/cargo-home/bin/cargo" "+beta-2021-10-15" "metadata" "--no-deps" "--format-version=1", kill_on_drop: false }`
[INFO] [stdout] 3a12d03a2b0f6bd6a0d454fd05bfa8f79f7f9f05026a60bf953d4428d59b7b5e
[INFO] running `Command { std: "docker" "start" "-a" "3a12d03a2b0f6bd6a0d454fd05bfa8f79f7f9f05026a60bf953d4428d59b7b5e", kill_on_drop: false }`
[INFO] running `Command { std: "docker" "inspect" "3a12d03a2b0f6bd6a0d454fd05bfa8f79f7f9f05026a60bf953d4428d59b7b5e", kill_on_drop: false }`
[INFO] running `Command { std: "docker" "rm" "-f" "3a12d03a2b0f6bd6a0d454fd05bfa8f79f7f9f05026a60bf953d4428d59b7b5e", kill_on_drop: false }`
[INFO] [stdout] 3a12d03a2b0f6bd6a0d454fd05bfa8f79f7f9f05026a60bf953d4428d59b7b5e
[INFO] running `Command { std: "docker" "create" "-v" "/var/lib/crater-agent-workspace/builds/worker-104/target:/opt/rustwide/target:rw,Z" "-v" "/var/lib/crater-agent-workspace/builds/worker-104/source:/opt/rustwide/workdir:ro,Z" "-v" "/var/lib/crater-agent-workspace/cargo-home:/opt/rustwide/cargo-home:ro,Z" "-v" "/var/lib/crater-agent-workspace/rustup-home:/opt/rustwide/rustup-home:ro,Z" "-e" "SOURCE_DIR=/opt/rustwide/workdir" "-e" "CARGO_TARGET_DIR=/opt/rustwide/target" "-e" "CARGO_INCREMENTAL=0" "-e" "RUST_BACKTRACE=full" "-e" "RUSTFLAGS=--cap-lints=warn" "-e" "CARGO_HOME=/opt/rustwide/cargo-home" "-e" "RUSTUP_HOME=/opt/rustwide/rustup-home" "-w" "/opt/rustwide/workdir" "-m" "1610612736" "--user" "0:0" "--network" "none" "ghcr.io/rust-lang/crates-build-env/linux@sha256:a89201d6b5b9fd45c15d5952ece0a0129e7e80cb26ec023fd59cf09bc26f1604" "/opt/rustwide/cargo-home/bin/cargo" "+beta-2021-10-15" "check" "--frozen" "--all" "--all-targets" "--message-format=json", kill_on_drop: false }`
[INFO] [stdout] ce99167b43320fddbac2e9fdadac11da6479498370c8a111746e09e1466713bd
[INFO] running `Command { std: "docker" "start" "-a" "ce99167b43320fddbac2e9fdadac11da6479498370c8a111746e09e1466713bd", kill_on_drop: false }`
[INFO] [stderr]    Compiling libc v0.2.99
[INFO] [stderr]    Compiling proc-macro2 v1.0.28
[INFO] [stderr]    Compiling syn v1.0.74
[INFO] [stderr]    Compiling serde_derive v1.0.127
[INFO] [stderr]    Compiling winapi-build v0.1.1
[INFO] [stderr]    Compiling log v0.4.14
[INFO] [stderr]    Compiling crossbeam-utils v0.8.5
[INFO] [stderr]    Compiling serde v1.0.127
[INFO] [stderr]     Checking winapi v0.2.8
[INFO] [stderr]    Compiling anyhow v1.0.43
[INFO] [stderr]    Compiling doc-comment v0.3.3
[INFO] [stderr]    Compiling serde_json v1.0.66
[INFO] [stderr]     Checking predicates-core v1.0.2
[INFO] [stderr]     Checking treeline v0.1.0
[INFO] [stderr]     Checking itoa v0.4.7
[INFO] [stderr]     Checking difflib v0.4.0
[INFO] [stderr]    Compiling escargot v0.5.2
[INFO] [stderr]     Checking scanlex v0.1.4
[INFO] [stderr]     Checking regex-automata v0.1.10
[INFO] [stderr]     Checking ansi_term v0.12.1
[INFO] [stderr]     Checking thread_local v1.0.1
[INFO] [stderr]     Checking itertools v0.10.1
[INFO] [stderr]     Checking tabwriter v1.2.1
[INFO] [stderr]     Checking predicates-tree v1.0.3
[INFO] [stderr]    Compiling kernel32-sys v0.2.2
[INFO] [stderr]     Checking bstr v0.2.16
[INFO] [stderr]     Checking crossbeam-channel v0.5.1
[INFO] [stderr]    Compiling quote v1.0.9
[INFO] [stderr]     Checking predicates v2.0.2
[INFO] [stderr]     Checking time v0.1.44
[INFO] [stderr]     Checking atty v0.2.14
[INFO] [stderr]     Checking errno v0.2.7
[INFO] [stderr]     Checking wait-timeout v0.2.0
[INFO] [stderr]     Checking sysconf v0.3.4
[INFO] [stderr]     Checking clap v2.33.3
[INFO] [stderr]     Checking assert_cmd v1.0.8
[INFO] [stderr]     Checking chrono v0.4.19
[INFO] [stderr]     Checking stderrlog v0.5.1
[INFO] [stderr]     Checking chrono-english v0.1.6
[INFO] [stderr]     Checking emlop v0.4.2 (/opt/rustwide/workdir)
[INFO] [stdout] error[E0433]: failed to resolve: use of undeclared crate or module `rand`
[INFO] [stdout]   --> benches/exec_compare.rs:22:5
[INFO] [stdout]    |
[INFO] [stdout] 22 | use rand::prelude::SliceRandom;
[INFO] [stdout]    |     ^^^^ use of undeclared crate or module `rand`
[INFO] [stdout] 
[INFO] [stdout] 
[INFO] [stdout] error[E0432]: unresolved imports `inc_stats`, `rand::prelude::SliceRandom`
[INFO] [stdout]   --> benches/exec_compare.rs:21:5
[INFO] [stdout]    |
[INFO] [stdout] 21 | use inc_stats::*;
[INFO] [stdout]    |     ^^^^^^^^^ use of undeclared crate or module `inc_stats`
[INFO] [stdout] 22 | use rand::prelude::SliceRandom;
[INFO] [stdout]    |     ^^^^^^^^^^^^^^^^^^^^^^^^^^
[INFO] [stdout] 
[INFO] [stdout] 
[INFO] [stdout] error[E0433]: failed to resolve: use of undeclared crate or module `rand`
[INFO] [stdout]    --> benches/exec_compare.rs:201:24
[INFO] [stdout]     |
[INFO] [stdout] 201 |     tests.shuffle(&mut rand::thread_rng());
[INFO] [stdout]     |                        ^^^^ use of undeclared crate or module `rand`
[INFO] [stdout] 
[INFO] [stdout] 
[INFO] [stdout] error[E0412]: cannot find type `SummStats` in this scope
[INFO] [stdout]    --> benches/exec_compare.rs:227:17
[INFO] [stdout]     |
[INFO] [stdout] 227 |         let ss: SummStats<f64> = vals.iter().cloned().collect();
[INFO] [stdout]     |                 ^^^^^^^^^ not found in this scope
[INFO] [stdout] 
[INFO] [stdout] 
[INFO] [stdout] error[E0412]: cannot find type `Percentiles` in this scope
[INFO] [stdout]    --> benches/exec_compare.rs:228:21
[INFO] [stdout]     |
[INFO] [stdout] 228 |         let mut pc: Percentiles<f64> = vals.iter().cloned().collect();
[INFO] [stdout]     |                     ^^^^^^^^^^^ not found in this scope
[INFO] [stdout] 
[INFO] [stdout] 
[INFO] [stdout] error[E0599]: no method named `shuffle` found for struct `Vec<(String, &str, &[&str], Option<&str>)>` in the current scope
[INFO] [stdout]    --> benches/exec_compare.rs:201:11
[INFO] [stdout]     |
[INFO] [stdout] 201 |     tests.shuffle(&mut rand::thread_rng());
[INFO] [stdout]     |           ^^^^^^^ method not found in `Vec<(String, &str, &[&str], Option<&str>)>`
[INFO] [stdout] 
[INFO] [stdout] 
[INFO] [stdout] error: aborting due to 6 previous errors
[INFO] [stdout] 
[INFO] [stdout] 
[INFO] [stdout] Some errors have detailed explanations: E0412, E0432, E0433, E0599.
[INFO] [stdout] 
[INFO] [stderr] error: could not compile `emlop` due to 7 previous errors
[INFO] [stdout] For more information about an error, try `rustc --explain E0412`.
[INFO] [stdout] 
[INFO] [stderr] warning: build failed, waiting for other jobs to finish...
[INFO] [stderr] error: build failed
[INFO] running `Command { std: "docker" "inspect" "ce99167b43320fddbac2e9fdadac11da6479498370c8a111746e09e1466713bd", kill_on_drop: false }`
[INFO] running `Command { std: "docker" "rm" "-f" "ce99167b43320fddbac2e9fdadac11da6479498370c8a111746e09e1466713bd", kill_on_drop: false }`
[INFO] [stdout] ce99167b43320fddbac2e9fdadac11da6479498370c8a111746e09e1466713bd
