[INFO] fetching crate embedded-hal-sync-pins 0.3.1...
[INFO] checking embedded-hal-sync-pins-0.3.1 against beta-2021-10-15 for beta-1.56-3
[INFO] extracting crate embedded-hal-sync-pins 0.3.1 into /workspace/builds/worker-55/source
[INFO] validating manifest of crates.io crate embedded-hal-sync-pins 0.3.1 on toolchain beta-2021-10-15
[INFO] running `Command { std: "/workspace/cargo-home/bin/cargo" "+beta-2021-10-15" "metadata" "--manifest-path" "Cargo.toml" "--no-deps", kill_on_drop: false }`
[INFO] started tweaking crates.io crate embedded-hal-sync-pins 0.3.1
[INFO] finished tweaking crates.io crate embedded-hal-sync-pins 0.3.1
[INFO] tweaked toml for crates.io crate embedded-hal-sync-pins 0.3.1 written to /workspace/builds/worker-55/source/Cargo.toml
[INFO] running `Command { std: "/workspace/cargo-home/bin/cargo" "+beta-2021-10-15" "generate-lockfile" "--manifest-path" "Cargo.toml" "-Zno-index-update", kill_on_drop: false }`
[INFO] [stderr]     Blocking waiting for file lock on package cache
[INFO] running `Command { std: "/workspace/cargo-home/bin/cargo" "+beta-2021-10-15" "fetch" "--manifest-path" "Cargo.toml", kill_on_drop: false }`
[INFO] [stderr]     Blocking waiting for file lock on package cache
[INFO] [stderr]     Blocking waiting for file lock on package cache
[INFO] running `Command { std: "docker" "create" "-v" "/var/lib/crater-agent-workspace/builds/worker-55/target:/opt/rustwide/target:rw,Z" "-v" "/var/lib/crater-agent-workspace/builds/worker-55/source:/opt/rustwide/workdir:ro,Z" "-v" "/var/lib/crater-agent-workspace/cargo-home:/opt/rustwide/cargo-home:ro,Z" "-v" "/var/lib/crater-agent-workspace/rustup-home:/opt/rustwide/rustup-home:ro,Z" "-e" "SOURCE_DIR=/opt/rustwide/workdir" "-e" "CARGO_TARGET_DIR=/opt/rustwide/target" "-e" "CARGO_HOME=/opt/rustwide/cargo-home" "-e" "RUSTUP_HOME=/opt/rustwide/rustup-home" "-w" "/opt/rustwide/workdir" "-m" "1610612736" "--user" "0:0" "--network" "none" "ghcr.io/rust-lang/crates-build-env/linux@sha256:a89201d6b5b9fd45c15d5952ece0a0129e7e80cb26ec023fd59cf09bc26f1604" "/opt/rustwide/cargo-home/bin/cargo" "+beta-2021-10-15" "metadata" "--no-deps" "--format-version=1", kill_on_drop: false }`
[INFO] [stdout] e99d5a7664a2a3b27ea004738af4802351deadd5105d0954f5d54bac6b9e13e6
[INFO] running `Command { std: "docker" "start" "-a" "e99d5a7664a2a3b27ea004738af4802351deadd5105d0954f5d54bac6b9e13e6", kill_on_drop: false }`
[INFO] running `Command { std: "docker" "inspect" "e99d5a7664a2a3b27ea004738af4802351deadd5105d0954f5d54bac6b9e13e6", kill_on_drop: false }`
[INFO] running `Command { std: "docker" "rm" "-f" "e99d5a7664a2a3b27ea004738af4802351deadd5105d0954f5d54bac6b9e13e6", kill_on_drop: false }`
[INFO] [stdout] e99d5a7664a2a3b27ea004738af4802351deadd5105d0954f5d54bac6b9e13e6
[INFO] running `Command { std: "docker" "create" "-v" "/var/lib/crater-agent-workspace/builds/worker-55/target:/opt/rustwide/target:rw,Z" "-v" "/var/lib/crater-agent-workspace/builds/worker-55/source:/opt/rustwide/workdir:ro,Z" "-v" "/var/lib/crater-agent-workspace/cargo-home:/opt/rustwide/cargo-home:ro,Z" "-v" "/var/lib/crater-agent-workspace/rustup-home:/opt/rustwide/rustup-home:ro,Z" "-e" "SOURCE_DIR=/opt/rustwide/workdir" "-e" "CARGO_TARGET_DIR=/opt/rustwide/target" "-e" "CARGO_INCREMENTAL=0" "-e" "RUST_BACKTRACE=full" "-e" "RUSTFLAGS=--cap-lints=warn" "-e" "CARGO_HOME=/opt/rustwide/cargo-home" "-e" "RUSTUP_HOME=/opt/rustwide/rustup-home" "-w" "/opt/rustwide/workdir" "-m" "1610612736" "--user" "0:0" "--network" "none" "ghcr.io/rust-lang/crates-build-env/linux@sha256:a89201d6b5b9fd45c15d5952ece0a0129e7e80cb26ec023fd59cf09bc26f1604" "/opt/rustwide/cargo-home/bin/cargo" "+beta-2021-10-15" "check" "--frozen" "--all" "--all-targets" "--message-format=json", kill_on_drop: false }`
[INFO] [stdout] b881e6965be5c5c9e08b39e7bfd0564e00dc933142b8fda50ab4d437878eb090
[INFO] running `Command { std: "docker" "start" "-a" "b881e6965be5c5c9e08b39e7bfd0564e00dc933142b8fda50ab4d437878eb090", kill_on_drop: false }`
[INFO] [stderr]     Blocking waiting for file lock on package cache
[INFO] [stderr]     Blocking waiting for file lock on package cache
[INFO] [stderr]     Checking nb v1.0.0
[INFO] [stderr]     Checking num-complex v0.3.1
[INFO] [stderr]     Checking num-iter v0.1.42
[INFO] [stderr]    Compiling num-derive v0.3.3
[INFO] [stderr]     Checking embedded-hal v1.0.0-alpha.5
[INFO] [stderr]     Checking num v0.3.1
[INFO] [stderr]     Checking embedded-time v0.10.1
[INFO] [stderr]     Checking embedded-hal-sync-pins v0.3.1 (/opt/rustwide/workdir)
[INFO] [stdout] error[E0432]: unresolved import `embedded_hal::digital::toggleable`
[INFO] [stdout]  --> src/wire.rs:1:28
[INFO] [stdout]   |
[INFO] [stdout] 1 | use embedded_hal::digital::toggleable::Default as ToggleDefault;
[INFO] [stdout]   |                            ^^^^^^^^^^ could not find `toggleable` in `digital`
[INFO] [stdout] 
[INFO] [stdout] 
[INFO] [stdout] error[E0432]: unresolved imports `embedded_hal::digital::InputPin`, `embedded_hal::digital::OutputPin`, `embedded_hal::digital::StatefulOutputPin`
[INFO] [stdout]  --> src/wire.rs:2:29
[INFO] [stdout]   |
[INFO] [stdout] 2 | use embedded_hal::digital::{InputPin, OutputPin, StatefulOutputPin};
[INFO] [stdout]   |                             ^^^^^^^^  ^^^^^^^^^  ^^^^^^^^^^^^^^^^^ no `StatefulOutputPin` in `digital`
[INFO] [stdout]   |                             |         |
[INFO] [stdout]   |                             |         no `OutputPin` in `digital`
[INFO] [stdout]   |                             no `InputPin` in `digital`
[INFO] [stdout] 
[INFO] [stdout] 
[INFO] [stdout] error[E0433]: failed to resolve: could not find `toggleable` in `hal`
[INFO] [stdout]    --> src/pins.rs:183:11
[INFO] [stdout]     |
[INFO] [stdout] 183 | impl hal::toggleable::Default for PushPullPin {}
[INFO] [stdout]     |           ^^^^^^^^^^ could not find `toggleable` in `hal`
[INFO] [stdout] 
[INFO] [stdout] 
[INFO] [stdout] error[E0433]: failed to resolve: could not find `toggleable` in `hal`
[INFO] [stdout]    --> src/pins.rs:261:11
[INFO] [stdout]     |
[INFO] [stdout] 261 | impl hal::toggleable::Default for OpenDrainPin {}
[INFO] [stdout]     |           ^^^^^^^^^^ could not find `toggleable` in `hal`
[INFO] [stdout] 
[INFO] [stdout] 
[INFO] [stdout] error[E0405]: cannot find trait `InputPin` in module `hal`
[INFO] [stdout]    --> src/pins.rs:114:11
[INFO] [stdout]     |
[INFO] [stdout] 114 | impl hal::InputPin for InputPin {
[INFO] [stdout]     |           ^^^^^^^^ not found in `hal`
[INFO] [stdout]     |
[INFO] [stdout] help: consider importing one of these items
[INFO] [stdout]     |
[INFO] [stdout] 12  | use crate::pins::hal::blocking::InputPin;
[INFO] [stdout]     |
[INFO] [stdout] 12  | use embedded_hal::digital::blocking::InputPin;
[INFO] [stdout]     |
[INFO] [stdout] 
[INFO] [stdout] 
[INFO] [stdout] error[E0405]: cannot find trait `OutputPin` in module `hal`
[INFO] [stdout]    --> src/pins.rs:159:11
[INFO] [stdout]     |
[INFO] [stdout] 159 | impl hal::OutputPin for PushPullPin {
[INFO] [stdout]     |           ^^^^^^^^^ not found in `hal`
[INFO] [stdout]     |
[INFO] [stdout] help: consider importing one of these items
[INFO] [stdout]     |
[INFO] [stdout] 12  | use crate::pins::hal::blocking::OutputPin;
[INFO] [stdout]     |
[INFO] [stdout] 12  | use embedded_hal::digital::blocking::OutputPin;
[INFO] [stdout]     |
[INFO] [stdout] 
[INFO] [stdout] 
[INFO] [stdout] error[E0405]: cannot find trait `StatefulOutputPin` in module `hal`
[INFO] [stdout]    --> src/pins.rs:173:11
[INFO] [stdout]     |
[INFO] [stdout] 173 | impl hal::StatefulOutputPin for PushPullPin {
[INFO] [stdout]     |           ^^^^^^^^^^^^^^^^^ not found in `hal`
[INFO] [stdout]     |
[INFO] [stdout] help: consider importing one of these items
[INFO] [stdout]     |
[INFO] [stdout] 12  | use crate::pins::hal::blocking::StatefulOutputPin;
[INFO] [stdout]     |
[INFO] [stdout] 12  | use embedded_hal::digital::blocking::StatefulOutputPin;
[INFO] [stdout]     |
[INFO] [stdout] 
[INFO] [stdout] 
[INFO] [stdout] error[E0405]: cannot find trait `InputPin` in module `hal`
[INFO] [stdout]    --> src/pins.rs:185:11
[INFO] [stdout]     |
[INFO] [stdout] 185 | impl hal::InputPin for PushPullPin {
[INFO] [stdout]     |           ^^^^^^^^ not found in `hal`
[INFO] [stdout]     |
[INFO] [stdout] help: consider importing one of these items
[INFO] [stdout]     |
[INFO] [stdout] 12  | use crate::pins::hal::blocking::InputPin;
[INFO] [stdout]     |
[INFO] [stdout] 12  | use embedded_hal::digital::blocking::InputPin;
[INFO] [stdout]     |
[INFO] [stdout] 
[INFO] [stdout] 
[INFO] [stdout] error[E0405]: cannot find trait `OutputPin` in module `hal`
[INFO] [stdout]    --> src/pins.rs:237:11
[INFO] [stdout]     |
[INFO] [stdout] 237 | impl hal::OutputPin for OpenDrainPin {
[INFO] [stdout]     |           ^^^^^^^^^ not found in `hal`
[INFO] [stdout]     |
[INFO] [stdout] help: consider importing one of these items
[INFO] [stdout]     |
[INFO] [stdout] 12  | use crate::pins::hal::blocking::OutputPin;
[INFO] [stdout]     |
[INFO] [stdout] 12  | use embedded_hal::digital::blocking::OutputPin;
[INFO] [stdout]     |
[INFO] [stdout] 
[INFO] [stdout] 
[INFO] [stdout] error[E0405]: cannot find trait `StatefulOutputPin` in module `hal`
[INFO] [stdout]    --> src/pins.rs:251:11
[INFO] [stdout]     |
[INFO] [stdout] 251 | impl hal::StatefulOutputPin for OpenDrainPin {
[INFO] [stdout]     |           ^^^^^^^^^^^^^^^^^ not found in `hal`
[INFO] [stdout]     |
[INFO] [stdout] help: consider importing one of these items
[INFO] [stdout]     |
[INFO] [stdout] 12  | use crate::pins::hal::blocking::StatefulOutputPin;
[INFO] [stdout]     |
[INFO] [stdout] 12  | use embedded_hal::digital::blocking::StatefulOutputPin;
[INFO] [stdout]     |
[INFO] [stdout] 
[INFO] [stdout] 
[INFO] [stdout] error[E0405]: cannot find trait `InputPin` in module `hal`
[INFO] [stdout]    --> src/pins.rs:263:11
[INFO] [stdout]     |
[INFO] [stdout] 263 | impl hal::InputPin for OpenDrainPin {
[INFO] [stdout]     |           ^^^^^^^^ not found in `hal`
[INFO] [stdout]     |
[INFO] [stdout] help: consider importing one of these items
[INFO] [stdout]     |
[INFO] [stdout] 12  | use crate::pins::hal::blocking::InputPin;
[INFO] [stdout]     |
[INFO] [stdout] 12  | use embedded_hal::digital::blocking::InputPin;
[INFO] [stdout]     |
[INFO] [stdout] 
[INFO] [stdout] 
[INFO] [stdout] error[E0432]: unresolved import `embedded_hal::digital::toggleable`
[INFO] [stdout]  --> src/wire.rs:1:28
[INFO] [stdout]   |
[INFO] [stdout] 1 | use embedded_hal::digital::toggleable::Default as ToggleDefault;
[INFO] [stdout]   |                            ^^^^^^^^^^ could not find `toggleable` in `digital`
[INFO] [stdout] 
[INFO] [stdout] 
[INFO] [stdout] error[E0432]: unresolved imports `embedded_hal::digital::InputPin`, `embedded_hal::digital::OutputPin`, `embedded_hal::digital::StatefulOutputPin`
[INFO] [stdout]  --> src/wire.rs:2:29
[INFO] [stdout]   |
[INFO] [stdout] 2 | use embedded_hal::digital::{InputPin, OutputPin, StatefulOutputPin};
[INFO] [stdout]   |                             ^^^^^^^^  ^^^^^^^^^  ^^^^^^^^^^^^^^^^^ no `StatefulOutputPin` in `digital`
[INFO] [stdout]   |                             |         |
[INFO] [stdout]   |                             |         no `OutputPin` in `digital`
[INFO] [stdout]   |                             no `InputPin` in `digital`
[INFO] [stdout] 
[INFO] [stdout] 
[INFO] [stdout] error[E0432]: unresolved import `hal::InputPin`
[INFO] [stdout]    --> src/pins.rs:336:7
[INFO] [stdout]     |
[INFO] [stdout] 336 |         use hal::InputPin as HalInputPin;
[INFO] [stdout]     |             ^^^^^^^^^^^^^^^^^^^^^^^^^^^^ no `InputPin` in `digital`
[INFO] [stdout] 
[INFO] [stdout] 
[INFO] [stdout] error[E0432]: unresolved import `hal::InputPin`
[INFO] [stdout]    --> src/pins.rs:352:7
[INFO] [stdout]     |
[INFO] [stdout] 352 |         use hal::InputPin as HalInputPin;
[INFO] [stdout]     |             ^^^^^^^^^^^^^^^^^^^^^^^^^^^^ no `InputPin` in `digital`
[INFO] [stdout] 
[INFO] [stdout] 
[INFO] [stdout] error[E0432]: unresolved import `hal::OutputPin`
[INFO] [stdout]    --> src/pins.rs:353:7
[INFO] [stdout]     |
[INFO] [stdout] 353 |         use hal::OutputPin as HalOutputPin;
[INFO] [stdout]     |             ^^^^^^^^^^^^^^^^^^^^^^^^^^^^^^ no `OutputPin` in `digital`
[INFO] [stdout] 
[INFO] [stdout] 
[INFO] [stdout] error[E0432]: unresolved import `hal::StatefulOutputPin`
[INFO] [stdout]    --> src/pins.rs:354:7
[INFO] [stdout]     |
[INFO] [stdout] 354 |         use hal::StatefulOutputPin as HalStatefulOutputPin;
[INFO] [stdout]     |             ^^^^^^^^^^^^^^^^^^^^^^^^^^^^^^^^^^^^^^^^^^^^^^ no `StatefulOutputPin` in `digital`
[INFO] [stdout] 
[INFO] [stdout] 
[INFO] [stdout] error[E0432]: unresolved import `hal::InputPin`
[INFO] [stdout]    --> src/pins.rs:375:7
[INFO] [stdout]     |
[INFO] [stdout] 375 |         use hal::InputPin as HalInputPin;
[INFO] [stdout]     |             ^^^^^^^^^^^^^^^^^^^^^^^^^^^^ no `InputPin` in `digital`
[INFO] [stdout] 
[INFO] [stdout] 
[INFO] [stdout] error[E0432]: unresolved import `hal::OutputPin`
[INFO] [stdout]    --> src/pins.rs:376:7
[INFO] [stdout]     |
[INFO] [stdout] 376 |         use hal::OutputPin as HalOutputPin;
[INFO] [stdout]     |             ^^^^^^^^^^^^^^^^^^^^^^^^^^^^^^ no `OutputPin` in `digital`
[INFO] [stdout] 
[INFO] [stdout] 
[INFO] [stdout] error[E0432]: unresolved import `hal::StatefulOutputPin`
[INFO] [stdout]    --> src/pins.rs:377:7
[INFO] [stdout]     |
[INFO] [stdout] 377 |         use hal::StatefulOutputPin as HalStatefulOutputPin;
[INFO] [stdout]     |             ^^^^^^^^^^^^^^^^^^^^^^^^^^^^^^^^^^^^^^^^^^^^^^ no `StatefulOutputPin` in `digital`
[INFO] [stdout] 
[INFO] [stdout] 
[INFO] [stderr] error: could not compile `embedded-hal-sync-pins` due to 12 previous errors
[INFO] [stdout] error: aborting due to 11 previous errors
[INFO] [stdout] 
[INFO] [stdout] 
[INFO] [stderr] warning: build failed, waiting for other jobs to finish...
[INFO] [stdout] Some errors have detailed explanations: E0405, E0432, E0433.
[INFO] [stdout] 
[INFO] [stdout] For more information about an error, try `rustc --explain E0405`.
[INFO] [stdout] 
[INFO] [stdout] error[E0433]: failed to resolve: could not find `toggleable` in `hal`
[INFO] [stdout]    --> src/pins.rs:183:11
[INFO] [stdout]     |
[INFO] [stdout] 183 | impl hal::toggleable::Default for PushPullPin {}
[INFO] [stdout]     |           ^^^^^^^^^^ could not find `toggleable` in `hal`
[INFO] [stdout] 
[INFO] [stdout] 
[INFO] [stdout] error[E0433]: failed to resolve: could not find `toggleable` in `hal`
[INFO] [stdout]    --> src/pins.rs:261:11
[INFO] [stdout]     |
[INFO] [stdout] 261 | impl hal::toggleable::Default for OpenDrainPin {}
[INFO] [stdout]     |           ^^^^^^^^^^ could not find `toggleable` in `hal`
[INFO] [stdout] 
[INFO] [stdout] 
[INFO] [stdout] error[E0405]: cannot find trait `InputPin` in module `hal`
[INFO] [stdout]    --> src/pins.rs:114:11
[INFO] [stdout]     |
[INFO] [stdout] 114 | impl hal::InputPin for InputPin {
[INFO] [stdout]     |           ^^^^^^^^ not found in `hal`
[INFO] [stdout]     |
[INFO] [stdout] help: consider importing one of these items
[INFO] [stdout]     |
[INFO] [stdout] 12  | use crate::pins::hal::blocking::InputPin;
[INFO] [stdout]     |
[INFO] [stdout] 12  | use embedded_hal::digital::blocking::InputPin;
[INFO] [stdout]     |
[INFO] [stdout] 
[INFO] [stdout] 
[INFO] [stdout] error[E0405]: cannot find trait `OutputPin` in module `hal`
[INFO] [stdout]    --> src/pins.rs:159:11
[INFO] [stdout]     |
[INFO] [stdout] 159 | impl hal::OutputPin for PushPullPin {
[INFO] [stdout]     |           ^^^^^^^^^ not found in `hal`
[INFO] [stdout]     |
[INFO] [stdout] help: consider importing one of these items
[INFO] [stdout]     |
[INFO] [stdout] 12  | use crate::pins::hal::blocking::OutputPin;
[INFO] [stdout]     |
[INFO] [stdout] 12  | use embedded_hal::digital::blocking::OutputPin;
[INFO] [stdout]     |
[INFO] [stdout] 
[INFO] [stdout] 
[INFO] [stdout] error[E0405]: cannot find trait `StatefulOutputPin` in module `hal`
[INFO] [stdout]    --> src/pins.rs:173:11
[INFO] [stdout]     |
[INFO] [stdout] 173 | impl hal::StatefulOutputPin for PushPullPin {
[INFO] [stdout]     |           ^^^^^^^^^^^^^^^^^ not found in `hal`
[INFO] [stdout]     |
[INFO] [stdout] help: consider importing one of these items
[INFO] [stdout]     |
[INFO] [stdout] 12  | use crate::pins::hal::blocking::StatefulOutputPin;
[INFO] [stdout]     |
[INFO] [stdout] 12  | use embedded_hal::digital::blocking::StatefulOutputPin;
[INFO] [stdout]     |
[INFO] [stdout] 
[INFO] [stdout] 
[INFO] [stdout] error[E0405]: cannot find trait `InputPin` in module `hal`
[INFO] [stdout]    --> src/pins.rs:185:11
[INFO] [stdout]     |
[INFO] [stdout] 185 | impl hal::InputPin for PushPullPin {
[INFO] [stdout]     |           ^^^^^^^^ not found in `hal`
[INFO] [stdout]     |
[INFO] [stdout] help: consider importing one of these items
[INFO] [stdout]     |
[INFO] [stdout] 12  | use crate::pins::hal::blocking::InputPin;
[INFO] [stdout]     |
[INFO] [stdout] 12  | use embedded_hal::digital::blocking::InputPin;
[INFO] [stdout]     |
[INFO] [stdout] 
[INFO] [stdout] 
[INFO] [stdout] error[E0405]: cannot find trait `OutputPin` in module `hal`
[INFO] [stdout]    --> src/pins.rs:237:11
[INFO] [stdout]     |
[INFO] [stdout] 237 | impl hal::OutputPin for OpenDrainPin {
[INFO] [stdout]     |           ^^^^^^^^^ not found in `hal`
[INFO] [stdout]     |
[INFO] [stdout] help: consider importing one of these items
[INFO] [stdout]     |
[INFO] [stdout] 12  | use crate::pins::hal::blocking::OutputPin;
[INFO] [stdout]     |
[INFO] [stdout] 12  | use embedded_hal::digital::blocking::OutputPin;
[INFO] [stdout]     |
[INFO] [stdout] 
[INFO] [stdout] 
[INFO] [stdout] error[E0405]: cannot find trait `StatefulOutputPin` in module `hal`
[INFO] [stdout]    --> src/pins.rs:251:11
[INFO] [stdout]     |
[INFO] [stdout] 251 | impl hal::StatefulOutputPin for OpenDrainPin {
[INFO] [stdout]     |           ^^^^^^^^^^^^^^^^^ not found in `hal`
[INFO] [stdout]     |
[INFO] [stdout] help: consider importing one of these items
[INFO] [stdout]     |
[INFO] [stdout] 12  | use crate::pins::hal::blocking::StatefulOutputPin;
[INFO] [stdout]     |
[INFO] [stdout] 12  | use embedded_hal::digital::blocking::StatefulOutputPin;
[INFO] [stdout]     |
[INFO] [stdout] 
[INFO] [stdout] 
[INFO] [stdout] error[E0405]: cannot find trait `InputPin` in module `hal`
[INFO] [stdout]    --> src/pins.rs:263:11
[INFO] [stdout]     |
[INFO] [stdout] 263 | impl hal::InputPin for OpenDrainPin {
[INFO] [stdout]     |           ^^^^^^^^ not found in `hal`
[INFO] [stdout]     |
[INFO] [stdout] help: consider importing one of these items
[INFO] [stdout]     |
[INFO] [stdout] 12  | use crate::pins::hal::blocking::InputPin;
[INFO] [stdout]     |
[INFO] [stdout] 12  | use embedded_hal::digital::blocking::InputPin;
[INFO] [stdout]     |
[INFO] [stdout] 
[INFO] [stdout] 
[INFO] [stdout] error: aborting due to 18 previous errors
[INFO] [stdout] 
[INFO] [stdout] 
[INFO] [stdout] Some errors have detailed explanations: E0405, E0432, E0433.
[INFO] [stdout] 
[INFO] [stdout] For more information about an error, try `rustc --explain E0405`.
[INFO] [stdout] 
[INFO] [stderr] error: build failed
[INFO] running `Command { std: "docker" "inspect" "b881e6965be5c5c9e08b39e7bfd0564e00dc933142b8fda50ab4d437878eb090", kill_on_drop: false }`
[INFO] running `Command { std: "docker" "rm" "-f" "b881e6965be5c5c9e08b39e7bfd0564e00dc933142b8fda50ab4d437878eb090", kill_on_drop: false }`
[INFO] [stdout] b881e6965be5c5c9e08b39e7bfd0564e00dc933142b8fda50ab4d437878eb090
