[INFO] fetching crate em 0.3.0...
[INFO] checking em-0.3.0 against 1.55.0 for beta-1.56-3
[INFO] extracting crate em 0.3.0 into /workspace/builds/worker-11/source
[INFO] validating manifest of crates.io crate em 0.3.0 on toolchain 1.55.0
[INFO] running `Command { std: "/workspace/cargo-home/bin/cargo" "+1.55.0" "metadata" "--manifest-path" "Cargo.toml" "--no-deps", kill_on_drop: false }`
[INFO] started tweaking crates.io crate em 0.3.0
[INFO] finished tweaking crates.io crate em 0.3.0
[INFO] tweaked toml for crates.io crate em 0.3.0 written to /workspace/builds/worker-11/source/Cargo.toml
[INFO] running `Command { std: "/workspace/cargo-home/bin/cargo" "+1.55.0" "generate-lockfile" "--manifest-path" "Cargo.toml" "-Zno-index-update", kill_on_drop: false }`
[INFO] [stderr]     Blocking waiting for file lock on package cache
[INFO] running `Command { std: "/workspace/cargo-home/bin/cargo" "+1.55.0" "fetch" "--manifest-path" "Cargo.toml", kill_on_drop: false }`
[INFO] [stderr]     Blocking waiting for file lock on package cache
[INFO] [stderr]     Blocking waiting for file lock on package cache
[INFO] running `Command { std: "docker" "create" "-v" "/var/lib/crater-agent-workspace/builds/worker-11/target:/opt/rustwide/target:rw,Z" "-v" "/var/lib/crater-agent-workspace/builds/worker-11/source:/opt/rustwide/workdir:ro,Z" "-v" "/var/lib/crater-agent-workspace/cargo-home:/opt/rustwide/cargo-home:ro,Z" "-v" "/var/lib/crater-agent-workspace/rustup-home:/opt/rustwide/rustup-home:ro,Z" "-e" "SOURCE_DIR=/opt/rustwide/workdir" "-e" "CARGO_TARGET_DIR=/opt/rustwide/target" "-e" "CARGO_HOME=/opt/rustwide/cargo-home" "-e" "RUSTUP_HOME=/opt/rustwide/rustup-home" "-w" "/opt/rustwide/workdir" "-m" "1610612736" "--user" "0:0" "--network" "none" "ghcr.io/rust-lang/crates-build-env/linux@sha256:a89201d6b5b9fd45c15d5952ece0a0129e7e80cb26ec023fd59cf09bc26f1604" "/opt/rustwide/cargo-home/bin/cargo" "+1.55.0" "metadata" "--no-deps" "--format-version=1", kill_on_drop: false }`
[INFO] [stderr] WARNING: Your kernel does not support swap limit capabilities or the cgroup is not mounted. Memory limited without swap.
[INFO] [stdout] 71d84c569f0265fe24a92bdc560103b017b91f2d65749187940597e442219157
[INFO] running `Command { std: "docker" "start" "-a" "71d84c569f0265fe24a92bdc560103b017b91f2d65749187940597e442219157", kill_on_drop: false }`
[INFO] running `Command { std: "docker" "inspect" "71d84c569f0265fe24a92bdc560103b017b91f2d65749187940597e442219157", kill_on_drop: false }`
[INFO] running `Command { std: "docker" "rm" "-f" "71d84c569f0265fe24a92bdc560103b017b91f2d65749187940597e442219157", kill_on_drop: false }`
[INFO] [stdout] 71d84c569f0265fe24a92bdc560103b017b91f2d65749187940597e442219157
[INFO] running `Command { std: "docker" "create" "-v" "/var/lib/crater-agent-workspace/builds/worker-11/target:/opt/rustwide/target:rw,Z" "-v" "/var/lib/crater-agent-workspace/builds/worker-11/source:/opt/rustwide/workdir:ro,Z" "-v" "/var/lib/crater-agent-workspace/cargo-home:/opt/rustwide/cargo-home:ro,Z" "-v" "/var/lib/crater-agent-workspace/rustup-home:/opt/rustwide/rustup-home:ro,Z" "-e" "SOURCE_DIR=/opt/rustwide/workdir" "-e" "CARGO_TARGET_DIR=/opt/rustwide/target" "-e" "CARGO_INCREMENTAL=0" "-e" "RUST_BACKTRACE=full" "-e" "RUSTFLAGS=--cap-lints=warn" "-e" "CARGO_HOME=/opt/rustwide/cargo-home" "-e" "RUSTUP_HOME=/opt/rustwide/rustup-home" "-w" "/opt/rustwide/workdir" "-m" "1610612736" "--user" "0:0" "--network" "none" "ghcr.io/rust-lang/crates-build-env/linux@sha256:a89201d6b5b9fd45c15d5952ece0a0129e7e80cb26ec023fd59cf09bc26f1604" "/opt/rustwide/cargo-home/bin/cargo" "+1.55.0" "check" "--frozen" "--all" "--all-targets" "--message-format=json", kill_on_drop: false }`
[INFO] [stderr] WARNING: Your kernel does not support swap limit capabilities or the cgroup is not mounted. Memory limited without swap.
[INFO] [stdout] 71f5dd463b0d6648ef7119abb81e1cf65f767a8d8010706337a8b8c6d1c503db
[INFO] running `Command { std: "docker" "start" "-a" "71f5dd463b0d6648ef7119abb81e1cf65f767a8d8010706337a8b8c6d1c503db", kill_on_drop: false }`
[INFO] [stderr]    Compiling cl-sys v0.4.2
[INFO] [stderr]     Checking nodrop v0.1.14
[INFO] [stderr]    Compiling ocl-core v0.11.2
[INFO] [stderr]    Compiling synstructure v0.12.6
[INFO] [stderr]     Checking enum_primitive v0.1.1
[INFO] [stderr]    Compiling emu_macro v0.1.0
[INFO] [stderr]     Checking crossbeam v0.7.3
[INFO] [stderr]     Checking ocl-core-vector v0.1.0
[INFO] [stderr]     Checking qutex v0.2.3
[INFO] [stdout] error[E0433]: failed to resolve: could not find `__rt` in `quote`
[INFO] [stdout]    --> /opt/rustwide/cargo-home/registry/src/github.com-1ecc6299db9ec823/emu_macro-0.1.0/src/accelerating.rs:123:72
[INFO] [stdout]     |
[INFO] [stdout] 123 | ...                   .is_ident(&Ident::new("load", quote::__rt::Span::call_site()))
[INFO] [stdout]     |                                                                  ^^^^ not found in `quote::__rt`
[INFO] [stdout]     |
[INFO] [stdout] help: consider importing one of these items
[INFO] [stdout]     |
[INFO] [stdout] 3   | use crate::Span;
[INFO] [stdout]     |
[INFO] [stdout] 3   | use crate::__private::Span;
[INFO] [stdout]     |
[INFO] [stdout] 3   | use proc_macro2::Span;
[INFO] [stdout]     |
[INFO] [stdout] 3   | use proc_macro::Span;
[INFO] [stdout]     |
[INFO] [stdout]       and 3 other candidates
[INFO] [stdout] 
[INFO] [stdout] 
[INFO] [stdout] error[E0433]: failed to resolve: could not find `__rt` in `quote`
[INFO] [stdout]    --> /opt/rustwide/cargo-home/registry/src/github.com-1ecc6299db9ec823/emu_macro-0.1.0/src/accelerating.rs:169:72
[INFO] [stdout]     |
[INFO] [stdout] 169 | ...                   .is_ident(&Ident::new("read", quote::__rt::Span::call_site()))
[INFO] [stdout]     |                                                                  ^^^^ not found in `quote::__rt`
[INFO] [stdout]     |
[INFO] [stdout] help: consider importing one of these items
[INFO] [stdout]     |
[INFO] [stdout] 3   | use crate::Span;
[INFO] [stdout]     |
[INFO] [stdout] 3   | use crate::__private::Span;
[INFO] [stdout]     |
[INFO] [stdout] 3   | use proc_macro2::Span;
[INFO] [stdout]     |
[INFO] [stdout] 3   | use proc_macro::Span;
[INFO] [stdout]     |
[INFO] [stdout]       and 3 other candidates
[INFO] [stdout] 
[INFO] [stdout] 
[INFO] [stdout] error[E0433]: failed to resolve: could not find `__rt` in `quote`
[INFO] [stdout]    --> /opt/rustwide/cargo-home/registry/src/github.com-1ecc6299db9ec823/emu_macro-0.1.0/src/accelerating.rs:193:74
[INFO] [stdout]     |
[INFO] [stdout] 193 | ...                   .is_ident(&Ident::new("launch", quote::__rt::Span::call_site()))
[INFO] [stdout]     |                                                                    ^^^^ not found in `quote::__rt`
[INFO] [stdout]     |
[INFO] [stdout] help: consider importing one of these items
[INFO] [stdout]     |
[INFO] [stdout] 3   | use crate::Span;
[INFO] [stdout]     |
[INFO] [stdout] 3   | use crate::__private::Span;
[INFO] [stdout]     |
[INFO] [stdout] 3   | use proc_macro2::Span;
[INFO] [stdout]     |
[INFO] [stdout] 3   | use proc_macro::Span;
[INFO] [stdout]     |
[INFO] [stdout]       and 3 other candidates
[INFO] [stdout] 
[INFO] [stdout] 
[INFO] [stdout] error[E0433]: failed to resolve: could not find `__rt` in `quote`
[INFO] [stdout]    --> /opt/rustwide/cargo-home/registry/src/github.com-1ecc6299db9ec823/emu_macro-0.1.0/src/accelerating.rs:259:70
[INFO] [stdout]     |
[INFO] [stdout] 259 |                     let ident = Ident::new(&param.name, quote::__rt::Span::call_site());
[INFO] [stdout]     |                                                                      ^^^^ not found in `quote::__rt`
[INFO] [stdout]     |
[INFO] [stdout] help: consider importing one of these items
[INFO] [stdout]     |
[INFO] [stdout] 3   | use crate::Span;
[INFO] [stdout]     |
[INFO] [stdout] 3   | use crate::__private::Span;
[INFO] [stdout]     |
[INFO] [stdout] 3   | use proc_macro2::Span;
[INFO] [stdout]     |
[INFO] [stdout] 3   | use proc_macro::Span;
[INFO] [stdout]     |
[INFO] [stdout]       and 3 other candidates
[INFO] [stdout] 
[INFO] [stdout] 
[INFO] [stdout] error[E0277]: the trait bound `syn::Expr: From<TokenStream2>` is not satisfied
[INFO] [stdout]    --> /opt/rustwide/cargo-home/registry/src/github.com-1ecc6299db9ec823/emu_macro-0.1.0/src/passing.rs:337:50
[INFO] [stdout]     |
[INFO] [stdout] 337 |                     let gpu_ident = quote! {gpu}.into();
[INFO] [stdout]     |                                                  ^^^^ the trait `From<TokenStream2>` is not implemented for `syn::Expr`
[INFO] [stdout]     |
[INFO] [stdout]     = help: the following implementations were found:
[INFO] [stdout]               <syn::Expr as From<ExprArray>>
[INFO] [stdout]               <syn::Expr as From<ExprAssign>>
[INFO] [stdout]               <syn::Expr as From<ExprAssignOp>>
[INFO] [stdout]               <syn::Expr as From<ExprAsync>>
[INFO] [stdout]             and 35 others
[INFO] [stdout]     = note: required because of the requirements on the impl of `Into<syn::Expr>` for `TokenStream2`
[INFO] [stdout] 
[INFO] [stdout] 
[INFO] [stdout] error: aborting due to 5 previous errors
[INFO] [stdout] 
[INFO] [stdout] 
[INFO] [stdout] Some errors have detailed explanations: E0277, E0433.
[INFO] [stdout] 
[INFO] [stdout] For more information about an error, try `rustc --explain E0277`.
[INFO] [stdout] 
[INFO] [stderr] error: could not compile `emu_macro` due to 6 previous errors
[INFO] [stderr] warning: build failed, waiting for other jobs to finish...
[INFO] [stderr] error: build failed
[INFO] running `Command { std: "docker" "inspect" "71f5dd463b0d6648ef7119abb81e1cf65f767a8d8010706337a8b8c6d1c503db", kill_on_drop: false }`
[INFO] running `Command { std: "docker" "rm" "-f" "71f5dd463b0d6648ef7119abb81e1cf65f767a8d8010706337a8b8c6d1c503db", kill_on_drop: false }`
[INFO] [stdout] 71f5dd463b0d6648ef7119abb81e1cf65f767a8d8010706337a8b8c6d1c503db
