[INFO] fetching crate em-app 0.2.0...
[INFO] checking em-app-0.2.0 against 1.55.0 for beta-1.56-3
[INFO] extracting crate em-app 0.2.0 into /workspace/builds/worker-7/source
[INFO] validating manifest of crates.io crate em-app 0.2.0 on toolchain 1.55.0
[INFO] running `Command { std: "/workspace/cargo-home/bin/cargo" "+1.55.0" "metadata" "--manifest-path" "Cargo.toml" "--no-deps", kill_on_drop: false }`
[INFO] removed /workspace/builds/worker-7/source/.cargo/config
[INFO] started tweaking crates.io crate em-app 0.2.0
[INFO] finished tweaking crates.io crate em-app 0.2.0
[INFO] tweaked toml for crates.io crate em-app 0.2.0 written to /workspace/builds/worker-7/source/Cargo.toml
[INFO] running `Command { std: "/workspace/cargo-home/bin/cargo" "+1.55.0" "generate-lockfile" "--manifest-path" "Cargo.toml" "-Zno-index-update", kill_on_drop: false }`
[INFO] running `Command { std: "/workspace/cargo-home/bin/cargo" "+1.55.0" "fetch" "--manifest-path" "Cargo.toml", kill_on_drop: false }`
[INFO] [stderr]     Blocking waiting for file lock on package cache
[INFO] running `Command { std: "docker" "create" "-v" "/var/lib/crater-agent-workspace/builds/worker-7/target:/opt/rustwide/target:rw,Z" "-v" "/var/lib/crater-agent-workspace/builds/worker-7/source:/opt/rustwide/workdir:ro,Z" "-v" "/var/lib/crater-agent-workspace/cargo-home:/opt/rustwide/cargo-home:ro,Z" "-v" "/var/lib/crater-agent-workspace/rustup-home:/opt/rustwide/rustup-home:ro,Z" "-e" "SOURCE_DIR=/opt/rustwide/workdir" "-e" "CARGO_TARGET_DIR=/opt/rustwide/target" "-e" "CARGO_HOME=/opt/rustwide/cargo-home" "-e" "RUSTUP_HOME=/opt/rustwide/rustup-home" "-w" "/opt/rustwide/workdir" "-m" "1610612736" "--user" "0:0" "--network" "none" "ghcr.io/rust-lang/crates-build-env/linux@sha256:a89201d6b5b9fd45c15d5952ece0a0129e7e80cb26ec023fd59cf09bc26f1604" "/opt/rustwide/cargo-home/bin/cargo" "+1.55.0" "metadata" "--no-deps" "--format-version=1", kill_on_drop: false }`
[INFO] [stdout] 2e70c67e60fe530ecf5a89a9e8d246bc5207b46d08a2735c925d9feef5905188
[INFO] [stderr] WARNING: Your kernel does not support swap limit capabilities or the cgroup is not mounted. Memory limited without swap.
[INFO] running `Command { std: "docker" "start" "-a" "2e70c67e60fe530ecf5a89a9e8d246bc5207b46d08a2735c925d9feef5905188", kill_on_drop: false }`
[INFO] running `Command { std: "docker" "inspect" "2e70c67e60fe530ecf5a89a9e8d246bc5207b46d08a2735c925d9feef5905188", kill_on_drop: false }`
[INFO] running `Command { std: "docker" "rm" "-f" "2e70c67e60fe530ecf5a89a9e8d246bc5207b46d08a2735c925d9feef5905188", kill_on_drop: false }`
[INFO] [stdout] 2e70c67e60fe530ecf5a89a9e8d246bc5207b46d08a2735c925d9feef5905188
[INFO] running `Command { std: "docker" "create" "-v" "/var/lib/crater-agent-workspace/builds/worker-7/target:/opt/rustwide/target:rw,Z" "-v" "/var/lib/crater-agent-workspace/builds/worker-7/source:/opt/rustwide/workdir:ro,Z" "-v" "/var/lib/crater-agent-workspace/cargo-home:/opt/rustwide/cargo-home:ro,Z" "-v" "/var/lib/crater-agent-workspace/rustup-home:/opt/rustwide/rustup-home:ro,Z" "-e" "SOURCE_DIR=/opt/rustwide/workdir" "-e" "CARGO_TARGET_DIR=/opt/rustwide/target" "-e" "CARGO_INCREMENTAL=0" "-e" "RUST_BACKTRACE=full" "-e" "RUSTFLAGS=--cap-lints=warn" "-e" "CARGO_HOME=/opt/rustwide/cargo-home" "-e" "RUSTUP_HOME=/opt/rustwide/rustup-home" "-w" "/opt/rustwide/workdir" "-m" "1610612736" "--user" "0:0" "--network" "none" "ghcr.io/rust-lang/crates-build-env/linux@sha256:a89201d6b5b9fd45c15d5952ece0a0129e7e80cb26ec023fd59cf09bc26f1604" "/opt/rustwide/cargo-home/bin/cargo" "+1.55.0" "check" "--frozen" "--all" "--all-targets" "--message-format=json", kill_on_drop: false }`
[INFO] [stdout] 3ddb90e868fc522ae821a9e3b924fc2ae8f2bc3fb5a3d341e30340c74d7ac65a
[INFO] [stderr] WARNING: Your kernel does not support swap limit capabilities or the cgroup is not mounted. Memory limited without swap.
[INFO] running `Command { std: "docker" "start" "-a" "3ddb90e868fc522ae821a9e3b924fc2ae8f2bc3fb5a3d341e30340c74d7ac65a", kill_on_drop: false }`
[INFO] [stderr]    Compiling bindgen v0.58.1
[INFO] [stderr]     Checking bit-vec v0.6.3
[INFO] [stderr]     Checking bit-vec v0.5.1
[INFO] [stderr]     Checking b64-ct v0.1.1
[INFO] [stderr]    Compiling mbedtls v0.7.1
[INFO] [stderr]     Checking sgx-isa v0.3.3
[INFO] [stderr]     Checking serde_ignored v0.0.4
[INFO] [stderr]     Checking serde_bytes v0.10.5
[INFO] [stderr]    Compiling nom v5.1.2
[INFO] [stderr]     Checking num-bigint v0.2.6
[INFO] [stderr]     Checking chrono v0.4.19
[INFO] [stderr]     Checking uuid v0.6.5
[INFO] [stderr]     Checking mime v0.2.6
[INFO] [stderr]     Checking hyper v0.10.16
[INFO] [stderr]     Checking yasna v0.3.2
[INFO] [stderr]     Checking yasna v0.2.2
[INFO] [stderr]     Checking pkix v0.1.1
[INFO] [stderr]    Compiling cexpr v0.4.0
[INFO] [stderr]     Checking em-node-agent-client v1.0.0
[INFO] [stderr]     Checking sgx_pkix v0.1.1
[INFO] [stderr]    Compiling mbedtls-sys-auto v2.26.1
[INFO] [stderr]     Checking em-app v0.2.0 (/opt/rustwide/workdir)
[INFO] [stdout] error[E0599]: no function or associated item named `for_target` found for struct `sgx_isa::Report` in the current scope
[INFO] [stdout]    --> src/lib.rs:203:25
[INFO] [stdout]     |
[INFO] [stdout] 203 |     Ok(sgx_isa::Report::for_target(&target_info, &data))        
[INFO] [stdout]     |                         ^^^^^^^^^^ function or associated item not found in `sgx_isa::Report`
[INFO] [stdout] 
[INFO] [stdout] 
[INFO] [stdout] error[E0599]: no method named `verify` found for struct `sgx_isa::Report` in the current scope
[INFO] [stdout]    --> src/lib.rs:239:19
[INFO] [stdout]     |
[INFO] [stdout] 239 |     if !qe_report.verify(|key, in_data, out_data| {
[INFO] [stdout]     |                   ^^^^^^ method not found in `sgx_isa::Report`
[INFO] [stdout] 
[INFO] [stdout] 
[INFO] [stdout] error: aborting due to 2 previous errors
[INFO] [stdout] 
[INFO] [stdout] 
[INFO] [stdout] For more information about this error, try `rustc --explain E0599`.
[INFO] [stdout] 
[INFO] [stdout] error[E0599]: no function or associated item named `for_target` found for struct `sgx_isa::Report` in the current scope
[INFO] [stdout]    --> src/lib.rs:203:25
[INFO] [stdout]     |
[INFO] [stdout] 203 |     Ok(sgx_isa::Report::for_target(&target_info, &data))        
[INFO] [stdout]     |                         ^^^^^^^^^^ function or associated item not found in `sgx_isa::Report`
[INFO] [stdout] 
[INFO] [stdout] 
[INFO] [stderr] error: could not compile `em-app` due to 3 previous errors
[INFO] [stderr] warning: build failed, waiting for other jobs to finish...
[INFO] [stdout] error[E0599]: no method named `verify` found for struct `sgx_isa::Report` in the current scope
[INFO] [stdout]    --> src/lib.rs:239:19
[INFO] [stdout]     |
[INFO] [stdout] 239 |     if !qe_report.verify(|key, in_data, out_data| {
[INFO] [stdout]     |                   ^^^^^^ method not found in `sgx_isa::Report`
[INFO] [stdout] 
[INFO] [stdout] 
[INFO] [stdout] error: aborting due to 2 previous errors
[INFO] [stdout] 
[INFO] [stdout] 
[INFO] [stdout] For more information about this error, try `rustc --explain E0599`.
[INFO] [stdout] 
[INFO] [stderr] error: build failed
[INFO] running `Command { std: "docker" "inspect" "3ddb90e868fc522ae821a9e3b924fc2ae8f2bc3fb5a3d341e30340c74d7ac65a", kill_on_drop: false }`
[INFO] running `Command { std: "docker" "rm" "-f" "3ddb90e868fc522ae821a9e3b924fc2ae8f2bc3fb5a3d341e30340c74d7ac65a", kill_on_drop: false }`
[INFO] [stdout] 3ddb90e868fc522ae821a9e3b924fc2ae8f2bc3fb5a3d341e30340c74d7ac65a
