[INFO] fetching crate edgedb-derive 0.2.0...
[INFO] checking edgedb-derive-0.2.0 against 1.55.0 for beta-1.56-3
[INFO] extracting crate edgedb-derive 0.2.0 into /workspace/builds/worker-8/source
[INFO] validating manifest of crates.io crate edgedb-derive 0.2.0 on toolchain 1.55.0
[INFO] running `Command { std: "/workspace/cargo-home/bin/cargo" "+1.55.0" "metadata" "--manifest-path" "Cargo.toml" "--no-deps", kill_on_drop: false }`
[INFO] started tweaking crates.io crate edgedb-derive 0.2.0
[INFO] finished tweaking crates.io crate edgedb-derive 0.2.0
[INFO] tweaked toml for crates.io crate edgedb-derive 0.2.0 written to /workspace/builds/worker-8/source/Cargo.toml
[INFO] running `Command { std: "/workspace/cargo-home/bin/cargo" "+1.55.0" "generate-lockfile" "--manifest-path" "Cargo.toml" "-Zno-index-update", kill_on_drop: false }`
[INFO] running `Command { std: "/workspace/cargo-home/bin/cargo" "+1.55.0" "fetch" "--manifest-path" "Cargo.toml", kill_on_drop: false }`
[INFO] running `Command { std: "docker" "create" "-v" "/var/lib/crater-agent-workspace/builds/worker-8/target:/opt/rustwide/target:rw,Z" "-v" "/var/lib/crater-agent-workspace/builds/worker-8/source:/opt/rustwide/workdir:ro,Z" "-v" "/var/lib/crater-agent-workspace/cargo-home:/opt/rustwide/cargo-home:ro,Z" "-v" "/var/lib/crater-agent-workspace/rustup-home:/opt/rustwide/rustup-home:ro,Z" "-e" "SOURCE_DIR=/opt/rustwide/workdir" "-e" "CARGO_TARGET_DIR=/opt/rustwide/target" "-e" "CARGO_HOME=/opt/rustwide/cargo-home" "-e" "RUSTUP_HOME=/opt/rustwide/rustup-home" "-w" "/opt/rustwide/workdir" "-m" "1610612736" "--user" "0:0" "--network" "none" "ghcr.io/rust-lang/crates-build-env/linux@sha256:a89201d6b5b9fd45c15d5952ece0a0129e7e80cb26ec023fd59cf09bc26f1604" "/opt/rustwide/cargo-home/bin/cargo" "+1.55.0" "metadata" "--no-deps" "--format-version=1", kill_on_drop: false }`
[INFO] [stdout] fe0c7f67aa9380f714720fc4a9be5d83c235f21e3e53c600ba93b5a7480e9d6b
[INFO] [stderr] WARNING: Your kernel does not support swap limit capabilities or the cgroup is not mounted. Memory limited without swap.
[INFO] running `Command { std: "docker" "start" "-a" "fe0c7f67aa9380f714720fc4a9be5d83c235f21e3e53c600ba93b5a7480e9d6b", kill_on_drop: false }`
[INFO] running `Command { std: "docker" "inspect" "fe0c7f67aa9380f714720fc4a9be5d83c235f21e3e53c600ba93b5a7480e9d6b", kill_on_drop: false }`
[INFO] running `Command { std: "docker" "rm" "-f" "fe0c7f67aa9380f714720fc4a9be5d83c235f21e3e53c600ba93b5a7480e9d6b", kill_on_drop: false }`
[INFO] [stdout] fe0c7f67aa9380f714720fc4a9be5d83c235f21e3e53c600ba93b5a7480e9d6b
[INFO] running `Command { std: "docker" "create" "-v" "/var/lib/crater-agent-workspace/builds/worker-8/target:/opt/rustwide/target:rw,Z" "-v" "/var/lib/crater-agent-workspace/builds/worker-8/source:/opt/rustwide/workdir:ro,Z" "-v" "/var/lib/crater-agent-workspace/cargo-home:/opt/rustwide/cargo-home:ro,Z" "-v" "/var/lib/crater-agent-workspace/rustup-home:/opt/rustwide/rustup-home:ro,Z" "-e" "SOURCE_DIR=/opt/rustwide/workdir" "-e" "CARGO_TARGET_DIR=/opt/rustwide/target" "-e" "CARGO_INCREMENTAL=0" "-e" "RUST_BACKTRACE=full" "-e" "RUSTFLAGS=--cap-lints=warn" "-e" "CARGO_HOME=/opt/rustwide/cargo-home" "-e" "RUSTUP_HOME=/opt/rustwide/rustup-home" "-w" "/opt/rustwide/workdir" "-m" "1610612736" "--user" "0:0" "--network" "none" "ghcr.io/rust-lang/crates-build-env/linux@sha256:a89201d6b5b9fd45c15d5952ece0a0129e7e80cb26ec023fd59cf09bc26f1604" "/opt/rustwide/cargo-home/bin/cargo" "+1.55.0" "check" "--frozen" "--all" "--all-targets" "--message-format=json", kill_on_drop: false }`
[INFO] [stdout] 8ecf7d2e1872fabff8b694058eeef582aaf5d07df58935dbfd6f058c17830858
[INFO] [stderr] WARNING: Your kernel does not support swap limit capabilities or the cgroup is not mounted. Memory limited without swap.
[INFO] running `Command { std: "docker" "start" "-a" "8ecf7d2e1872fabff8b694058eeef582aaf5d07df58935dbfd6f058c17830858", kill_on_drop: false }`
[INFO] [stderr]    Compiling itoa v0.4.8
[INFO] [stderr]    Compiling serde_derive v1.0.130
[INFO] [stderr]     Checking serde v1.0.130
[INFO] [stderr]    Compiling toml v0.5.8
[INFO] [stderr]    Compiling serde_json v1.0.68
[INFO] [stderr]     Checking trybuild v1.0.50
[INFO] [stderr]     Checking edgedb-derive v0.2.0 (/opt/rustwide/workdir)
[INFO] [stdout] error[E0433]: failed to resolve: use of undeclared crate or module `edgedb_protocol`
[INFO] [stdout]  --> tests/list_scalar_types.rs:2:5
[INFO] [stdout]   |
[INFO] [stdout] 2 | use edgedb_protocol::queryable::{Queryable, Decoder};
[INFO] [stdout]   |     ^^^^^^^^^^^^^^^ use of undeclared crate or module `edgedb_protocol`
[INFO] [stdout] 
[INFO] [stdout] 
[INFO] [stdout] error[E0433]: failed to resolve: could not find `edgedb_protocol` in the list of imported crates
[INFO] [stdout]  --> tests/list_scalar_types.rs:4:10
[INFO] [stdout]   |
[INFO] [stdout] 4 | #[derive(Queryable, Debug, PartialEq)]
[INFO] [stdout]   |          ^^^^^^^^^ could not find `edgedb_protocol` in the list of imported crates
[INFO] [stdout]   |
[INFO] [stdout]   = note: this error originates in the derive macro `Queryable` (in Nightly builds, run with -Z macro-backtrace for more info)
[INFO] [stdout] 
[INFO] [stdout] 
[INFO] [stdout] error[E0433]: failed to resolve: use of undeclared crate or module `edgedb_protocol`
[INFO] [stdout]  --> tests/json.rs:2:5
[INFO] [stdout]   |
[INFO] [stdout] 2 | use edgedb_protocol::queryable::{Queryable, Decoder};
[INFO] [stdout]   |     ^^^^^^^^^^^^^^^ use of undeclared crate or module `edgedb_protocol`
[INFO] [stdout] 
[INFO] [stdout] 
[INFO] [stdout] error[E0433]: failed to resolve: could not find `edgedb_protocol` in the list of imported crates
[INFO] [stdout]   --> tests/json.rs:11:10
[INFO] [stdout]    |
[INFO] [stdout] 11 | #[derive(Queryable, Debug, PartialEq)]
[INFO] [stdout]    |          ^^^^^^^^^ could not find `edgedb_protocol` in the list of imported crates
[INFO] [stdout]    |
[INFO] [stdout]    = note: this error originates in the derive macro `Queryable` (in Nightly builds, run with -Z macro-backtrace for more info)
[INFO] [stdout] 
[INFO] [stdout] 
[INFO] [stdout] error[E0433]: failed to resolve: use of undeclared type `Decoder`
[INFO] [stdout]   --> tests/list_scalar_types.rs:12:19
[INFO] [stdout]    |
[INFO] [stdout] 12 |     let mut dec = Decoder::default();
[INFO] [stdout]    |                   ^^^^^^^ use of undeclared type `Decoder`
[INFO] [stdout] 
[INFO] [stdout] 
[INFO] [stdout] error[E0433]: failed to resolve: use of undeclared type `Decoder`
[INFO] [stdout]   --> tests/list_scalar_types.rs:22:35
[INFO] [stdout]    |
[INFO] [stdout] 22 |     let res = ScalarType::decode(&Decoder::default(), data);
[INFO] [stdout]    |                                   ^^^^^^^ use of undeclared type `Decoder`
[INFO] [stdout] 
[INFO] [stdout] 
[INFO] [stdout] error[E0531]: cannot find tuple struct or tuple variant `ObjectShape` in this scope
[INFO] [stdout]  --> tests/list_scalar_types.rs:4:10
[INFO] [stdout]   |
[INFO] [stdout] 4 | #[derive(Queryable, Debug, PartialEq)]
[INFO] [stdout]   |          ^^^^^^^^^ not found in this scope
[INFO] [stdout]   |
[INFO] [stdout]   = note: this error originates in the derive macro `Queryable` (in Nightly builds, run with -Z macro-backtrace for more info)
[INFO] [stdout] 
[INFO] [stdout] 
[INFO] [stdout] error[E0412]: cannot find type `Decoder` in this scope
[INFO] [stdout]   --> tests/list_scalar_types.rs:11:21
[INFO] [stdout]    |
[INFO] [stdout] 11 | fn old_decoder() -> Decoder {
[INFO] [stdout]    |                     ^^^^^^^ not found in this scope
[INFO] [stdout] 
[INFO] [stdout] 
[INFO] [stdout] error: aborting due to 6 previous errors
[INFO] [stdout] 
[INFO] [stdout] 
[INFO] [stdout] Some errors have detailed explanations: E0412, E0433, E0531.
[INFO] [stdout] 
[INFO] [stdout] For more information about an error, try `rustc --explain E0412`.
[INFO] [stdout] 
[INFO] [stderr] error: could not compile `edgedb-derive` due to 7 previous errors
[INFO] [stderr] warning: build failed, waiting for other jobs to finish...
[INFO] [stdout] error[E0433]: failed to resolve: could not find `edgedb_protocol` in the list of imported crates
[INFO] [stdout]   --> tests/json.rs:18:10
[INFO] [stdout]    |
[INFO] [stdout] 18 | #[derive(Queryable, Deserialize, Debug, PartialEq)]
[INFO] [stdout]    |          ^^^^^^^^^ could not find `edgedb_protocol` in the list of imported crates
[INFO] [stdout]    |
[INFO] [stdout]    = note: this error originates in the derive macro `Queryable` (in Nightly builds, run with -Z macro-backtrace for more info)
[INFO] [stdout] 
[INFO] [stdout] 
[INFO] [stdout] error[E0433]: failed to resolve: use of undeclared type `Decoder`
[INFO] [stdout]   --> tests/json.rs:25:19
[INFO] [stdout]    |
[INFO] [stdout] 25 |     let mut dec = Decoder::default();
[INFO] [stdout]    |                   ^^^^^^^ use of undeclared type `Decoder`
[INFO] [stdout] 
[INFO] [stdout] 
[INFO] [stdout] error[E0531]: cannot find tuple struct or tuple variant `ObjectShape` in this scope
[INFO] [stdout]   --> tests/json.rs:11:10
[INFO] [stdout]    |
[INFO] [stdout] 11 | #[derive(Queryable, Debug, PartialEq)]
[INFO] [stdout]    |          ^^^^^^^^^ not found in this scope
[INFO] [stdout]    |
[INFO] [stdout]    = note: this error originates in the derive macro `Queryable` (in Nightly builds, run with -Z macro-backtrace for more info)
[INFO] [stdout] 
[INFO] [stdout] 
[INFO] [stdout] error[E0412]: cannot find type `Decoder` in this scope
[INFO] [stdout]   --> tests/json.rs:24:21
[INFO] [stdout]    |
[INFO] [stdout] 24 | fn old_decoder() -> Decoder {
[INFO] [stdout]    |                     ^^^^^^^ not found in this scope
[INFO] [stdout] 
[INFO] [stdout] 
[INFO] [stdout] error: aborting due to 6 previous errors
[INFO] [stdout] 
[INFO] [stdout] 
[INFO] [stdout] Some errors have detailed explanations: E0412, E0433, E0531.
[INFO] [stdout] 
[INFO] [stdout] For more information about an error, try `rustc --explain E0412`.
[INFO] [stdout] 
[INFO] [stderr] error: build failed
[INFO] running `Command { std: "docker" "inspect" "8ecf7d2e1872fabff8b694058eeef582aaf5d07df58935dbfd6f058c17830858", kill_on_drop: false }`
[INFO] running `Command { std: "docker" "rm" "-f" "8ecf7d2e1872fabff8b694058eeef582aaf5d07df58935dbfd6f058c17830858", kill_on_drop: false }`
[INFO] [stdout] 8ecf7d2e1872fabff8b694058eeef582aaf5d07df58935dbfd6f058c17830858
