[INFO] fetching crate dynlib 0.1.0...
[INFO] checking dynlib-0.1.0 against 1.55.0 for beta-1.56-3
[INFO] extracting crate dynlib 0.1.0 into /workspace/builds/worker-0/source
[INFO] validating manifest of crates.io crate dynlib 0.1.0 on toolchain 1.55.0
[INFO] running `Command { std: "/workspace/cargo-home/bin/cargo" "+1.55.0" "metadata" "--manifest-path" "Cargo.toml" "--no-deps", kill_on_drop: false }`
[INFO] started tweaking crates.io crate dynlib 0.1.0
[INFO] finished tweaking crates.io crate dynlib 0.1.0
[INFO] tweaked toml for crates.io crate dynlib 0.1.0 written to /workspace/builds/worker-0/source/Cargo.toml
[INFO] running `Command { std: "/workspace/cargo-home/bin/cargo" "+1.55.0" "generate-lockfile" "--manifest-path" "Cargo.toml" "-Zno-index-update", kill_on_drop: false }`
[INFO] running `Command { std: "/workspace/cargo-home/bin/cargo" "+1.55.0" "fetch" "--manifest-path" "Cargo.toml", kill_on_drop: false }`
[INFO] running `Command { std: "docker" "create" "-v" "/var/lib/crater-agent-workspace/builds/worker-0/target:/opt/rustwide/target:rw,Z" "-v" "/var/lib/crater-agent-workspace/builds/worker-0/source:/opt/rustwide/workdir:ro,Z" "-v" "/var/lib/crater-agent-workspace/cargo-home:/opt/rustwide/cargo-home:ro,Z" "-v" "/var/lib/crater-agent-workspace/rustup-home:/opt/rustwide/rustup-home:ro,Z" "-e" "SOURCE_DIR=/opt/rustwide/workdir" "-e" "CARGO_TARGET_DIR=/opt/rustwide/target" "-e" "CARGO_HOME=/opt/rustwide/cargo-home" "-e" "RUSTUP_HOME=/opt/rustwide/rustup-home" "-w" "/opt/rustwide/workdir" "-m" "1610612736" "--user" "0:0" "--network" "none" "ghcr.io/rust-lang/crates-build-env/linux@sha256:a89201d6b5b9fd45c15d5952ece0a0129e7e80cb26ec023fd59cf09bc26f1604" "/opt/rustwide/cargo-home/bin/cargo" "+1.55.0" "metadata" "--no-deps" "--format-version=1", kill_on_drop: false }`
[INFO] [stdout] 023a43877f0eafce9c610f941e6c665fdf69ddbe63f538d96ae48cc1dafc7359
[INFO] [stderr] WARNING: Your kernel does not support swap limit capabilities or the cgroup is not mounted. Memory limited without swap.
[INFO] running `Command { std: "docker" "start" "-a" "023a43877f0eafce9c610f941e6c665fdf69ddbe63f538d96ae48cc1dafc7359", kill_on_drop: false }`
[INFO] running `Command { std: "docker" "inspect" "023a43877f0eafce9c610f941e6c665fdf69ddbe63f538d96ae48cc1dafc7359", kill_on_drop: false }`
[INFO] running `Command { std: "docker" "rm" "-f" "023a43877f0eafce9c610f941e6c665fdf69ddbe63f538d96ae48cc1dafc7359", kill_on_drop: false }`
[INFO] [stdout] 023a43877f0eafce9c610f941e6c665fdf69ddbe63f538d96ae48cc1dafc7359
[INFO] running `Command { std: "docker" "create" "-v" "/var/lib/crater-agent-workspace/builds/worker-0/target:/opt/rustwide/target:rw,Z" "-v" "/var/lib/crater-agent-workspace/builds/worker-0/source:/opt/rustwide/workdir:ro,Z" "-v" "/var/lib/crater-agent-workspace/cargo-home:/opt/rustwide/cargo-home:ro,Z" "-v" "/var/lib/crater-agent-workspace/rustup-home:/opt/rustwide/rustup-home:ro,Z" "-e" "SOURCE_DIR=/opt/rustwide/workdir" "-e" "CARGO_TARGET_DIR=/opt/rustwide/target" "-e" "CARGO_INCREMENTAL=0" "-e" "RUST_BACKTRACE=full" "-e" "RUSTFLAGS=--cap-lints=warn" "-e" "CARGO_HOME=/opt/rustwide/cargo-home" "-e" "RUSTUP_HOME=/opt/rustwide/rustup-home" "-w" "/opt/rustwide/workdir" "-m" "1610612736" "--user" "0:0" "--network" "none" "ghcr.io/rust-lang/crates-build-env/linux@sha256:a89201d6b5b9fd45c15d5952ece0a0129e7e80cb26ec023fd59cf09bc26f1604" "/opt/rustwide/cargo-home/bin/cargo" "+1.55.0" "check" "--frozen" "--all" "--all-targets" "--message-format=json", kill_on_drop: false }`
[INFO] [stdout] 63eb3b7aca586ea1a05b30000893947cf9f2a22ca9af69d3340566662db8526d
[INFO] [stderr] WARNING: Your kernel does not support swap limit capabilities or the cgroup is not mounted. Memory limited without swap.
[INFO] running `Command { std: "docker" "start" "-a" "63eb3b7aca586ea1a05b30000893947cf9f2a22ca9af69d3340566662db8526d", kill_on_drop: false }`
[INFO] [stderr]     Checking dynlib v0.1.0 (/opt/rustwide/workdir)
[INFO] [stdout] error[E0432]: unresolved import `winapi::minwindef`
[INFO] [stdout]   --> src/lib.rs:45:13
[INFO] [stdout]    |
[INFO] [stdout] 45 | use winapi::minwindef::HMODULE;
[INFO] [stdout]    |             ^^^^^^^^^ could not find `minwindef` in `winapi`
[INFO] [stdout] 
[INFO] [stdout] 
[INFO] [stdout] error[E0432]: unresolved import `winapi::c_void`
[INFO] [stdout]   --> src/lib.rs:46:5
[INFO] [stdout]    |
[INFO] [stdout] 46 | use winapi::c_void;
[INFO] [stdout]    |     ^^^^^^^^^^^^^^ no `c_void` in the root
[INFO] [stdout] 
[INFO] [stdout] 
[INFO] [stdout] error[E0432]: unresolved imports `kernel32::LoadLibraryExA`, `kernel32::GetProcAddress`, `kernel32::FreeLibrary`
[INFO] [stdout]   --> src/lib.rs:47:16
[INFO] [stdout]    |
[INFO] [stdout] 47 | use kernel32::{LoadLibraryExA,GetProcAddress, FreeLibrary};
[INFO] [stdout]    |                ^^^^^^^^^^^^^^ ^^^^^^^^^^^^^^  ^^^^^^^^^^^ no `FreeLibrary` in the root
[INFO] [stdout]    |                |              |
[INFO] [stdout]    |                |              no `GetProcAddress` in the root
[INFO] [stdout]    |                no `LoadLibraryExA` in the root
[INFO] [stdout] 
[INFO] [stdout] 
[INFO] [stdout] error: aborting due to 3 previous errors
[INFO] [stdout] 
[INFO] [stdout] 
[INFO] [stdout] For more information about this error, try `rustc --explain E0432`.
[INFO] [stdout] 
[INFO] [stderr] error: could not compile `dynlib` due to 4 previous errors
[INFO] [stdout] error[E0432]: unresolved import `winapi::minwindef`
[INFO] [stdout]   --> src/lib.rs:45:13
[INFO] [stdout]    |
[INFO] [stdout] 45 | use winapi::minwindef::HMODULE;
[INFO] [stdout]    |             ^^^^^^^^^ could not find `minwindef` in `winapi`
[INFO] [stdout] 
[INFO] [stdout] 
[INFO] [stderr] warning: build failed, waiting for other jobs to finish...
[INFO] [stdout] error[E0432]: unresolved import `winapi::c_void`
[INFO] [stdout]   --> src/lib.rs:46:5
[INFO] [stdout]    |
[INFO] [stdout] 46 | use winapi::c_void;
[INFO] [stdout]    |     ^^^^^^^^^^^^^^ no `c_void` in the root
[INFO] [stdout] 
[INFO] [stdout] 
[INFO] [stdout] error[E0432]: unresolved imports `kernel32::LoadLibraryExA`, `kernel32::GetProcAddress`, `kernel32::FreeLibrary`
[INFO] [stdout]   --> src/lib.rs:47:16
[INFO] [stdout]    |
[INFO] [stdout] 47 | use kernel32::{LoadLibraryExA,GetProcAddress, FreeLibrary};
[INFO] [stdout]    |                ^^^^^^^^^^^^^^ ^^^^^^^^^^^^^^  ^^^^^^^^^^^ no `FreeLibrary` in the root
[INFO] [stdout]    |                |              |
[INFO] [stdout]    |                |              no `GetProcAddress` in the root
[INFO] [stdout]    |                no `LoadLibraryExA` in the root
[INFO] [stdout] 
[INFO] [stdout] 
[INFO] [stdout] error: aborting due to 3 previous errors
[INFO] [stdout] 
[INFO] [stdout] 
[INFO] [stdout] For more information about this error, try `rustc --explain E0432`.
[INFO] [stdout] 
[INFO] [stderr] error: build failed
[INFO] running `Command { std: "docker" "inspect" "63eb3b7aca586ea1a05b30000893947cf9f2a22ca9af69d3340566662db8526d", kill_on_drop: false }`
[INFO] running `Command { std: "docker" "rm" "-f" "63eb3b7aca586ea1a05b30000893947cf9f2a22ca9af69d3340566662db8526d", kill_on_drop: false }`
[INFO] [stdout] 63eb3b7aca586ea1a05b30000893947cf9f2a22ca9af69d3340566662db8526d
