[INFO] fetching crate drone-cortex-m-svd 0.7.0...
[INFO] checking drone-cortex-m-svd-0.7.0 against 1.55.0 for beta-1.56-3
[INFO] extracting crate drone-cortex-m-svd 0.7.0 into /workspace/builds/worker-1/source
[INFO] validating manifest of crates.io crate drone-cortex-m-svd 0.7.0 on toolchain 1.55.0
[INFO] running `Command { std: "/workspace/cargo-home/bin/cargo" "+1.55.0" "metadata" "--manifest-path" "Cargo.toml" "--no-deps", kill_on_drop: false }`
[INFO] started tweaking crates.io crate drone-cortex-m-svd 0.7.0
[INFO] finished tweaking crates.io crate drone-cortex-m-svd 0.7.0
[INFO] tweaked toml for crates.io crate drone-cortex-m-svd 0.7.0 written to /workspace/builds/worker-1/source/Cargo.toml
[INFO] running `Command { std: "/workspace/cargo-home/bin/cargo" "+1.55.0" "generate-lockfile" "--manifest-path" "Cargo.toml" "-Zno-index-update", kill_on_drop: false }`
[INFO] [stderr]     Blocking waiting for file lock on package cache
[INFO] running `Command { std: "/workspace/cargo-home/bin/cargo" "+1.55.0" "fetch" "--manifest-path" "Cargo.toml", kill_on_drop: false }`
[INFO] [stderr]     Blocking waiting for file lock on package cache
[INFO] [stderr]     Blocking waiting for file lock on package cache
[INFO] running `Command { std: "docker" "create" "-v" "/var/lib/crater-agent-workspace/builds/worker-1/target:/opt/rustwide/target:rw,Z" "-v" "/var/lib/crater-agent-workspace/builds/worker-1/source:/opt/rustwide/workdir:ro,Z" "-v" "/var/lib/crater-agent-workspace/cargo-home:/opt/rustwide/cargo-home:ro,Z" "-v" "/var/lib/crater-agent-workspace/rustup-home:/opt/rustwide/rustup-home:ro,Z" "-e" "SOURCE_DIR=/opt/rustwide/workdir" "-e" "CARGO_TARGET_DIR=/opt/rustwide/target" "-e" "CARGO_HOME=/opt/rustwide/cargo-home" "-e" "RUSTUP_HOME=/opt/rustwide/rustup-home" "-w" "/opt/rustwide/workdir" "-m" "1610612736" "--user" "0:0" "--network" "none" "ghcr.io/rust-lang/crates-build-env/linux@sha256:a89201d6b5b9fd45c15d5952ece0a0129e7e80cb26ec023fd59cf09bc26f1604" "/opt/rustwide/cargo-home/bin/cargo" "+1.55.0" "metadata" "--no-deps" "--format-version=1", kill_on_drop: false }`
[INFO] [stdout] f90feb68a7e11e4e9abca4aba34dc665ef78024f91d7e3a98b35424ee51d3d2b
[INFO] running `Command { std: "docker" "start" "-a" "f90feb68a7e11e4e9abca4aba34dc665ef78024f91d7e3a98b35424ee51d3d2b", kill_on_drop: false }`
[INFO] running `Command { std: "docker" "inspect" "f90feb68a7e11e4e9abca4aba34dc665ef78024f91d7e3a98b35424ee51d3d2b", kill_on_drop: false }`
[INFO] running `Command { std: "docker" "rm" "-f" "f90feb68a7e11e4e9abca4aba34dc665ef78024f91d7e3a98b35424ee51d3d2b", kill_on_drop: false }`
[INFO] [stdout] f90feb68a7e11e4e9abca4aba34dc665ef78024f91d7e3a98b35424ee51d3d2b
[INFO] running `Command { std: "docker" "create" "-v" "/var/lib/crater-agent-workspace/builds/worker-1/target:/opt/rustwide/target:rw,Z" "-v" "/var/lib/crater-agent-workspace/builds/worker-1/source:/opt/rustwide/workdir:ro,Z" "-v" "/var/lib/crater-agent-workspace/cargo-home:/opt/rustwide/cargo-home:ro,Z" "-v" "/var/lib/crater-agent-workspace/rustup-home:/opt/rustwide/rustup-home:ro,Z" "-e" "SOURCE_DIR=/opt/rustwide/workdir" "-e" "CARGO_TARGET_DIR=/opt/rustwide/target" "-e" "CARGO_INCREMENTAL=0" "-e" "RUST_BACKTRACE=full" "-e" "RUSTFLAGS=--cap-lints=warn" "-e" "CARGO_HOME=/opt/rustwide/cargo-home" "-e" "RUSTUP_HOME=/opt/rustwide/rustup-home" "-w" "/opt/rustwide/workdir" "-m" "1610612736" "--user" "0:0" "--network" "none" "ghcr.io/rust-lang/crates-build-env/linux@sha256:a89201d6b5b9fd45c15d5952ece0a0129e7e80cb26ec023fd59cf09bc26f1604" "/opt/rustwide/cargo-home/bin/cargo" "+1.55.0" "check" "--frozen" "--all" "--all-targets" "--message-format=json", kill_on_drop: false }`
[INFO] [stdout] 0deb075ac3d05586268acb1bbd4dfdb57c1f19daecc4edbff69c0321d6b60b95
[INFO] running `Command { std: "docker" "start" "-a" "0deb075ac3d05586268acb1bbd4dfdb57c1f19daecc4edbff69c0321d6b60b95", kill_on_drop: false }`
[INFO] [stderr]     Blocking waiting for file lock on package cache
[INFO] [stderr]     Checking bitflags v0.7.0
[INFO] [stderr]     Checking unicode-xid v0.0.4
[INFO] [stderr]     Checking quote v0.3.15
[INFO] [stderr]     Checking log v0.3.9
[INFO] [stderr]     Checking xml-rs v0.3.6
[INFO] [stderr]     Checking synom v0.11.3
[INFO] [stderr]     Checking syn v0.11.11
[INFO] [stderr]     Checking serde-xml-rs v0.2.1
[INFO] [stderr]     Checking drone-cortex-m-svd v0.7.0 (/opt/rustwide/workdir)
[INFO] [stdout] error[E0554]: `#![feature]` may not be used on the stable release channel
[INFO] [stdout]  --> src/lib.rs:4:1
[INFO] [stdout]   |
[INFO] [stdout] 4 | #![feature(range_contains)]
[INFO] [stdout]   | ^^^^^^^^^^^^^^^^^^^^^^^^^^^
[INFO] [stdout] 
[INFO] [stdout] 
[INFO] [stdout] warning: derive helper attribute is used before it is introduced
[INFO] [stdout]   --> src/device.rs:12:3
[INFO] [stdout]    |
[INFO] [stdout] 12 | #[serde(rename_all = "camelCase")]
[INFO] [stdout]    |   ^^^^^
[INFO] [stdout] 13 | #[derive(Deserialize)]
[INFO] [stdout]    |          ----------- the attribute is introduced here
[INFO] [stdout]    |
[INFO] [stdout]    = note: `#[warn(legacy_derive_helpers)]` on by default
[INFO] [stdout]    = warning: this was previously accepted by the compiler but is being phased out; it will become a hard error in a future release!
[INFO] [stdout]    = note: for more information, see issue #79202 <https://github.com/rust-lang/rust/issues/79202>
[INFO] [stdout] 
[INFO] [stdout] 
[INFO] [stdout] warning: derive helper attribute is used before it is introduced
[INFO] [stdout]   --> src/device.rs:18:3
[INFO] [stdout]    |
[INFO] [stdout] 18 | #[serde(rename_all = "camelCase")]
[INFO] [stdout]    |   ^^^^^
[INFO] [stdout] 19 | #[derive(Deserialize)]
[INFO] [stdout]    |          ----------- the attribute is introduced here
[INFO] [stdout]    |
[INFO] [stdout]    = warning: this was previously accepted by the compiler but is being phased out; it will become a hard error in a future release!
[INFO] [stdout]    = note: for more information, see issue #79202 <https://github.com/rust-lang/rust/issues/79202>
[INFO] [stdout] 
[INFO] [stdout] 
[INFO] [stdout] warning: derive helper attribute is used before it is introduced
[INFO] [stdout]   --> src/device.rs:25:3
[INFO] [stdout]    |
[INFO] [stdout] 25 | #[serde(rename_all = "camelCase")]
[INFO] [stdout]    |   ^^^^^
[INFO] [stdout] 26 | #[derive(Deserialize)]
[INFO] [stdout]    |          ----------- the attribute is introduced here
[INFO] [stdout]    |
[INFO] [stdout]    = warning: this was previously accepted by the compiler but is being phased out; it will become a hard error in a future release!
[INFO] [stdout]    = note: for more information, see issue #79202 <https://github.com/rust-lang/rust/issues/79202>
[INFO] [stdout] 
[INFO] [stdout] 
[INFO] [stdout] warning: derive helper attribute is used before it is introduced
[INFO] [stdout]   --> src/device.rs:36:3
[INFO] [stdout]    |
[INFO] [stdout] 36 | #[serde(rename_all = "camelCase")]
[INFO] [stdout]    |   ^^^^^
[INFO] [stdout] 37 | #[derive(Deserialize)]
[INFO] [stdout]    |          ----------- the attribute is introduced here
[INFO] [stdout]    |
[INFO] [stdout]    = warning: this was previously accepted by the compiler but is being phased out; it will become a hard error in a future release!
[INFO] [stdout]    = note: for more information, see issue #79202 <https://github.com/rust-lang/rust/issues/79202>
[INFO] [stdout] 
[INFO] [stdout] 
[INFO] [stdout] warning: derive helper attribute is used before it is introduced
[INFO] [stdout]   --> src/device.rs:44:3
[INFO] [stdout]    |
[INFO] [stdout] 44 | #[serde(rename_all = "camelCase")]
[INFO] [stdout]    |   ^^^^^
[INFO] [stdout] 45 | #[derive(Deserialize)]
[INFO] [stdout]    |          ----------- the attribute is introduced here
[INFO] [stdout]    |
[INFO] [stdout]    = warning: this was previously accepted by the compiler but is being phased out; it will become a hard error in a future release!
[INFO] [stdout]    = note: for more information, see issue #79202 <https://github.com/rust-lang/rust/issues/79202>
[INFO] [stdout] 
[INFO] [stdout] 
[INFO] [stdout] warning: derive helper attribute is used before it is introduced
[INFO] [stdout]   --> src/device.rs:50:3
[INFO] [stdout]    |
[INFO] [stdout] 50 | #[serde(rename_all = "camelCase")]
[INFO] [stdout]    |   ^^^^^
[INFO] [stdout] 51 | #[derive(Deserialize)]
[INFO] [stdout]    |          ----------- the attribute is introduced here
[INFO] [stdout]    |
[INFO] [stdout]    = warning: this was previously accepted by the compiler but is being phased out; it will become a hard error in a future release!
[INFO] [stdout]    = note: for more information, see issue #79202 <https://github.com/rust-lang/rust/issues/79202>
[INFO] [stdout] 
[INFO] [stdout] 
[INFO] [stdout] warning: derive helper attribute is used before it is introduced
[INFO] [stdout]   --> src/device.rs:62:3
[INFO] [stdout]    |
[INFO] [stdout] 62 | #[serde(rename_all = "camelCase")]
[INFO] [stdout]    |   ^^^^^
[INFO] [stdout] 63 | #[derive(Deserialize)]
[INFO] [stdout]    |          ----------- the attribute is introduced here
[INFO] [stdout]    |
[INFO] [stdout]    = warning: this was previously accepted by the compiler but is being phased out; it will become a hard error in a future release!
[INFO] [stdout]    = note: for more information, see issue #79202 <https://github.com/rust-lang/rust/issues/79202>
[INFO] [stdout] 
[INFO] [stdout] 
[INFO] [stdout] warning: derive helper attribute is used before it is introduced
[INFO] [stdout]   --> src/device.rs:68:3
[INFO] [stdout]    |
[INFO] [stdout] 68 | #[serde(rename_all = "camelCase")]
[INFO] [stdout]    |   ^^^^^
[INFO] [stdout] 69 | #[derive(Deserialize)]
[INFO] [stdout]    |          ----------- the attribute is introduced here
[INFO] [stdout]    |
[INFO] [stdout]    = warning: this was previously accepted by the compiler but is being phased out; it will become a hard error in a future release!
[INFO] [stdout]    = note: for more information, see issue #79202 <https://github.com/rust-lang/rust/issues/79202>
[INFO] [stdout] 
[INFO] [stdout] 
[INFO] [stdout] warning: derive helper attribute is used before it is introduced
[INFO] [stdout]   --> src/device.rs:78:3
[INFO] [stdout]    |
[INFO] [stdout] 78 | #[serde(rename_all = "kebab-case")]
[INFO] [stdout]    |   ^^^^^
[INFO] [stdout] 79 | #[derive(Deserialize)]
[INFO] [stdout]    |          ----------- the attribute is introduced here
[INFO] [stdout]    |
[INFO] [stdout]    = warning: this was previously accepted by the compiler but is being phased out; it will become a hard error in a future release!
[INFO] [stdout]    = note: for more information, see issue #79202 <https://github.com/rust-lang/rust/issues/79202>
[INFO] [stdout] 
[INFO] [stdout] 
[INFO] [stdout] warning: unnecessary parentheses around function argument
[INFO] [stdout]    --> src/device.rs:274:6
[INFO] [stdout]     |
[INFO] [stdout] 274 |   Ok((map))
[INFO] [stdout]     |      ^^^^^ help: remove these parentheses
[INFO] [stdout]     |
[INFO] [stdout]     = note: `#[warn(unused_parens)]` on by default
[INFO] [stdout] 
[INFO] [stdout] 
[INFO] [stdout] error[E0554]: `#![feature]` may not be used on the stable release channel
[INFO] [stdout]  --> src/lib.rs:4:1
[INFO] [stdout]   |
[INFO] [stdout] 4 | #![feature(range_contains)]
[INFO] [stdout]   | ^^^^^^^^^^^^^^^^^^^^^^^^^^^
[INFO] [stdout] 
[INFO] [stdout] 
[INFO] [stdout] warning: derive helper attribute is used before it is introduced
[INFO] [stdout]   --> src/device.rs:12:3
[INFO] [stdout]    |
[INFO] [stdout] 12 | #[serde(rename_all = "camelCase")]
[INFO] [stdout]    |   ^^^^^
[INFO] [stdout] 13 | #[derive(Deserialize)]
[INFO] [stdout]    |          ----------- the attribute is introduced here
[INFO] [stdout]    |
[INFO] [stdout]    = note: `#[warn(legacy_derive_helpers)]` on by default
[INFO] [stdout]    = warning: this was previously accepted by the compiler but is being phased out; it will become a hard error in a future release!
[INFO] [stdout]    = note: for more information, see issue #79202 <https://github.com/rust-lang/rust/issues/79202>
[INFO] [stdout] 
[INFO] [stdout] 
[INFO] [stdout] warning: derive helper attribute is used before it is introduced
[INFO] [stdout]   --> src/device.rs:18:3
[INFO] [stdout]    |
[INFO] [stdout] 18 | #[serde(rename_all = "camelCase")]
[INFO] [stdout]    |   ^^^^^
[INFO] [stdout] 19 | #[derive(Deserialize)]
[INFO] [stdout]    |          ----------- the attribute is introduced here
[INFO] [stdout]    |
[INFO] [stdout]    = warning: this was previously accepted by the compiler but is being phased out; it will become a hard error in a future release!
[INFO] [stdout]    = note: for more information, see issue #79202 <https://github.com/rust-lang/rust/issues/79202>
[INFO] [stdout] 
[INFO] [stdout] 
[INFO] [stdout] warning: derive helper attribute is used before it is introduced
[INFO] [stdout]   --> src/device.rs:25:3
[INFO] [stdout]    |
[INFO] [stdout] 25 | #[serde(rename_all = "camelCase")]
[INFO] [stdout]    |   ^^^^^
[INFO] [stdout] 26 | #[derive(Deserialize)]
[INFO] [stdout]    |          ----------- the attribute is introduced here
[INFO] [stdout]    |
[INFO] [stdout]    = warning: this was previously accepted by the compiler but is being phased out; it will become a hard error in a future release!
[INFO] [stdout]    = note: for more information, see issue #79202 <https://github.com/rust-lang/rust/issues/79202>
[INFO] [stdout] 
[INFO] [stdout] 
[INFO] [stdout] warning: derive helper attribute is used before it is introduced
[INFO] [stdout]   --> src/device.rs:36:3
[INFO] [stdout]    |
[INFO] [stdout] 36 | #[serde(rename_all = "camelCase")]
[INFO] [stdout]    |   ^^^^^
[INFO] [stdout] 37 | #[derive(Deserialize)]
[INFO] [stdout]    |          ----------- the attribute is introduced here
[INFO] [stdout]    |
[INFO] [stdout]    = warning: this was previously accepted by the compiler but is being phased out; it will become a hard error in a future release!
[INFO] [stdout]    = note: for more information, see issue #79202 <https://github.com/rust-lang/rust/issues/79202>
[INFO] [stdout] 
[INFO] [stdout] 
[INFO] [stdout] warning: derive helper attribute is used before it is introduced
[INFO] [stdout]   --> src/device.rs:44:3
[INFO] [stdout]    |
[INFO] [stdout] 44 | #[serde(rename_all = "camelCase")]
[INFO] [stdout]    |   ^^^^^
[INFO] [stdout] 45 | #[derive(Deserialize)]
[INFO] [stdout]    |          ----------- the attribute is introduced here
[INFO] [stdout]    |
[INFO] [stdout]    = warning: this was previously accepted by the compiler but is being phased out; it will become a hard error in a future release!
[INFO] [stdout]    = note: for more information, see issue #79202 <https://github.com/rust-lang/rust/issues/79202>
[INFO] [stdout] 
[INFO] [stdout] 
[INFO] [stdout] warning: derive helper attribute is used before it is introduced
[INFO] [stdout]   --> src/device.rs:50:3
[INFO] [stdout]    |
[INFO] [stdout] 50 | #[serde(rename_all = "camelCase")]
[INFO] [stdout]    |   ^^^^^
[INFO] [stdout] 51 | #[derive(Deserialize)]
[INFO] [stdout]    |          ----------- the attribute is introduced here
[INFO] [stdout]    |
[INFO] [stdout]    = warning: this was previously accepted by the compiler but is being phased out; it will become a hard error in a future release!
[INFO] [stdout]    = note: for more information, see issue #79202 <https://github.com/rust-lang/rust/issues/79202>
[INFO] [stdout] 
[INFO] [stdout] 
[INFO] [stdout] warning: derive helper attribute is used before it is introduced
[INFO] [stdout]   --> src/device.rs:62:3
[INFO] [stdout]    |
[INFO] [stdout] 62 | #[serde(rename_all = "camelCase")]
[INFO] [stdout]    |   ^^^^^
[INFO] [stdout] 63 | #[derive(Deserialize)]
[INFO] [stdout]    |          ----------- the attribute is introduced here
[INFO] [stdout]    |
[INFO] [stdout]    = warning: this was previously accepted by the compiler but is being phased out; it will become a hard error in a future release!
[INFO] [stdout]    = note: for more information, see issue #79202 <https://github.com/rust-lang/rust/issues/79202>
[INFO] [stdout] 
[INFO] [stdout] 
[INFO] [stdout] warning: derive helper attribute is used before it is introduced
[INFO] [stdout]   --> src/device.rs:68:3
[INFO] [stdout]    |
[INFO] [stdout] 68 | #[serde(rename_all = "camelCase")]
[INFO] [stdout]    |   ^^^^^
[INFO] [stdout] 69 | #[derive(Deserialize)]
[INFO] [stdout]    |          ----------- the attribute is introduced here
[INFO] [stdout]    |
[INFO] [stdout]    = warning: this was previously accepted by the compiler but is being phased out; it will become a hard error in a future release!
[INFO] [stdout]    = note: for more information, see issue #79202 <https://github.com/rust-lang/rust/issues/79202>
[INFO] [stdout] 
[INFO] [stdout] 
[INFO] [stdout] warning: derive helper attribute is used before it is introduced
[INFO] [stdout]   --> src/device.rs:78:3
[INFO] [stdout]    |
[INFO] [stdout] 78 | #[serde(rename_all = "kebab-case")]
[INFO] [stdout]    |   ^^^^^
[INFO] [stdout] 79 | #[derive(Deserialize)]
[INFO] [stdout]    |          ----------- the attribute is introduced here
[INFO] [stdout]    |
[INFO] [stdout]    = warning: this was previously accepted by the compiler but is being phased out; it will become a hard error in a future release!
[INFO] [stdout]    = note: for more information, see issue #79202 <https://github.com/rust-lang/rust/issues/79202>
[INFO] [stdout] 
[INFO] [stdout] 
[INFO] [stdout] warning: unnecessary parentheses around function argument
[INFO] [stdout]    --> src/device.rs:274:6
[INFO] [stdout]     |
[INFO] [stdout] 274 |   Ok((map))
[INFO] [stdout]     |      ^^^^^ help: remove these parentheses
[INFO] [stdout]     |
[INFO] [stdout]     = note: `#[warn(unused_parens)]` on by default
[INFO] [stdout] 
[INFO] [stdout] 
[INFO] [stdout] error[E0308]: mismatched types
[INFO] [stdout]    --> src/device.rs:203:30
[INFO] [stdout]     |
[INFO] [stdout] 203 |         if BIT_BAND.contains(address) {
[INFO] [stdout]     |                              ^^^^^^^
[INFO] [stdout]     |                              |
[INFO] [stdout]     |                              expected `&u32`, found `u32`
[INFO] [stdout]     |                              help: consider borrowing here: `&address`
[INFO] [stdout] 
[INFO] [stdout] 
[INFO] [stdout] error[E0308]: mismatched types
[INFO] [stdout]    --> src/device.rs:203:30
[INFO] [stdout]     |
[INFO] [stdout] 203 |         if BIT_BAND.contains(address) {
[INFO] [stdout]     |                              ^^^^^^^
[INFO] [stdout]     |                              |
[INFO] [stdout]     |                              expected `&u32`, found `u32`
[INFO] [stdout]     |                              help: consider borrowing here: `&address`
[INFO] [stdout] 
[INFO] [stdout] 
[INFO] [stdout] warning: use of deprecated associated function `failure::core::str::<impl str>::trim_left_matches`: superseded by `trim_start_matches`
[INFO] [stdout]    --> src/device.rs:282:13
[INFO] [stdout]     |
[INFO] [stdout] 282 |   let s = s.trim_left_matches("0x").trim_left_matches("0X");
[INFO] [stdout]     |             ^^^^^^^^^^^^^^^^^ help: replace the use of the deprecated associated function: `trim_start_matches`
[INFO] [stdout]     |
[INFO] [stdout]     = note: `#[warn(deprecated)]` on by default
[INFO] [stdout] 
[INFO] [stdout] 
[INFO] [stdout] warning: use of deprecated associated function `failure::core::str::<impl str>::trim_left_matches`: superseded by `trim_start_matches`
[INFO] [stdout]    --> src/device.rs:282:37
[INFO] [stdout]     |
[INFO] [stdout] 282 |   let s = s.trim_left_matches("0x").trim_left_matches("0X");
[INFO] [stdout]     |                                     ^^^^^^^^^^^^^^^^^ help: replace the use of the deprecated associated function: `trim_start_matches`
[INFO] [stdout] 
[INFO] [stdout] 
[INFO] [stdout] error: aborting due to 2 previous errors; 12 warnings emitted
[INFO] [stdout] 
[INFO] [stdout] 
[INFO] [stdout] Some errors have detailed explanations: E0308, E0554.
[INFO] [stdout] 
[INFO] [stdout] For more information about an error, try `rustc --explain E0308`.
[INFO] [stdout] 
[INFO] [stdout] warning: use of deprecated associated function `failure::core::str::<impl str>::trim_left_matches`: superseded by `trim_start_matches`
[INFO] [stdout]    --> src/device.rs:282:13
[INFO] [stdout]     |
[INFO] [stdout] 282 |   let s = s.trim_left_matches("0x").trim_left_matches("0X");
[INFO] [stdout]     |             ^^^^^^^^^^^^^^^^^ help: replace the use of the deprecated associated function: `trim_start_matches`
[INFO] [stdout]     |
[INFO] [stdout]     = note: `#[warn(deprecated)]` on by default
[INFO] [stdout] 
[INFO] [stdout] 
[INFO] [stderr] error: could not compile `drone-cortex-m-svd` due to 3 previous errors; 12 warnings emitted
[INFO] [stdout] warning: use of deprecated associated function `failure::core::str::<impl str>::trim_left_matches`: superseded by `trim_start_matches`
[INFO] [stdout]    --> src/device.rs:282:37
[INFO] [stdout]     |
[INFO] [stdout] 282 |   let s = s.trim_left_matches("0x").trim_left_matches("0X");
[INFO] [stdout]     |                                     ^^^^^^^^^^^^^^^^^ help: replace the use of the deprecated associated function: `trim_start_matches`
[INFO] [stdout] 
[INFO] [stdout] 
[INFO] [stderr] warning: build failed, waiting for other jobs to finish...
[INFO] [stdout] error: aborting due to 2 previous errors; 12 warnings emitted
[INFO] [stdout] 
[INFO] [stdout] 
[INFO] [stdout] Some errors have detailed explanations: E0308, E0554.
[INFO] [stdout] 
[INFO] [stdout] For more information about an error, try `rustc --explain E0308`.
[INFO] [stdout] 
[INFO] [stderr] error: build failed
[INFO] running `Command { std: "docker" "inspect" "0deb075ac3d05586268acb1bbd4dfdb57c1f19daecc4edbff69c0321d6b60b95", kill_on_drop: false }`
[INFO] running `Command { std: "docker" "rm" "-f" "0deb075ac3d05586268acb1bbd4dfdb57c1f19daecc4edbff69c0321d6b60b95", kill_on_drop: false }`
[INFO] [stdout] 0deb075ac3d05586268acb1bbd4dfdb57c1f19daecc4edbff69c0321d6b60b95
