[INFO] fetching crate dr-downloader 0.5.1...
[INFO] checking dr-downloader-0.5.1 against 1.55.0 for beta-1.56-3
[INFO] extracting crate dr-downloader 0.5.1 into /workspace/builds/worker-10/source
[INFO] validating manifest of crates.io crate dr-downloader 0.5.1 on toolchain 1.55.0
[INFO] running `Command { std: "/workspace/cargo-home/bin/cargo" "+1.55.0" "metadata" "--manifest-path" "Cargo.toml" "--no-deps", kill_on_drop: false }`
[INFO] started tweaking crates.io crate dr-downloader 0.5.1
[INFO] finished tweaking crates.io crate dr-downloader 0.5.1
[INFO] tweaked toml for crates.io crate dr-downloader 0.5.1 written to /workspace/builds/worker-10/source/Cargo.toml
[INFO] running `Command { std: "/workspace/cargo-home/bin/cargo" "+1.55.0" "generate-lockfile" "--manifest-path" "Cargo.toml" "-Zno-index-update", kill_on_drop: false }`
[INFO] running `Command { std: "/workspace/cargo-home/bin/cargo" "+1.55.0" "fetch" "--manifest-path" "Cargo.toml", kill_on_drop: false }`
[INFO] [stderr]     Blocking waiting for file lock on package cache
[INFO] running `Command { std: "docker" "create" "-v" "/var/lib/crater-agent-workspace/builds/worker-10/target:/opt/rustwide/target:rw,Z" "-v" "/var/lib/crater-agent-workspace/builds/worker-10/source:/opt/rustwide/workdir:ro,Z" "-v" "/var/lib/crater-agent-workspace/cargo-home:/opt/rustwide/cargo-home:ro,Z" "-v" "/var/lib/crater-agent-workspace/rustup-home:/opt/rustwide/rustup-home:ro,Z" "-e" "SOURCE_DIR=/opt/rustwide/workdir" "-e" "CARGO_TARGET_DIR=/opt/rustwide/target" "-e" "CARGO_HOME=/opt/rustwide/cargo-home" "-e" "RUSTUP_HOME=/opt/rustwide/rustup-home" "-w" "/opt/rustwide/workdir" "-m" "1610612736" "--user" "0:0" "--network" "none" "ghcr.io/rust-lang/crates-build-env/linux@sha256:a89201d6b5b9fd45c15d5952ece0a0129e7e80cb26ec023fd59cf09bc26f1604" "/opt/rustwide/cargo-home/bin/cargo" "+1.55.0" "metadata" "--no-deps" "--format-version=1", kill_on_drop: false }`
[INFO] [stdout] fc1eadbfd6c5c28170a9658ab5b38abaac2b804cc34cc5d043ed4ee34e172061
[INFO] running `Command { std: "docker" "start" "-a" "fc1eadbfd6c5c28170a9658ab5b38abaac2b804cc34cc5d043ed4ee34e172061", kill_on_drop: false }`
[INFO] running `Command { std: "docker" "inspect" "fc1eadbfd6c5c28170a9658ab5b38abaac2b804cc34cc5d043ed4ee34e172061", kill_on_drop: false }`
[INFO] running `Command { std: "docker" "rm" "-f" "fc1eadbfd6c5c28170a9658ab5b38abaac2b804cc34cc5d043ed4ee34e172061", kill_on_drop: false }`
[INFO] [stdout] fc1eadbfd6c5c28170a9658ab5b38abaac2b804cc34cc5d043ed4ee34e172061
[INFO] running `Command { std: "docker" "create" "-v" "/var/lib/crater-agent-workspace/builds/worker-10/target:/opt/rustwide/target:rw,Z" "-v" "/var/lib/crater-agent-workspace/builds/worker-10/source:/opt/rustwide/workdir:ro,Z" "-v" "/var/lib/crater-agent-workspace/cargo-home:/opt/rustwide/cargo-home:ro,Z" "-v" "/var/lib/crater-agent-workspace/rustup-home:/opt/rustwide/rustup-home:ro,Z" "-e" "SOURCE_DIR=/opt/rustwide/workdir" "-e" "CARGO_TARGET_DIR=/opt/rustwide/target" "-e" "CARGO_INCREMENTAL=0" "-e" "RUST_BACKTRACE=full" "-e" "RUSTFLAGS=--cap-lints=warn" "-e" "CARGO_HOME=/opt/rustwide/cargo-home" "-e" "RUSTUP_HOME=/opt/rustwide/rustup-home" "-w" "/opt/rustwide/workdir" "-m" "1610612736" "--user" "0:0" "--network" "none" "ghcr.io/rust-lang/crates-build-env/linux@sha256:a89201d6b5b9fd45c15d5952ece0a0129e7e80cb26ec023fd59cf09bc26f1604" "/opt/rustwide/cargo-home/bin/cargo" "+1.55.0" "check" "--frozen" "--all" "--all-targets" "--message-format=json", kill_on_drop: false }`
[INFO] [stdout] 39f5411264cb82c07463c6c0f4333fb9c0f49c0bdbaaf6858108a73e75c697c7
[INFO] running `Command { std: "docker" "start" "-a" "39f5411264cb82c07463c6c0f4333fb9c0f49c0bdbaaf6858108a73e75c697c7", kill_on_drop: false }`
[INFO] [stderr]     Blocking waiting for file lock on package cache
[INFO] [stderr]    Compiling syn v1.0.80
[INFO] [stderr]    Compiling futures-task v0.3.17
[INFO] [stderr]     Checking futures-sink v0.3.17
[INFO] [stderr]    Compiling futures-channel v0.3.17
[INFO] [stderr]     Checking bytes v1.1.0
[INFO] [stderr]     Checking futures-io v0.3.17
[INFO] [stderr]    Compiling openssl v0.10.36
[INFO] [stderr]    Compiling serde v1.0.130
[INFO] [stderr]     Checking ipnet v2.3.1
[INFO] [stderr]    Compiling futures-macro v0.3.17
[INFO] [stderr]    Compiling futures-util v0.3.17
[INFO] [stderr]    Compiling tokio v1.12.0
[INFO] [stderr]    Compiling indexmap v1.7.0
[INFO] [stderr]    Compiling openssl-sys v0.9.67
[INFO] [stderr]     Checking tracing-core v0.1.21
[INFO] [stderr]     Checking mio v0.7.13
[INFO] [stderr]     Checking want v0.3.0
[INFO] [stderr]     Checking socket2 v0.4.2
[INFO] [stderr]     Checking idna v0.2.3
[INFO] [stderr]     Checking regex v1.5.4
[INFO] [stderr]     Checking tracing v0.1.29
[INFO] [stderr]     Checking http v0.2.5
[INFO] [stderr]     Checking url v2.2.2
[INFO] [stderr]    Compiling native-tls v0.2.8
[INFO] [stderr]     Checking http-body v0.4.3
[INFO] [stderr]     Checking serde_urlencoded v0.7.0
[INFO] [stderr]     Checking serde_json v1.0.68
[INFO] [stderr]    Compiling tokio-macros v1.5.0
[INFO] [stderr]    Compiling async-recursion v0.3.2
[INFO] [stderr]     Checking tokio-util v0.6.8
[INFO] [stderr]     Checking tokio-native-tls v0.3.0
[INFO] [stderr]     Checking futures-executor v0.3.17
[INFO] [stderr]     Checking futures v0.3.17
[INFO] [stderr]     Checking h2 v0.3.6
[INFO] [stderr]     Checking hyper v0.14.13
[INFO] [stderr]     Checking hyper-tls v0.5.0
[INFO] [stderr]     Checking reqwest v0.11.5
[INFO] [stderr]     Checking dr-downloader v0.5.1 (/opt/rustwide/workdir)
[INFO] [stdout] error[E0432]: unresolved import `winreg`
[INFO] [stdout]  --> src/cacher.rs:2:5
[INFO] [stdout]   |
[INFO] [stdout] 2 | use winreg::{enums, HKEY};
[INFO] [stdout]   |     ^^^^^^ use of undeclared crate or module `winreg`
[INFO] [stdout] 
[INFO] [stdout] 
[INFO] [stdout] error[E0432]: unresolved import `winreg`
[INFO] [stdout]  --> src/cacher.rs:2:5
[INFO] [stdout]   |
[INFO] [stdout] 2 | use winreg::{enums, HKEY};
[INFO] [stdout]   |     ^^^^^^ use of undeclared crate or module `winreg`
[INFO] [stdout] 
[INFO] [stdout] 
[INFO] [stdout] error[E0433]: failed to resolve: use of undeclared crate or module `winreg`
[INFO] [stdout]  --> src/cacher.rs:8:12
[INFO] [stdout]   |
[INFO] [stdout] 8 |     let key = winreg::RegKey::predef(BASE_PATH).open_subkey(KEY_PATH)?;
[INFO] [stdout]   |               ^^^^^^ use of undeclared crate or module `winreg`
[INFO] [stdout] 
[INFO] [stdout] 
[INFO] [stdout] error[E0433]: failed to resolve: use of undeclared crate or module `winreg`
[INFO] [stdout]   --> src/cacher.rs:13:21
[INFO] [stdout]    |
[INFO] [stdout] 13 |     let (key, _disp) = winreg::RegKey::predef(BASE_PATH).create_subkey(KEY_PATH)?;
[INFO] [stdout]    |                        ^^^^^^ use of undeclared crate or module `winreg`
[INFO] [stdout] 
[INFO] [stdout] 
[INFO] [stdout] error[E0433]: failed to resolve: use of undeclared crate or module `winreg`
[INFO] [stdout]  --> src/cacher.rs:8:12
[INFO] [stdout]   |
[INFO] [stdout] 8 |     let key = winreg::RegKey::predef(BASE_PATH).open_subkey(KEY_PATH)?;
[INFO] [stdout]   |               ^^^^^^ use of undeclared crate or module `winreg`
[INFO] [stdout] 
[INFO] [stdout] 
[INFO] [stdout] error[E0433]: failed to resolve: use of undeclared crate or module `winreg`
[INFO] [stdout]   --> src/cacher.rs:13:21
[INFO] [stdout]    |
[INFO] [stdout] 13 |     let (key, _disp) = winreg::RegKey::predef(BASE_PATH).create_subkey(KEY_PATH)?;
[INFO] [stdout]    |                        ^^^^^^ use of undeclared crate or module `winreg`
[INFO] [stdout] 
[INFO] [stdout] 
[INFO] [stdout] error: aborting due to 3 previous errors
[INFO] [stdout] 
[INFO] [stdout] 
[INFO] [stdout] Some errors have detailed explanations: E0432, E0433.
[INFO] [stdout] 
[INFO] [stdout] For more information about an error, try `rustc --explain E0432`.
[INFO] [stdout] 
[INFO] [stderr] error: could not compile `dr-downloader` due to 4 previous errors
[INFO] [stderr] warning: build failed, waiting for other jobs to finish...
[INFO] [stdout] error: aborting due to 3 previous errors
[INFO] [stdout] 
[INFO] [stdout] 
[INFO] [stdout] Some errors have detailed explanations: E0432, E0433.
[INFO] [stdout] 
[INFO] [stdout] For more information about an error, try `rustc --explain E0432`.
[INFO] [stdout] 
[INFO] [stderr] error: build failed
[INFO] running `Command { std: "docker" "inspect" "39f5411264cb82c07463c6c0f4333fb9c0f49c0bdbaaf6858108a73e75c697c7", kill_on_drop: false }`
[INFO] running `Command { std: "docker" "rm" "-f" "39f5411264cb82c07463c6c0f4333fb9c0f49c0bdbaaf6858108a73e75c697c7", kill_on_drop: false }`
[INFO] [stdout] 39f5411264cb82c07463c6c0f4333fb9c0f49c0bdbaaf6858108a73e75c697c7
