[INFO] fetching crate domain_patterns 0.2.141...
[INFO] checking domain_patterns-0.2.141 against beta-2021-10-15 for beta-1.56-3
[INFO] extracting crate domain_patterns 0.2.141 into /workspace/builds/worker-103/source
[INFO] validating manifest of crates.io crate domain_patterns 0.2.141 on toolchain beta-2021-10-15
[INFO] running `Command { std: "/workspace/cargo-home/bin/cargo" "+beta-2021-10-15" "metadata" "--manifest-path" "Cargo.toml" "--no-deps", kill_on_drop: false }`
[INFO] started tweaking crates.io crate domain_patterns 0.2.141
[INFO] finished tweaking crates.io crate domain_patterns 0.2.141
[INFO] tweaked toml for crates.io crate domain_patterns 0.2.141 written to /workspace/builds/worker-103/source/Cargo.toml
[INFO] running `Command { std: "/workspace/cargo-home/bin/cargo" "+beta-2021-10-15" "generate-lockfile" "--manifest-path" "Cargo.toml" "-Zno-index-update", kill_on_drop: false }`
[INFO] running `Command { std: "/workspace/cargo-home/bin/cargo" "+beta-2021-10-15" "fetch" "--manifest-path" "Cargo.toml", kill_on_drop: false }`
[INFO] [stderr]     Blocking waiting for file lock on package cache
[INFO] running `Command { std: "docker" "create" "-v" "/var/lib/crater-agent-workspace/builds/worker-103/target:/opt/rustwide/target:rw,Z" "-v" "/var/lib/crater-agent-workspace/builds/worker-103/source:/opt/rustwide/workdir:ro,Z" "-v" "/var/lib/crater-agent-workspace/cargo-home:/opt/rustwide/cargo-home:ro,Z" "-v" "/var/lib/crater-agent-workspace/rustup-home:/opt/rustwide/rustup-home:ro,Z" "-e" "SOURCE_DIR=/opt/rustwide/workdir" "-e" "CARGO_TARGET_DIR=/opt/rustwide/target" "-e" "CARGO_HOME=/opt/rustwide/cargo-home" "-e" "RUSTUP_HOME=/opt/rustwide/rustup-home" "-w" "/opt/rustwide/workdir" "-m" "1610612736" "--user" "0:0" "--network" "none" "ghcr.io/rust-lang/crates-build-env/linux@sha256:a89201d6b5b9fd45c15d5952ece0a0129e7e80cb26ec023fd59cf09bc26f1604" "/opt/rustwide/cargo-home/bin/cargo" "+beta-2021-10-15" "metadata" "--no-deps" "--format-version=1", kill_on_drop: false }`
[INFO] [stdout] 3c8adb8cb0dc1b61d925c2ba7425bcf8d0e11642afdf78ffdfc2e359eb098914
[INFO] running `Command { std: "docker" "start" "-a" "3c8adb8cb0dc1b61d925c2ba7425bcf8d0e11642afdf78ffdfc2e359eb098914", kill_on_drop: false }`
[INFO] running `Command { std: "docker" "inspect" "3c8adb8cb0dc1b61d925c2ba7425bcf8d0e11642afdf78ffdfc2e359eb098914", kill_on_drop: false }`
[INFO] running `Command { std: "docker" "rm" "-f" "3c8adb8cb0dc1b61d925c2ba7425bcf8d0e11642afdf78ffdfc2e359eb098914", kill_on_drop: false }`
[INFO] [stdout] 3c8adb8cb0dc1b61d925c2ba7425bcf8d0e11642afdf78ffdfc2e359eb098914
[INFO] running `Command { std: "docker" "create" "-v" "/var/lib/crater-agent-workspace/builds/worker-103/target:/opt/rustwide/target:rw,Z" "-v" "/var/lib/crater-agent-workspace/builds/worker-103/source:/opt/rustwide/workdir:ro,Z" "-v" "/var/lib/crater-agent-workspace/cargo-home:/opt/rustwide/cargo-home:ro,Z" "-v" "/var/lib/crater-agent-workspace/rustup-home:/opt/rustwide/rustup-home:ro,Z" "-e" "SOURCE_DIR=/opt/rustwide/workdir" "-e" "CARGO_TARGET_DIR=/opt/rustwide/target" "-e" "CARGO_INCREMENTAL=0" "-e" "RUST_BACKTRACE=full" "-e" "RUSTFLAGS=--cap-lints=warn" "-e" "CARGO_HOME=/opt/rustwide/cargo-home" "-e" "RUSTUP_HOME=/opt/rustwide/rustup-home" "-w" "/opt/rustwide/workdir" "-m" "1610612736" "--user" "0:0" "--network" "none" "ghcr.io/rust-lang/crates-build-env/linux@sha256:a89201d6b5b9fd45c15d5952ece0a0129e7e80cb26ec023fd59cf09bc26f1604" "/opt/rustwide/cargo-home/bin/cargo" "+beta-2021-10-15" "check" "--frozen" "--all" "--all-targets" "--message-format=json", kill_on_drop: false }`
[INFO] [stdout] f113a7bebb5ac39c63472412b8a1834fb85fcf4b5af856c3e8ab3dd69faeb552
[INFO] running `Command { std: "docker" "start" "-a" "f113a7bebb5ac39c63472412b8a1834fb85fcf4b5af856c3e8ab3dd69faeb552", kill_on_drop: false }`
[INFO] [stderr]     Blocking waiting for file lock on package cache
[INFO] [stderr]    Compiling syn v1.0.80
[INFO] [stderr]    Compiling autocfg v0.1.7
[INFO] [stderr]    Compiling syn v0.15.44
[INFO] [stderr]    Compiling doc-comment v0.3.3
[INFO] [stderr]     Checking memchr v2.4.1
[INFO] [stderr]     Checking rand_isaac v0.1.1
[INFO] [stderr]     Checking rand_xorshift v0.1.1
[INFO] [stderr]     Checking rand_hc v0.1.0
[INFO] [stderr]     Checking rand_os v0.1.3
[INFO] [stderr]     Checking chrono v0.4.19
[INFO] [stderr]     Checking object v0.26.2
[INFO] [stderr]     Checking aho-corasick v0.7.18
[INFO] [stderr]    Compiling rand_pcg v0.1.2
[INFO] [stderr]    Compiling rand_chacha v0.1.1
[INFO] [stderr]    Compiling rand v0.6.5
[INFO] [stderr]     Checking regex v1.5.4
[INFO] [stderr]     Checking backtrace v0.3.61
[INFO] [stderr]    Compiling serde_derive v1.0.130
[INFO] [stderr]    Compiling snafu-derive v0.5.0
[INFO] [stderr]     Checking snafu v0.5.0
[INFO] [stderr]     Checking serde v1.0.130
[INFO] [stderr]     Checking serde_json v1.0.68
[INFO] [stderr]     Checking uuid v0.7.4
[INFO] [stderr]     Checking domain_patterns v0.2.141 (/opt/rustwide/workdir)
[INFO] [stdout] warning: unused import: `std::error::Error`
[INFO] [stdout]  --> src/collections.rs:2:5
[INFO] [stdout]   |
[INFO] [stdout] 2 | use std::error::Error;
[INFO] [stdout]   |     ^^^^^^^^^^^^^^^^^
[INFO] [stdout]   |
[INFO] [stdout]   = note: `#[warn(unused_imports)]` on by default
[INFO] [stdout] 
[INFO] [stdout] 
[INFO] [stdout] warning: unused import: `crate::models::AggregateRoot`
[INFO] [stdout]  --> src/event.rs:1:5
[INFO] [stdout]   |
[INFO] [stdout] 1 | use crate::models::AggregateRoot;
[INFO] [stdout]   |     ^^^^^^^^^^^^^^^^^^^^^^^^^^^^
[INFO] [stdout] 
[INFO] [stdout] 
[INFO] [stdout] warning: 2 warnings emitted
[INFO] [stdout] 
[INFO] [stdout] 
[INFO] [stderr]    Compiling domain_patterns v0.2.141
[INFO] [stderr]    Compiling domain_derive v0.2.137
[INFO] [stdout] error[E0432]: unresolved import `syn::export`
[INFO] [stdout]  --> /opt/rustwide/cargo-home/registry/src/github.com-1ecc6299db9ec823/domain_derive-0.2.137/src/entity.rs:3:10
[INFO] [stdout]   |
[INFO] [stdout] 3 | use syn::export::TokenStream2;
[INFO] [stdout]   |          ^^^^^^ could not find `export` in `syn`
[INFO] [stdout] 
[INFO] [stdout] 
[INFO] [stdout] error[E0432]: unresolved import `syn::export`
[INFO] [stdout]  --> /opt/rustwide/cargo-home/registry/src/github.com-1ecc6299db9ec823/domain_derive-0.2.137/src/value_object.rs:3:10
[INFO] [stdout]   |
[INFO] [stdout] 3 | use syn::export::Span;
[INFO] [stdout]   |          ^^^^^^ could not find `export` in `syn`
[INFO] [stdout] 
[INFO] [stdout] 
[INFO] [stdout] error[E0432]: unresolved import `syn::export`
[INFO] [stdout]  --> /opt/rustwide/cargo-home/registry/src/github.com-1ecc6299db9ec823/domain_derive-0.2.137/src/domain_events.rs:2:10
[INFO] [stdout]   |
[INFO] [stdout] 2 | use syn::export::TokenStream2;
[INFO] [stdout]   |          ^^^^^^ could not find `export` in `syn`
[INFO] [stdout] 
[INFO] [stdout] 
[INFO] [stdout] error: aborting due to 3 previous errors
[INFO] [stdout] 
[INFO] [stdout] 
[INFO] [stdout] For more information about this error, try `rustc --explain E0432`.
[INFO] [stdout] 
[INFO] [stderr] error: could not compile `domain_derive` due to 4 previous errors
[INFO] [stderr] warning: build failed, waiting for other jobs to finish...
[INFO] [stderr] error: build failed
[INFO] running `Command { std: "docker" "inspect" "f113a7bebb5ac39c63472412b8a1834fb85fcf4b5af856c3e8ab3dd69faeb552", kill_on_drop: false }`
[INFO] running `Command { std: "docker" "rm" "-f" "f113a7bebb5ac39c63472412b8a1834fb85fcf4b5af856c3e8ab3dd69faeb552", kill_on_drop: false }`
[INFO] [stdout] f113a7bebb5ac39c63472412b8a1834fb85fcf4b5af856c3e8ab3dd69faeb552
