[INFO] fetching crate dobot 0.1.1...
[INFO] checking dobot-0.1.1 against 1.55.0 for beta-1.56-3
[INFO] extracting crate dobot 0.1.1 into /workspace/builds/worker-33/source
[INFO] validating manifest of crates.io crate dobot 0.1.1 on toolchain 1.55.0
[INFO] running `Command { std: "/workspace/cargo-home/bin/cargo" "+1.55.0" "metadata" "--manifest-path" "Cargo.toml" "--no-deps", kill_on_drop: false }`
[INFO] started tweaking crates.io crate dobot 0.1.1
[INFO] finished tweaking crates.io crate dobot 0.1.1
[INFO] tweaked toml for crates.io crate dobot 0.1.1 written to /workspace/builds/worker-33/source/Cargo.toml
[INFO] running `Command { std: "/workspace/cargo-home/bin/cargo" "+1.55.0" "generate-lockfile" "--manifest-path" "Cargo.toml" "-Zno-index-update", kill_on_drop: false }`
[INFO] running `Command { std: "/workspace/cargo-home/bin/cargo" "+1.55.0" "fetch" "--manifest-path" "Cargo.toml", kill_on_drop: false }`
[INFO] [stderr]  Downloading crates ...
[INFO] [stderr]   Downloaded mach v0.1.2
[INFO] [stderr]   Downloaded CoreFoundation-sys v0.1.4
[INFO] [stderr]   Downloaded serialport v3.3.0
[INFO] [stderr]   Downloaded tokio-serial v4.3.3
[INFO] [stderr]   Downloaded mio-serial v3.3.1
[INFO] [stderr]   Downloaded IOKit-sys v0.1.5
[INFO] running `Command { std: "docker" "create" "-v" "/var/lib/crater-agent-workspace/builds/worker-33/target:/opt/rustwide/target:rw,Z" "-v" "/var/lib/crater-agent-workspace/builds/worker-33/source:/opt/rustwide/workdir:ro,Z" "-v" "/var/lib/crater-agent-workspace/cargo-home:/opt/rustwide/cargo-home:ro,Z" "-v" "/var/lib/crater-agent-workspace/rustup-home:/opt/rustwide/rustup-home:ro,Z" "-e" "SOURCE_DIR=/opt/rustwide/workdir" "-e" "CARGO_TARGET_DIR=/opt/rustwide/target" "-e" "CARGO_HOME=/opt/rustwide/cargo-home" "-e" "RUSTUP_HOME=/opt/rustwide/rustup-home" "-w" "/opt/rustwide/workdir" "-m" "1610612736" "--user" "0:0" "--network" "none" "ghcr.io/rust-lang/crates-build-env/linux@sha256:a89201d6b5b9fd45c15d5952ece0a0129e7e80cb26ec023fd59cf09bc26f1604" "/opt/rustwide/cargo-home/bin/cargo" "+1.55.0" "metadata" "--no-deps" "--format-version=1", kill_on_drop: false }`
[INFO] [stdout] 0e051d1e60d15f31cdbaa064cf7d1a059cdab3225c8c7bd362482c8c3433268c
[INFO] running `Command { std: "docker" "start" "-a" "0e051d1e60d15f31cdbaa064cf7d1a059cdab3225c8c7bd362482c8c3433268c", kill_on_drop: false }`
[INFO] running `Command { std: "docker" "inspect" "0e051d1e60d15f31cdbaa064cf7d1a059cdab3225c8c7bd362482c8c3433268c", kill_on_drop: false }`
[INFO] running `Command { std: "docker" "rm" "-f" "0e051d1e60d15f31cdbaa064cf7d1a059cdab3225c8c7bd362482c8c3433268c", kill_on_drop: false }`
[INFO] [stdout] 0e051d1e60d15f31cdbaa064cf7d1a059cdab3225c8c7bd362482c8c3433268c
[INFO] running `Command { std: "docker" "create" "-v" "/var/lib/crater-agent-workspace/builds/worker-33/target:/opt/rustwide/target:rw,Z" "-v" "/var/lib/crater-agent-workspace/builds/worker-33/source:/opt/rustwide/workdir:ro,Z" "-v" "/var/lib/crater-agent-workspace/cargo-home:/opt/rustwide/cargo-home:ro,Z" "-v" "/var/lib/crater-agent-workspace/rustup-home:/opt/rustwide/rustup-home:ro,Z" "-e" "SOURCE_DIR=/opt/rustwide/workdir" "-e" "CARGO_TARGET_DIR=/opt/rustwide/target" "-e" "CARGO_INCREMENTAL=0" "-e" "RUST_BACKTRACE=full" "-e" "RUSTFLAGS=--cap-lints=warn" "-e" "CARGO_HOME=/opt/rustwide/cargo-home" "-e" "RUSTUP_HOME=/opt/rustwide/rustup-home" "-w" "/opt/rustwide/workdir" "-m" "1610612736" "--user" "0:0" "--network" "none" "ghcr.io/rust-lang/crates-build-env/linux@sha256:a89201d6b5b9fd45c15d5952ece0a0129e7e80cb26ec023fd59cf09bc26f1604" "/opt/rustwide/cargo-home/bin/cargo" "+1.55.0" "check" "--frozen" "--all" "--all-targets" "--message-format=json", kill_on_drop: false }`
[INFO] [stdout] 1f9ab598ce33d163d5e91115146aafb7edab65febe42343a56dc4c25a3f96803
[INFO] running `Command { std: "docker" "start" "-a" "1f9ab598ce33d163d5e91115146aafb7edab65febe42343a56dc4c25a3f96803", kill_on_drop: false }`
[INFO] [stderr]     Blocking waiting for file lock on package cache
[INFO] [stderr]    Compiling libc v0.2.103
[INFO] [stderr]    Compiling syn v1.0.80
[INFO] [stderr]    Compiling nix v0.14.1
[INFO] [stderr]    Compiling failure_derive v0.1.8
[INFO] [stderr]     Checking bytes v0.5.6
[INFO] [stderr]     Checking pin-project-lite v0.1.12
[INFO] [stderr]    Compiling libudev-sys v0.1.4
[INFO] [stderr]     Checking log v0.4.14
[INFO] [stderr]     Checking object v0.26.2
[INFO] [stderr]     Checking iovec v0.1.4
[INFO] [stderr]     Checking net2 v0.2.37
[INFO] [stderr]     Checking nix v0.17.0
[INFO] [stderr]     Checking libudev v0.2.0
[INFO] [stderr]     Checking mio v0.6.23
[INFO] [stderr]     Checking tokio v0.2.25
[INFO] [stderr]    Compiling synstructure v0.12.6
[INFO] [stderr]     Checking backtrace v0.3.61
[INFO] [stderr]    Compiling serde_derive v1.0.130
[INFO] [stderr]    Compiling getset v0.0.9
[INFO] [stderr]     Checking serialport v3.3.0
[INFO] [stderr]     Checking mio-serial v3.3.1
[INFO] [stderr]     Checking tokio-serial v4.3.3
[INFO] [stderr]     Checking failure v0.1.8
[INFO] [stderr]     Checking dobot v0.1.1 (/opt/rustwide/workdir)
[INFO] [stdout] error[E0432]: unresolved import `std::array::FixedSizeArray`
[INFO] [stdout]  --> src/message.rs:3:11
[INFO] [stdout]   |
[INFO] [stdout] 3 | use std::{array::FixedSizeArray, convert::TryInto, io::prelude::*, marker::Unpin};
[INFO] [stdout]   |           ^^^^^^^^^^^^^^^^^^^^^ no `FixedSizeArray` in `array`
[INFO] [stdout] 
[INFO] [stdout] 
[INFO] [stdout] error[E0554]: `#![feature]` may not be used on the stable release channel
[INFO] [stdout]  --> src/lib.rs:1:1
[INFO] [stdout]   |
[INFO] [stdout] 1 | #![feature(fixed_size_array)]
[INFO] [stdout]   | ^^^^^^^^^^^^^^^^^^^^^^^^^^^^^
[INFO] [stdout] 
[INFO] [stdout] 
[INFO] [stdout] error[E0658]: use of unstable library feature 'array_methods'
[INFO] [stdout]    --> src/message.rs:152:29
[INFO] [stdout]     |
[INFO] [stdout] 152 |         let bytes = [prefix.as_slice(), suffix.as_slice()].concat();
[INFO] [stdout]     |                             ^^^^^^^^
[INFO] [stdout]     |
[INFO] [stdout]     = note: see issue #76118 <https://github.com/rust-lang/rust/issues/76118> for more information
[INFO] [stdout] 
[INFO] [stdout] 
[INFO] [stdout] error[E0658]: use of unstable library feature 'array_methods'
[INFO] [stdout]    --> src/message.rs:127:27
[INFO] [stdout]     |
[INFO] [stdout] 127 |             header_buffer.as_slice(),
[INFO] [stdout]     |                           ^^^^^^^^
[INFO] [stdout]     |
[INFO] [stdout]     = note: see issue #76118 <https://github.com/rust-lang/rust/issues/76118> for more information
[INFO] [stdout] 
[INFO] [stdout] 
[INFO] [stdout] error[E0658]: use of unstable library feature 'array_methods'
[INFO] [stdout]    --> src/message.rs:128:24
[INFO] [stdout]     |
[INFO] [stdout] 128 |             len_buffer.as_slice(),
[INFO] [stdout]     |                        ^^^^^^^^
[INFO] [stdout]     |
[INFO] [stdout]     = note: see issue #76118 <https://github.com/rust-lang/rust/issues/76118> for more information
[INFO] [stdout] 
[INFO] [stdout] 
[INFO] [stdout] error: aborting due to 5 previous errors
[INFO] [stdout] 
[INFO] [stdout] 
[INFO] [stdout] Some errors have detailed explanations: E0432, E0554, E0658.
[INFO] [stdout] 
[INFO] [stdout] For more information about an error, try `rustc --explain E0432`.
[INFO] [stdout] 
[INFO] [stderr] error: could not compile `dobot` due to 6 previous errors
[INFO] [stderr] warning: build failed, waiting for other jobs to finish...
[INFO] [stderr] error: build failed
[INFO] running `Command { std: "docker" "inspect" "1f9ab598ce33d163d5e91115146aafb7edab65febe42343a56dc4c25a3f96803", kill_on_drop: false }`
[INFO] running `Command { std: "docker" "rm" "-f" "1f9ab598ce33d163d5e91115146aafb7edab65febe42343a56dc4c25a3f96803", kill_on_drop: false }`
[INFO] [stdout] 1f9ab598ce33d163d5e91115146aafb7edab65febe42343a56dc4c25a3f96803
