[INFO] fetching crate dnsclientx 0.3.0...
[INFO] checking dnsclientx-0.3.0 against beta-2021-10-15 for beta-1.56-3
[INFO] extracting crate dnsclientx 0.3.0 into /workspace/builds/worker-65/source
[INFO] validating manifest of crates.io crate dnsclientx 0.3.0 on toolchain beta-2021-10-15
[INFO] running `Command { std: "/workspace/cargo-home/bin/cargo" "+beta-2021-10-15" "metadata" "--manifest-path" "Cargo.toml" "--no-deps", kill_on_drop: false }`
[INFO] started tweaking crates.io crate dnsclientx 0.3.0
[INFO] finished tweaking crates.io crate dnsclientx 0.3.0
[INFO] tweaked toml for crates.io crate dnsclientx 0.3.0 written to /workspace/builds/worker-65/source/Cargo.toml
[INFO] running `Command { std: "/workspace/cargo-home/bin/cargo" "+beta-2021-10-15" "generate-lockfile" "--manifest-path" "Cargo.toml" "-Zno-index-update", kill_on_drop: false }`
[INFO] [stderr]     Blocking waiting for file lock on package cache
[INFO] running `Command { std: "/workspace/cargo-home/bin/cargo" "+beta-2021-10-15" "fetch" "--manifest-path" "Cargo.toml", kill_on_drop: false }`
[INFO] [stderr]     Blocking waiting for file lock on package cache
[INFO] [stderr]     Blocking waiting for file lock on package cache
[INFO] [stderr]  Downloading crates ...
[INFO] [stderr]   Downloaded maybe-async v0.2.6
[INFO] [stderr]   Downloaded unic-idna-punycode v0.9.0
[INFO] running `Command { std: "docker" "create" "-v" "/var/lib/crater-agent-workspace/builds/worker-65/target:/opt/rustwide/target:rw,Z" "-v" "/var/lib/crater-agent-workspace/builds/worker-65/source:/opt/rustwide/workdir:ro,Z" "-v" "/var/lib/crater-agent-workspace/cargo-home:/opt/rustwide/cargo-home:ro,Z" "-v" "/var/lib/crater-agent-workspace/rustup-home:/opt/rustwide/rustup-home:ro,Z" "-e" "SOURCE_DIR=/opt/rustwide/workdir" "-e" "CARGO_TARGET_DIR=/opt/rustwide/target" "-e" "CARGO_HOME=/opt/rustwide/cargo-home" "-e" "RUSTUP_HOME=/opt/rustwide/rustup-home" "-w" "/opt/rustwide/workdir" "-m" "1610612736" "--user" "0:0" "--network" "none" "ghcr.io/rust-lang/crates-build-env/linux@sha256:a89201d6b5b9fd45c15d5952ece0a0129e7e80cb26ec023fd59cf09bc26f1604" "/opt/rustwide/cargo-home/bin/cargo" "+beta-2021-10-15" "metadata" "--no-deps" "--format-version=1", kill_on_drop: false }`
[INFO] [stdout] 4886b30c74b8c70c54dafd464b8d0b32bf3cd6db854771851e280d5d41b05ffc
[INFO] running `Command { std: "docker" "start" "-a" "4886b30c74b8c70c54dafd464b8d0b32bf3cd6db854771851e280d5d41b05ffc", kill_on_drop: false }`
[INFO] running `Command { std: "docker" "inspect" "4886b30c74b8c70c54dafd464b8d0b32bf3cd6db854771851e280d5d41b05ffc", kill_on_drop: false }`
[INFO] running `Command { std: "docker" "rm" "-f" "4886b30c74b8c70c54dafd464b8d0b32bf3cd6db854771851e280d5d41b05ffc", kill_on_drop: false }`
[INFO] [stdout] 4886b30c74b8c70c54dafd464b8d0b32bf3cd6db854771851e280d5d41b05ffc
[INFO] running `Command { std: "docker" "create" "-v" "/var/lib/crater-agent-workspace/builds/worker-65/target:/opt/rustwide/target:rw,Z" "-v" "/var/lib/crater-agent-workspace/builds/worker-65/source:/opt/rustwide/workdir:ro,Z" "-v" "/var/lib/crater-agent-workspace/cargo-home:/opt/rustwide/cargo-home:ro,Z" "-v" "/var/lib/crater-agent-workspace/rustup-home:/opt/rustwide/rustup-home:ro,Z" "-e" "SOURCE_DIR=/opt/rustwide/workdir" "-e" "CARGO_TARGET_DIR=/opt/rustwide/target" "-e" "CARGO_INCREMENTAL=0" "-e" "RUST_BACKTRACE=full" "-e" "RUSTFLAGS=--cap-lints=warn" "-e" "CARGO_HOME=/opt/rustwide/cargo-home" "-e" "RUSTUP_HOME=/opt/rustwide/rustup-home" "-w" "/opt/rustwide/workdir" "-m" "1610612736" "--user" "0:0" "--network" "none" "ghcr.io/rust-lang/crates-build-env/linux@sha256:a89201d6b5b9fd45c15d5952ece0a0129e7e80cb26ec023fd59cf09bc26f1604" "/opt/rustwide/cargo-home/bin/cargo" "+beta-2021-10-15" "check" "--frozen" "--all" "--all-targets" "--message-format=json", kill_on_drop: false }`
[INFO] [stdout] 64a7b36d7181b08f59efd98ec59a70c9fc6bbc0e4dbf133f35e19ade3c7fdff4
[INFO] running `Command { std: "docker" "start" "-a" "64a7b36d7181b08f59efd98ec59a70c9fc6bbc0e4dbf133f35e19ade3c7fdff4", kill_on_drop: false }`
[INFO] [stderr]    Compiling debugtrace v0.1.0
[INFO] [stderr]     Checking debug-builders v0.1.0
[INFO] [stderr]     Checking custom_derive v0.1.7
[INFO] [stderr]     Checking either v0.1.7
[INFO] [stderr]     Checking bitflags v0.7.0
[INFO] [stderr]     Checking hex v0.4.3
[INFO] [stderr]     Checking unic-idna-punycode v0.9.0
[INFO] [stderr]    Compiling backtrace-sys v0.1.37
[INFO] [stderr]    Compiling dbghelp-sys v0.2.0
[INFO] [stderr]     Checking anyhow v1.0.44
[INFO] [stderr]     Checking getrandom v0.2.3
[INFO] [stderr]    Compiling syn v1.0.80
[INFO] [stderr]     Checking conv v0.3.3
[INFO] [stderr]     Checking rand_core v0.6.3
[INFO] [stderr]     Checking rand_chacha v0.3.1
[INFO] [stderr]     Checking rand v0.8.4
[INFO] [stderr]     Checking backtrace v0.1.8
[INFO] [stderr]     Checking chomp v0.3.1
[INFO] [stderr]    Compiling thiserror-impl v1.0.30
[INFO] [stderr]    Compiling maybe-async v0.2.6
[INFO] [stderr]     Checking thiserror v1.0.30
[INFO] [stderr]     Checking dnssector v0.2.11
[INFO] [stderr]     Checking dnsclientx v0.3.0 (/opt/rustwide/workdir)
[INFO] [stdout] error[E0425]: cannot find function `query_raw_udp` in this scope
[INFO] [stdout]    --> src/resolve.rs:249:13
[INFO] [stdout]     |
[INFO] [stdout] 249 |             query_raw_udp(local_addr, upstream, packet, self.upstream_server_timeout).await?;
[INFO] [stdout]     |             ^^^^^^^^^^^^^ not found in this scope
[INFO] [stdout] 
[INFO] [stdout] 
[INFO] [stdout] error[E0425]: cannot find function `query_raw_udp` in this scope
[INFO] [stdout]    --> src/resolve.rs:249:13
[INFO] [stdout]     |
[INFO] [stdout] 249 |             query_raw_udp(local_addr, upstream, packet, self.upstream_server_timeout).await?;
[INFO] [stdout]     |             ^^^^^^^^^^^^^ not found in this scope
[INFO] [stdout] 
[INFO] [stdout] 
[INFO] [stdout] error[E0425]: cannot find function `query_raw_tcp` in this scope
[INFO] [stdout]    --> src/resolve.rs:257:13
[INFO] [stdout]     |
[INFO] [stdout] 257 |             query_raw_tcp(upstream, &tcp_packet, self.upstream_server_timeout).await?;
[INFO] [stdout]     |             ^^^^^^^^^^^^^ not found in this scope
[INFO] [stdout] 
[INFO] [stdout] 
[INFO] [stdout] error[E0425]: cannot find function `block_on` in this scope
[INFO] [stdout]    --> src/resolve.rs:411:13
[INFO] [stdout]     |
[INFO] [stdout] 411 |             block_on(async move { $b.await })
[INFO] [stdout]     |             ^^^^^^^^ not found in this scope
[INFO] [stdout] ...
[INFO] [stdout] 432 |         let r = block_on!(dns_client.query_a(EXAMPLE_FQDN)).unwrap();
[INFO] [stdout]     |                 ------------------------------------------- in this macro invocation
[INFO] [stdout]     |
[INFO] [stdout]     = note: this error originates in the macro `block_on` (in Nightly builds, run with -Z macro-backtrace for more info)
[INFO] [stdout] 
[INFO] [stdout] 
[INFO] [stdout] error[E0425]: cannot find function `block_on` in this scope
[INFO] [stdout]    --> src/resolve.rs:411:13
[INFO] [stdout]     |
[INFO] [stdout] 411 |             block_on(async move { $b.await })
[INFO] [stdout]     |             ^^^^^^^^ not found in this scope
[INFO] [stdout] ...
[INFO] [stdout] 441 |         let r = block_on!(dns_client.query_a(EXAMPLE_FQDN));
[INFO] [stdout]     |                 ------------------------------------------- in this macro invocation
[INFO] [stdout]     |
[INFO] [stdout]     = note: this error originates in the macro `block_on` (in Nightly builds, run with -Z macro-backtrace for more info)
[INFO] [stdout] 
[INFO] [stdout] 
[INFO] [stdout] error[E0425]: cannot find function `block_on` in this scope
[INFO] [stdout]    --> src/resolve.rs:411:13
[INFO] [stdout]     |
[INFO] [stdout] 411 |             block_on(async move { $b.await })
[INFO] [stdout]     |             ^^^^^^^^ not found in this scope
[INFO] [stdout] ...
[INFO] [stdout] 452 |         let jp_res = block_on!(dns_client.query_a(EXAMPLE_IDN)).unwrap();
[INFO] [stdout]     |                      ------------------------------------------ in this macro invocation
[INFO] [stdout]     |
[INFO] [stdout]     = note: this error originates in the macro `block_on` (in Nightly builds, run with -Z macro-backtrace for more info)
[INFO] [stdout] 
[INFO] [stdout] 
[INFO] [stdout] error[E0425]: cannot find function `block_on` in this scope
[INFO] [stdout]    --> src/resolve.rs:411:13
[INFO] [stdout]     |
[INFO] [stdout] 411 |             block_on(async move { $b.await })
[INFO] [stdout]     |             ^^^^^^^^ not found in this scope
[INFO] [stdout] ...
[INFO] [stdout] 466 |         let r = block_on!(dns_client.query_aaaa(EXAMPLE_FQDN)).unwrap();
[INFO] [stdout]     |                 ---------------------------------------------- in this macro invocation
[INFO] [stdout]     |
[INFO] [stdout]     = note: this error originates in the macro `block_on` (in Nightly builds, run with -Z macro-backtrace for more info)
[INFO] [stdout] 
[INFO] [stdout] 
[INFO] [stdout] error[E0425]: cannot find function `block_on` in this scope
[INFO] [stdout]    --> src/resolve.rs:411:13
[INFO] [stdout]     |
[INFO] [stdout] 411 |             block_on(async move { $b.await })
[INFO] [stdout]     |             ^^^^^^^^ not found in this scope
[INFO] [stdout] ...
[INFO] [stdout] 474 |         let r = block_on!(dns_client.query_ptr(EXAMPLE_IPV4)).unwrap();
[INFO] [stdout]     |                 --------------------------------------------- in this macro invocation
[INFO] [stdout]     |
[INFO] [stdout]     = note: this error originates in the macro `block_on` (in Nightly builds, run with -Z macro-backtrace for more info)
[INFO] [stdout] 
[INFO] [stdout] 
[INFO] [stdout] error[E0425]: cannot find function `block_on` in this scope
[INFO] [stdout]    --> src/resolve.rs:411:13
[INFO] [stdout]     |
[INFO] [stdout] 411 |             block_on(async move { $b.await })
[INFO] [stdout]     |             ^^^^^^^^ not found in this scope
[INFO] [stdout] ...
[INFO] [stdout] 482 |         let r = block_on!(dns_client.query_ptr(EXAMPLE_IPV6)).unwrap();
[INFO] [stdout]     |                 --------------------------------------------- in this macro invocation
[INFO] [stdout]     |
[INFO] [stdout]     = note: this error originates in the macro `block_on` (in Nightly builds, run with -Z macro-backtrace for more info)
[INFO] [stdout] 
[INFO] [stdout] 
[INFO] [stdout] error[E0425]: cannot find function `block_on` in this scope
[INFO] [stdout]    --> src/resolve.rs:411:13
[INFO] [stdout]     |
[INFO] [stdout] 411 |             block_on(async move { $b.await })
[INFO] [stdout]     |             ^^^^^^^^ not found in this scope
[INFO] [stdout] ...
[INFO] [stdout] 499 |         let r = block_on!(dns_client.query_ns(EXAMPLE_DOMAIN)).unwrap();
[INFO] [stdout]     |                 ---------------------------------------------- in this macro invocation
[INFO] [stdout]     |
[INFO] [stdout]     = note: this error originates in the macro `block_on` (in Nightly builds, run with -Z macro-backtrace for more info)
[INFO] [stdout] 
[INFO] [stdout] 
[INFO] [stdout] error[E0425]: cannot find function `query_raw_tcp` in this scope
[INFO] [stdout]    --> src/resolve.rs:257:13
[INFO] [stdout]     |
[INFO] [stdout] 257 |             query_raw_tcp(upstream, &tcp_packet, self.upstream_server_timeout).await?;
[INFO] [stdout]     |             ^^^^^^^^^^^^^ not found in this scope
[INFO] [stdout] 
[INFO] [stdout] 
[INFO] [stdout] warning: unused import: `std::future::Future`
[INFO] [stdout]    --> src/resolve.rs:370:9
[INFO] [stdout]     |
[INFO] [stdout] 370 |     use std::future::Future;
[INFO] [stdout]     |         ^^^^^^^^^^^^^^^^^^^
[INFO] [stdout]     |
[INFO] [stdout]     = note: `#[warn(unused_imports)]` on by default
[INFO] [stdout] 
[INFO] [stdout] 
[INFO] [stdout] error: aborting due to 2 previous errors
[INFO] [stdout] 
[INFO] [stdout] 
[INFO] [stdout] For more information about this error, try `rustc --explain E0425`.
[INFO] [stdout] 
[INFO] [stderr] error: could not compile `dnsclientx` due to 3 previous errors
[INFO] [stderr] warning: build failed, waiting for other jobs to finish...
[INFO] [stdout] error: aborting due to 9 previous errors; 1 warning emitted
[INFO] [stdout] 
[INFO] [stdout] 
[INFO] [stdout] For more information about this error, try `rustc --explain E0425`.
[INFO] [stdout] 
[INFO] [stderr] error: build failed
[INFO] running `Command { std: "docker" "inspect" "64a7b36d7181b08f59efd98ec59a70c9fc6bbc0e4dbf133f35e19ade3c7fdff4", kill_on_drop: false }`
[INFO] running `Command { std: "docker" "rm" "-f" "64a7b36d7181b08f59efd98ec59a70c9fc6bbc0e4dbf133f35e19ade3c7fdff4", kill_on_drop: false }`
[INFO] [stdout] 64a7b36d7181b08f59efd98ec59a70c9fc6bbc0e4dbf133f35e19ade3c7fdff4
