[INFO] fetching crate dmxparser 0.1.0...
[INFO] checking dmxparser-0.1.0 against beta-2021-10-15 for beta-1.56-3
[INFO] extracting crate dmxparser 0.1.0 into /workspace/builds/worker-26/source
[INFO] validating manifest of crates.io crate dmxparser 0.1.0 on toolchain beta-2021-10-15
[INFO] running `Command { std: "/workspace/cargo-home/bin/cargo" "+beta-2021-10-15" "metadata" "--manifest-path" "Cargo.toml" "--no-deps", kill_on_drop: false }`
[INFO] started tweaking crates.io crate dmxparser 0.1.0
[INFO] removed 0 missing tests
[INFO] finished tweaking crates.io crate dmxparser 0.1.0
[INFO] tweaked toml for crates.io crate dmxparser 0.1.0 written to /workspace/builds/worker-26/source/Cargo.toml
[INFO] running `Command { std: "/workspace/cargo-home/bin/cargo" "+beta-2021-10-15" "generate-lockfile" "--manifest-path" "Cargo.toml" "-Zno-index-update", kill_on_drop: false }`
[INFO] running `Command { std: "/workspace/cargo-home/bin/cargo" "+beta-2021-10-15" "fetch" "--manifest-path" "Cargo.toml", kill_on_drop: false }`
[INFO] [stderr]     Blocking waiting for file lock on package cache
[INFO] running `Command { std: "docker" "create" "-v" "/var/lib/crater-agent-workspace/builds/worker-26/target:/opt/rustwide/target:rw,Z" "-v" "/var/lib/crater-agent-workspace/builds/worker-26/source:/opt/rustwide/workdir:ro,Z" "-v" "/var/lib/crater-agent-workspace/cargo-home:/opt/rustwide/cargo-home:ro,Z" "-v" "/var/lib/crater-agent-workspace/rustup-home:/opt/rustwide/rustup-home:ro,Z" "-e" "SOURCE_DIR=/opt/rustwide/workdir" "-e" "CARGO_TARGET_DIR=/opt/rustwide/target" "-e" "CARGO_HOME=/opt/rustwide/cargo-home" "-e" "RUSTUP_HOME=/opt/rustwide/rustup-home" "-w" "/opt/rustwide/workdir" "-m" "1610612736" "--user" "0:0" "--network" "none" "ghcr.io/rust-lang/crates-build-env/linux@sha256:a89201d6b5b9fd45c15d5952ece0a0129e7e80cb26ec023fd59cf09bc26f1604" "/opt/rustwide/cargo-home/bin/cargo" "+beta-2021-10-15" "metadata" "--no-deps" "--format-version=1", kill_on_drop: false }`
[INFO] [stdout] eda1054a9d1276b4b78f3f6021002cb63998d88707a64d9a0c67f4ecb39872ab
[INFO] running `Command { std: "docker" "start" "-a" "eda1054a9d1276b4b78f3f6021002cb63998d88707a64d9a0c67f4ecb39872ab", kill_on_drop: false }`
[INFO] running `Command { std: "docker" "inspect" "eda1054a9d1276b4b78f3f6021002cb63998d88707a64d9a0c67f4ecb39872ab", kill_on_drop: false }`
[INFO] running `Command { std: "docker" "rm" "-f" "eda1054a9d1276b4b78f3f6021002cb63998d88707a64d9a0c67f4ecb39872ab", kill_on_drop: false }`
[INFO] [stdout] eda1054a9d1276b4b78f3f6021002cb63998d88707a64d9a0c67f4ecb39872ab
[INFO] running `Command { std: "docker" "create" "-v" "/var/lib/crater-agent-workspace/builds/worker-26/target:/opt/rustwide/target:rw,Z" "-v" "/var/lib/crater-agent-workspace/builds/worker-26/source:/opt/rustwide/workdir:ro,Z" "-v" "/var/lib/crater-agent-workspace/cargo-home:/opt/rustwide/cargo-home:ro,Z" "-v" "/var/lib/crater-agent-workspace/rustup-home:/opt/rustwide/rustup-home:ro,Z" "-e" "SOURCE_DIR=/opt/rustwide/workdir" "-e" "CARGO_TARGET_DIR=/opt/rustwide/target" "-e" "CARGO_INCREMENTAL=0" "-e" "RUST_BACKTRACE=full" "-e" "RUSTFLAGS=--cap-lints=warn" "-e" "CARGO_HOME=/opt/rustwide/cargo-home" "-e" "RUSTUP_HOME=/opt/rustwide/rustup-home" "-w" "/opt/rustwide/workdir" "-m" "1610612736" "--user" "0:0" "--network" "none" "ghcr.io/rust-lang/crates-build-env/linux@sha256:a89201d6b5b9fd45c15d5952ece0a0129e7e80cb26ec023fd59cf09bc26f1604" "/opt/rustwide/cargo-home/bin/cargo" "+beta-2021-10-15" "check" "--frozen" "--all" "--all-targets" "--message-format=json", kill_on_drop: false }`
[INFO] [stdout] d486a6261cf3f2676cc8e9d2c0c2b77855c9766f074c475bfb5772fc15e52bbc
[INFO] running `Command { std: "docker" "start" "-a" "d486a6261cf3f2676cc8e9d2c0c2b77855c9766f074c475bfb5772fc15e52bbc", kill_on_drop: false }`
[INFO] [stderr]    Compiling serde v1.0.130
[INFO] [stderr]    Compiling anyhow v1.0.44
[INFO] [stderr]     Checking serde_json v1.0.68
[INFO] [stderr]     Checking dmxparser v0.1.0 (/opt/rustwide/workdir)
[INFO] [stdout] error[E0554]: `#![feature]` may not be used on the beta release channel
[INFO] [stdout]  --> tests/reader.rs:1:1
[INFO] [stdout]   |
[INFO] [stdout] 1 | #![feature(test)]
[INFO] [stdout]   | ^^^^^^^^^^^^^^^^^
[INFO] [stdout] 
[INFO] [stdout] 
[INFO] [stdout] error[E0554]: `#![feature]` may not be used on the beta release channel
[INFO] [stdout]  --> benches/reader.rs:1:1
[INFO] [stdout]   |
[INFO] [stdout] 1 | #![feature(test)]
[INFO] [stdout]   | ^^^^^^^^^^^^^^^^^
[INFO] [stdout] 
[INFO] [stdout] 
[INFO] [stdout] error: aborting due to previous error
[INFO] [stdout] 
[INFO] [stdout] 
[INFO] [stdout] For more information about this error, try `rustc --explain E0554`.
[INFO] [stdout] 
[INFO] [stdout] error[E0063]: missing fields `compile_fail` and `no_run` in initializer of `TestDesc`
[INFO] [stdout]   --> tests/reader.rs:41:19
[INFO] [stdout]    |
[INFO] [stdout] 41 |             desc: TestDesc {
[INFO] [stdout]    |                   ^^^^^^^^ missing `compile_fail` and `no_run`
[INFO] [stdout] 
[INFO] [stdout] 
[INFO] [stderr] error: could not compile `dmxparser` due to 2 previous errors
[INFO] [stderr] warning: build failed, waiting for other jobs to finish...
[INFO] [stdout] error[E0063]: missing fields `compile_fail` and `no_run` in initializer of `TestDesc`
[INFO] [stdout]   --> tests/reader.rs:60:19
[INFO] [stdout]    |
[INFO] [stdout] 60 |             desc: TestDesc {
[INFO] [stdout]    |                   ^^^^^^^^ missing `compile_fail` and `no_run`
[INFO] [stdout] 
[INFO] [stdout] 
[INFO] [stdout] error[E0063]: missing fields `compile_fail` and `no_run` in initializer of `TestDesc`
[INFO] [stdout]   --> tests/reader.rs:78:19
[INFO] [stdout]    |
[INFO] [stdout] 78 |             desc: TestDesc {
[INFO] [stdout]    |                   ^^^^^^^^ missing `compile_fail` and `no_run`
[INFO] [stdout] 
[INFO] [stdout] 
[INFO] [stdout] error[E0063]: missing fields `compile_fail` and `no_run` in initializer of `TestDesc`
[INFO] [stdout]   --> tests/reader.rs:99:19
[INFO] [stdout]    |
[INFO] [stdout] 99 |             desc: TestDesc {
[INFO] [stdout]    |                   ^^^^^^^^ missing `compile_fail` and `no_run`
[INFO] [stdout] 
[INFO] [stdout] 
[INFO] [stdout] error[E0063]: missing fields `compile_fail` and `no_run` in initializer of `TestDesc`
[INFO] [stdout]    --> tests/reader.rs:121:19
[INFO] [stdout]     |
[INFO] [stdout] 121 |             desc: TestDesc {
[INFO] [stdout]     |                   ^^^^^^^^ missing `compile_fail` and `no_run`
[INFO] [stdout] 
[INFO] [stdout] 
[INFO] [stdout] error[E0063]: missing fields `compile_fail` and `no_run` in initializer of `TestDesc`
[INFO] [stdout]    --> tests/reader.rs:142:19
[INFO] [stdout]     |
[INFO] [stdout] 142 |             desc: TestDesc {
[INFO] [stdout]     |                   ^^^^^^^^ missing `compile_fail` and `no_run`
[INFO] [stdout] 
[INFO] [stdout] 
[INFO] [stdout] error: aborting due to 7 previous errors
[INFO] [stdout] 
[INFO] [stdout] 
[INFO] [stderr] error: build failed
[INFO] [stdout] Some errors have detailed explanations: E0063, E0554.
[INFO] [stdout] 
[INFO] [stdout] For more information about an error, try `rustc --explain E0063`.
[INFO] [stdout] 
[INFO] running `Command { std: "docker" "inspect" "d486a6261cf3f2676cc8e9d2c0c2b77855c9766f074c475bfb5772fc15e52bbc", kill_on_drop: false }`
[INFO] running `Command { std: "docker" "rm" "-f" "d486a6261cf3f2676cc8e9d2c0c2b77855c9766f074c475bfb5772fc15e52bbc", kill_on_drop: false }`
[INFO] [stdout] d486a6261cf3f2676cc8e9d2c0c2b77855c9766f074c475bfb5772fc15e52bbc
