[INFO] fetching crate djinn 0.0.1...
[INFO] checking djinn-0.0.1 against beta-2021-10-15 for beta-1.56-3
[INFO] extracting crate djinn 0.0.1 into /workspace/builds/worker-73/source
[INFO] validating manifest of crates.io crate djinn 0.0.1 on toolchain beta-2021-10-15
[INFO] running `Command { std: "/workspace/cargo-home/bin/cargo" "+beta-2021-10-15" "metadata" "--manifest-path" "Cargo.toml" "--no-deps", kill_on_drop: false }`
[INFO] started tweaking crates.io crate djinn 0.0.1
[INFO] finished tweaking crates.io crate djinn 0.0.1
[INFO] tweaked toml for crates.io crate djinn 0.0.1 written to /workspace/builds/worker-73/source/Cargo.toml
[INFO] running `Command { std: "/workspace/cargo-home/bin/cargo" "+beta-2021-10-15" "generate-lockfile" "--manifest-path" "Cargo.toml" "-Zno-index-update", kill_on_drop: false }`
[INFO] running `Command { std: "/workspace/cargo-home/bin/cargo" "+beta-2021-10-15" "fetch" "--manifest-path" "Cargo.toml", kill_on_drop: false }`
[INFO] [stderr]     Blocking waiting for file lock on package cache
[INFO] [stderr]  Downloading crates ...
[INFO] [stderr]   Downloaded redis v0.8.0
[INFO] [stderr]   Downloaded python3-sys v0.1.3
[INFO] [stderr]   Downloaded redis-cluster v0.1.4
[INFO] [stderr]   Downloaded ws v0.5.3
[INFO] [stderr]   Downloaded cpython v0.1.0
[INFO] running `Command { std: "docker" "create" "-v" "/var/lib/crater-agent-workspace/builds/worker-73/target:/opt/rustwide/target:rw,Z" "-v" "/var/lib/crater-agent-workspace/builds/worker-73/source:/opt/rustwide/workdir:ro,Z" "-v" "/var/lib/crater-agent-workspace/cargo-home:/opt/rustwide/cargo-home:ro,Z" "-v" "/var/lib/crater-agent-workspace/rustup-home:/opt/rustwide/rustup-home:ro,Z" "-e" "SOURCE_DIR=/opt/rustwide/workdir" "-e" "CARGO_TARGET_DIR=/opt/rustwide/target" "-e" "CARGO_HOME=/opt/rustwide/cargo-home" "-e" "RUSTUP_HOME=/opt/rustwide/rustup-home" "-w" "/opt/rustwide/workdir" "-m" "1610612736" "--user" "0:0" "--network" "none" "ghcr.io/rust-lang/crates-build-env/linux@sha256:a89201d6b5b9fd45c15d5952ece0a0129e7e80cb26ec023fd59cf09bc26f1604" "/opt/rustwide/cargo-home/bin/cargo" "+beta-2021-10-15" "metadata" "--no-deps" "--format-version=1", kill_on_drop: false }`
[INFO] [stdout] a063ecc2049869d629a9564da5415829d9b08b5bd1c16d13e868734bbc695a5a
[INFO] running `Command { std: "docker" "start" "-a" "a063ecc2049869d629a9564da5415829d9b08b5bd1c16d13e868734bbc695a5a", kill_on_drop: false }`
[INFO] running `Command { std: "docker" "inspect" "a063ecc2049869d629a9564da5415829d9b08b5bd1c16d13e868734bbc695a5a", kill_on_drop: false }`
[INFO] running `Command { std: "docker" "rm" "-f" "a063ecc2049869d629a9564da5415829d9b08b5bd1c16d13e868734bbc695a5a", kill_on_drop: false }`
[INFO] [stdout] a063ecc2049869d629a9564da5415829d9b08b5bd1c16d13e868734bbc695a5a
[INFO] running `Command { std: "docker" "create" "-v" "/var/lib/crater-agent-workspace/builds/worker-73/target:/opt/rustwide/target:rw,Z" "-v" "/var/lib/crater-agent-workspace/builds/worker-73/source:/opt/rustwide/workdir:ro,Z" "-v" "/var/lib/crater-agent-workspace/cargo-home:/opt/rustwide/cargo-home:ro,Z" "-v" "/var/lib/crater-agent-workspace/rustup-home:/opt/rustwide/rustup-home:ro,Z" "-e" "SOURCE_DIR=/opt/rustwide/workdir" "-e" "CARGO_TARGET_DIR=/opt/rustwide/target" "-e" "CARGO_INCREMENTAL=0" "-e" "RUST_BACKTRACE=full" "-e" "RUSTFLAGS=--cap-lints=warn" "-e" "CARGO_HOME=/opt/rustwide/cargo-home" "-e" "RUSTUP_HOME=/opt/rustwide/rustup-home" "-w" "/opt/rustwide/workdir" "-m" "1610612736" "--user" "0:0" "--network" "none" "ghcr.io/rust-lang/crates-build-env/linux@sha256:a89201d6b5b9fd45c15d5952ece0a0129e7e80cb26ec023fd59cf09bc26f1604" "/opt/rustwide/cargo-home/bin/cargo" "+beta-2021-10-15" "check" "--frozen" "--all" "--all-targets" "--message-format=json", kill_on_drop: false }`
[INFO] [stdout] 63d442994e9305608481a964611bd54d80e7dacbdf7bbd040712d3cf34d6c9e2
[INFO] running `Command { std: "docker" "start" "-a" "63d442994e9305608481a964611bd54d80e7dacbdf7bbd040712d3cf34d6c9e2", kill_on_drop: false }`
[INFO] [stderr]     Blocking waiting for file lock on package cache
[INFO] [stderr]    Compiling winapi-build v0.1.1
[INFO] [stderr]    Compiling winapi v0.2.8
[INFO] [stderr]    Compiling utf8-ranges v0.1.3
[INFO] [stderr]    Compiling regex-syntax v0.3.9
[INFO] [stderr]     Checking matches v0.1.9
[INFO] [stderr]     Checking unicode-bidi v0.3.7
[INFO] [stderr]     Checking percent-encoding v1.0.1
[INFO] [stderr]     Checking bitflags v0.4.0
[INFO] [stderr]    Compiling httparse v1.5.1
[INFO] [stderr]    Compiling redis v0.8.0
[INFO] [stderr]     Checking sha1 v0.2.0
[INFO] [stderr]     Checking bytes v0.3.0
[INFO] [stderr]     Checking slab v0.1.3
[INFO] [stderr]     Checking rustc-serialize v0.3.24
[INFO] [stderr]    Compiling cpython v0.1.0
[INFO] [stderr]     Checking tinyvec v1.5.0
[INFO] [stderr]    Compiling memchr v0.1.11
[INFO] [stderr]     Checking net2 v0.2.37
[INFO] [stderr]     Checking time v0.1.44
[INFO] [stderr]     Checking rand v0.3.23
[INFO] [stderr]     Checking log v0.3.9
[INFO] [stderr]     Checking num-traits v0.1.43
[INFO] [stderr]     Checking nix v0.5.1
[INFO] [stderr]    Compiling aho-corasick v0.5.3
[INFO] [stderr]    Compiling kernel32-sys v0.2.2
[INFO] [stderr]    Compiling ws2_32-sys v0.2.1
[INFO] [stderr]    Compiling thread-id v2.0.0
[INFO] [stderr]     Checking miow v0.1.5
[INFO] [stderr]    Compiling thread_local v0.2.7
[INFO] [stderr]    Compiling regex v0.1.80
[INFO] [stderr]     Checking unicode-normalization v0.1.19
[INFO] [stderr]     Checking mio v0.5.1
[INFO] [stderr]     Checking rmp-serialize v0.8.1
[INFO] [stderr]     Checking uuid v0.2.3
[INFO] [stderr]     Checking idna v0.1.5
[INFO] [stderr]     Checking url v1.7.2
[INFO] [stderr]     Checking ws v0.5.3
[INFO] [stderr]    Compiling python3-sys v0.1.3
[INFO] [stderr]     Checking redis-cluster v0.1.4
[INFO] [stdout] error[E0425]: cannot find function, tuple struct or tuple variant `PyEval_ThreadsInitialized` in crate `ffi`
[INFO] [stdout]   --> /opt/rustwide/cargo-home/registry/src/github.com-1ecc6299db9ec823/cpython-0.1.0/src/pythonrun.rs:55:26
[INFO] [stdout]    |
[INFO] [stdout] 55 |             assert!(ffi::PyEval_ThreadsInitialized() != 0);
[INFO] [stdout]    |                          ^^^^^^^^^^^^^^^^^^^^^^^^^ not found in `ffi`
[INFO] [stdout] 
[INFO] [stdout] 
[INFO] [stdout] error[E0425]: cannot find function, tuple struct or tuple variant `PyEval_ThreadsInitialized` in crate `ffi`
[INFO] [stdout]   --> /opt/rustwide/cargo-home/registry/src/github.com-1ecc6299db9ec823/cpython-0.1.0/src/pythonrun.rs:58:26
[INFO] [stdout]    |
[INFO] [stdout] 58 |             assert!(ffi::PyEval_ThreadsInitialized() == 0);
[INFO] [stdout]    |                          ^^^^^^^^^^^^^^^^^^^^^^^^^ not found in `ffi`
[INFO] [stdout] 
[INFO] [stdout] 
[INFO] [stdout] error[E0425]: cannot find function, tuple struct or tuple variant `PyEval_InitThreads` in crate `ffi`
[INFO] [stdout]   --> /opt/rustwide/cargo-home/registry/src/github.com-1ecc6299db9ec823/cpython-0.1.0/src/pythonrun.rs:65:18
[INFO] [stdout]    |
[INFO] [stdout] 65 |             ffi::PyEval_InitThreads();
[INFO] [stdout]    |                  ^^^^^^^^^^^^^^^^^^ help: a function with a similar name exists: `PyEval_SaveThread`
[INFO] [stdout]    |
[INFO] [stdout]   ::: /opt/rustwide/cargo-home/registry/src/github.com-1ecc6299db9ec823/python3-sys-0.1.3/src/ceval.rs:49:5
[INFO] [stdout]    |
[INFO] [stdout] 49 |     pub fn PyEval_SaveThread() -> *mut PyThreadState;
[INFO] [stdout]    |     ------------------------------------------------- similarly named function `PyEval_SaveThread` defined here
[INFO] [stdout] 
[INFO] [stdout] 
[INFO] [stdout] error[E0425]: cannot find function, tuple struct or tuple variant `PyEval_InitThreads` in crate `ffi`
[INFO] [stdout]    --> /opt/rustwide/cargo-home/registry/src/github.com-1ecc6299db9ec823/cpython-0.1.0/src/lib.rs:333:10
[INFO] [stdout]     |
[INFO] [stdout] 333 |     ffi::PyEval_InitThreads();
[INFO] [stdout]     |          ^^^^^^^^^^^^^^^^^^ help: a function with a similar name exists: `PyEval_SaveThread`
[INFO] [stdout]     |
[INFO] [stdout]    ::: /opt/rustwide/cargo-home/registry/src/github.com-1ecc6299db9ec823/python3-sys-0.1.3/src/ceval.rs:49:5
[INFO] [stdout]     |
[INFO] [stdout] 49  |     pub fn PyEval_SaveThread() -> *mut PyThreadState;
[INFO] [stdout]     |     ------------------------------------------------- similarly named function `PyEval_SaveThread` defined here
[INFO] [stdout] 
[INFO] [stdout] 
[INFO] [stdout] error: aborting due to 4 previous errors
[INFO] [stdout] 
[INFO] [stdout] 
[INFO] [stdout] For more information about this error, try `rustc --explain E0425`.
[INFO] [stdout] 
[INFO] [stderr] error: could not compile `cpython` due to 5 previous errors
[INFO] running `Command { std: "docker" "inspect" "63d442994e9305608481a964611bd54d80e7dacbdf7bbd040712d3cf34d6c9e2", kill_on_drop: false }`
[INFO] running `Command { std: "docker" "rm" "-f" "63d442994e9305608481a964611bd54d80e7dacbdf7bbd040712d3cf34d6c9e2", kill_on_drop: false }`
[INFO] [stdout] 63d442994e9305608481a964611bd54d80e7dacbdf7bbd040712d3cf34d6c9e2
