[INFO] fetching crate did-webkey 0.1.0...
[INFO] checking did-webkey-0.1.0 against 1.55.0 for beta-1.56-3
[INFO] extracting crate did-webkey 0.1.0 into /workspace/builds/worker-0/source
[INFO] validating manifest of crates.io crate did-webkey 0.1.0 on toolchain 1.55.0
[INFO] running `Command { std: "/workspace/cargo-home/bin/cargo" "+1.55.0" "metadata" "--manifest-path" "Cargo.toml" "--no-deps", kill_on_drop: false }`
[INFO] started tweaking crates.io crate did-webkey 0.1.0
[INFO] finished tweaking crates.io crate did-webkey 0.1.0
[INFO] tweaked toml for crates.io crate did-webkey 0.1.0 written to /workspace/builds/worker-0/source/Cargo.toml
[INFO] running `Command { std: "/workspace/cargo-home/bin/cargo" "+1.55.0" "generate-lockfile" "--manifest-path" "Cargo.toml" "-Zno-index-update", kill_on_drop: false }`
[INFO] running `Command { std: "/workspace/cargo-home/bin/cargo" "+1.55.0" "fetch" "--manifest-path" "Cargo.toml", kill_on_drop: false }`
[INFO] running `Command { std: "docker" "create" "-v" "/var/lib/crater-agent-workspace/builds/worker-0/target:/opt/rustwide/target:rw,Z" "-v" "/var/lib/crater-agent-workspace/builds/worker-0/source:/opt/rustwide/workdir:ro,Z" "-v" "/var/lib/crater-agent-workspace/cargo-home:/opt/rustwide/cargo-home:ro,Z" "-v" "/var/lib/crater-agent-workspace/rustup-home:/opt/rustwide/rustup-home:ro,Z" "-e" "SOURCE_DIR=/opt/rustwide/workdir" "-e" "CARGO_TARGET_DIR=/opt/rustwide/target" "-e" "CARGO_HOME=/opt/rustwide/cargo-home" "-e" "RUSTUP_HOME=/opt/rustwide/rustup-home" "-w" "/opt/rustwide/workdir" "-m" "1610612736" "--user" "0:0" "--network" "none" "ghcr.io/rust-lang/crates-build-env/linux@sha256:a89201d6b5b9fd45c15d5952ece0a0129e7e80cb26ec023fd59cf09bc26f1604" "/opt/rustwide/cargo-home/bin/cargo" "+1.55.0" "metadata" "--no-deps" "--format-version=1", kill_on_drop: false }`
[INFO] [stdout] c9d653254ba2b0cf859b2b0dab67f1d99203f07d1ec8a5daee37e31759531865
[INFO] [stderr] WARNING: Your kernel does not support swap limit capabilities or the cgroup is not mounted. Memory limited without swap.
[INFO] running `Command { std: "docker" "start" "-a" "c9d653254ba2b0cf859b2b0dab67f1d99203f07d1ec8a5daee37e31759531865", kill_on_drop: false }`
[INFO] running `Command { std: "docker" "inspect" "c9d653254ba2b0cf859b2b0dab67f1d99203f07d1ec8a5daee37e31759531865", kill_on_drop: false }`
[INFO] running `Command { std: "docker" "rm" "-f" "c9d653254ba2b0cf859b2b0dab67f1d99203f07d1ec8a5daee37e31759531865", kill_on_drop: false }`
[INFO] [stdout] c9d653254ba2b0cf859b2b0dab67f1d99203f07d1ec8a5daee37e31759531865
[INFO] running `Command { std: "docker" "create" "-v" "/var/lib/crater-agent-workspace/builds/worker-0/target:/opt/rustwide/target:rw,Z" "-v" "/var/lib/crater-agent-workspace/builds/worker-0/source:/opt/rustwide/workdir:ro,Z" "-v" "/var/lib/crater-agent-workspace/cargo-home:/opt/rustwide/cargo-home:ro,Z" "-v" "/var/lib/crater-agent-workspace/rustup-home:/opt/rustwide/rustup-home:ro,Z" "-e" "SOURCE_DIR=/opt/rustwide/workdir" "-e" "CARGO_TARGET_DIR=/opt/rustwide/target" "-e" "CARGO_INCREMENTAL=0" "-e" "RUST_BACKTRACE=full" "-e" "RUSTFLAGS=--cap-lints=warn" "-e" "CARGO_HOME=/opt/rustwide/cargo-home" "-e" "RUSTUP_HOME=/opt/rustwide/rustup-home" "-w" "/opt/rustwide/workdir" "-m" "1610612736" "--user" "0:0" "--network" "none" "ghcr.io/rust-lang/crates-build-env/linux@sha256:a89201d6b5b9fd45c15d5952ece0a0129e7e80cb26ec023fd59cf09bc26f1604" "/opt/rustwide/cargo-home/bin/cargo" "+1.55.0" "check" "--frozen" "--all" "--all-targets" "--message-format=json", kill_on_drop: false }`
[INFO] [stdout] c8fa8b2095d8c6135486ac675077f9352416660cd02d15976c932112df09da98
[INFO] [stderr] WARNING: Your kernel does not support swap limit capabilities or the cgroup is not mounted. Memory limited without swap.
[INFO] running `Command { std: "docker" "start" "-a" "c8fa8b2095d8c6135486ac675077f9352416660cd02d15976c932112df09da98", kill_on_drop: false }`
[INFO] [stderr]    Compiling openssl v0.10.36
[INFO] [stderr]    Compiling native-tls v0.2.8
[INFO] [stderr]    Compiling serde_json v1.0.68
[INFO] [stderr]    Compiling radium v0.6.2
[INFO] [stderr]    Compiling ryu-js v0.2.1
[INFO] [stderr]    Compiling data-encoding v2.3.2
[INFO] [stderr]     Checking pct-str v1.1.0
[INFO] [stderr]     Checking arrayvec v0.5.2
[INFO] [stderr]     Checking mown v0.2.1
[INFO] [stderr]     Checking base-x v0.2.8
[INFO] [stderr]     Checking langtag v0.2.0
[INFO] [stderr]     Checking combination v0.1.5
[INFO] [stderr]     Checking ssi-contexts v0.1.1
[INFO] [stderr]    Compiling tokio v1.12.0
[INFO] [stderr]    Compiling num-bigint v0.2.6
[INFO] [stderr]    Compiling openssl-src v111.16.0+1.1.1l
[INFO] [stderr]     Checking tracing v0.1.29
[INFO] [stderr]    Compiling num-traits v0.2.14
[INFO] [stderr]     Checking getrandom v0.2.3
[INFO] [stderr]     Checking flate2 v1.0.22
[INFO] [stderr]     Checking iref v2.0.3
[INFO] [stderr]     Checking crypto-mac v0.7.0
[INFO] [stderr]     Checking num-bigint v0.4.2
[INFO] [stderr]     Checking blake2b_simd v0.5.11
[INFO] [stderr]    Compiling serde_derive v1.0.130
[INFO] [stderr]    Compiling synstructure v0.12.6
[INFO] [stderr]    Compiling darling_core v0.10.2
[INFO] [stderr]    Compiling thiserror-impl v1.0.30
[INFO] [stderr]    Compiling pest_generator v2.1.3
[INFO] [stderr]     Checking rand_xorshift v0.2.0
[INFO] [stderr]     Checking sha2 v0.9.8
[INFO] [stderr]     Checking futures-util v0.3.17
[INFO] [stderr]     Checking rand_core v0.6.3
[INFO] [stderr]     Checking hmac v0.7.1
[INFO] [stderr]     Checking blake2 v0.8.1
[INFO] [stderr]     Checking sshkeys v0.3.1
[INFO] [stderr]    Compiling openssl-sys v0.9.67
[INFO] [stderr]     Checking hkdf v0.8.0
[INFO] [stderr]     Checking bs58 v0.4.0
[INFO] [stderr]     Checking mio v0.7.13
[INFO] [stderr]     Checking want v0.3.0
[INFO] [stderr]     Checking signature v1.3.1
[INFO] [stderr]     Checking elliptic-curve v0.9.12
[INFO] [stderr]    Compiling num-integer v0.1.44
[INFO] [stderr]     Checking bitvec v0.20.4
[INFO] [stderr]     Checking ecdsa v0.11.1
[INFO] [stderr]    Compiling data-encoding-macro-internal v0.1.10
[INFO] [stderr]    Compiling pest_derive v2.1.0
[INFO] [stderr]    Compiling zeroize_derive v1.2.0
[INFO] [stderr]    Compiling failure_derive v0.1.8
[INFO] [stderr]    Compiling darling_macro v0.10.2
[INFO] [stderr]     Checking data-encoding-macro v0.1.12
[INFO] [stderr]     Checking thiserror v1.0.30
[INFO] [stderr]    Compiling ff_derive-zeroize v0.6.2
[INFO] [stderr]     Checking multibase v0.8.0
[INFO] [stderr]     Checking zeroize v1.4.2
[INFO] [stderr]     Checking failure v0.1.8
[INFO] [stderr]     Checking futures-executor v0.3.17
[INFO] [stderr]     Checking futures v0.3.17
[INFO] [stderr]     Checking json-ld v0.4.0
[INFO] [stderr]    Compiling darling v0.10.2
[INFO] [stderr]    Compiling derive_builder_core v0.9.0
[INFO] [stderr]     Checking tokio-util v0.6.8
[INFO] [stderr]     Checking ff-zeroize v0.6.3
[INFO] [stderr]    Compiling derive_builder v0.9.0
[INFO] [stderr]     Checking pairing-plus v0.19.0
[INFO] [stderr]     Checking h2 v0.3.6
[INFO] [stderr]     Checking serde v1.0.130
[INFO] [stderr]     Checking hyper v0.14.13
[INFO] [stderr]     Checking serde_urlencoded v0.7.0
[INFO] [stderr]     Checking chrono v0.4.19
[INFO] [stderr]     Checking bbs v0.4.1
[INFO] [stderr]     Checking simple_asn1 v0.5.4
[INFO] [stderr]     Checking serde_jcs v0.1.0
[INFO] [stderr]     Checking tokio-native-tls v0.3.0
[INFO] [stderr]     Checking hyper-tls v0.5.0
[INFO] [stderr]     Checking reqwest v0.11.5
[INFO] [stderr]     Checking ssi v0.3.0
[INFO] [stdout] error[E0432]: unresolved import `crate::hash::sha256`
[INFO] [stdout]   --> /opt/rustwide/cargo-home/registry/src/github.com-1ecc6299db9ec823/ssi-0.3.0/src/ldp.rs:20:5
[INFO] [stdout]    |
[INFO] [stdout] 20 | use crate::hash::sha256;
[INFO] [stdout]    |     ^^^^^^^^^^^^^^^^^^^ no `sha256` in `hash`
[INFO] [stdout] 
[INFO] [stdout] 
[INFO] [stdout] error[E0432]: unresolved import `crate::hash::sha256`
[INFO] [stdout]  --> /opt/rustwide/cargo-home/registry/src/github.com-1ecc6299db9ec823/ssi-0.3.0/src/urdna2015.rs:5:5
[INFO] [stdout]   |
[INFO] [stdout] 5 | use crate::hash::sha256;
[INFO] [stdout]   |     ^^^^^^^^^^^^^^^^^^^ no `sha256` in `hash`
[INFO] [stdout] 
[INFO] [stdout] 
[INFO] [stdout] error[E0425]: cannot find function `sha256` in module `crate::hash`
[INFO] [stdout]    --> /opt/rustwide/cargo-home/registry/src/github.com-1ecc6299db9ec823/ssi-0.3.0/src/jwk.rs:407:33
[INFO] [stdout]     |
[INFO] [stdout] 407 |         let hash = crate::hash::sha256(json_string.as_bytes())?;
[INFO] [stdout]     |                                 ^^^^^^ not found in `crate::hash`
[INFO] [stdout] 
[INFO] [stdout] 
[INFO] [stdout] error[E0277]: the size for values of type `[u8]` cannot be known at compilation time
[INFO] [stdout]   --> /opt/rustwide/cargo-home/registry/src/github.com-1ecc6299db9ec823/ssi-0.3.0/src/urdna2015.rs:89:9
[INFO] [stdout]    |
[INFO] [stdout] 89 |     let nquads_digest = sha256(joined_nquads.as_bytes())?;
[INFO] [stdout]    |         ^^^^^^^^^^^^^ doesn't have a size known at compile-time
[INFO] [stdout]    |
[INFO] [stdout]    = help: the trait `Sized` is not implemented for `[u8]`
[INFO] [stdout]    = note: all local variables must have a statically known size
[INFO] [stdout]    = help: unsized locals are gated as an unstable feature
[INFO] [stdout] 
[INFO] [stdout] 
[INFO] [stdout] error[E0277]: the size for values of type `[u8]` cannot be known at compilation time
[INFO] [stdout]   --> /opt/rustwide/cargo-home/registry/src/github.com-1ecc6299db9ec823/ssi-0.3.0/src/urdna2015.rs:89:25
[INFO] [stdout]    |
[INFO] [stdout] 89 |     let nquads_digest = sha256(joined_nquads.as_bytes())?;
[INFO] [stdout]    |                         ^^^^^^^^^^^^^^^^^^^^^^^^^^^^^^^^^ doesn't have a size known at compile-time
[INFO] [stdout]    |
[INFO] [stdout]    = help: the trait `Sized` is not implemented for `[u8]`
[INFO] [stdout]    = note: all local variables must have a statically known size
[INFO] [stdout]    = help: unsized locals are gated as an unstable feature
[INFO] [stdout] 
[INFO] [stdout] 
[INFO] [stdout] error[E0277]: the size for values of type `[u8]` cannot be known at compilation time
[INFO] [stdout]   --> /opt/rustwide/cargo-home/registry/src/github.com-1ecc6299db9ec823/ssi-0.3.0/src/urdna2015.rs:89:57
[INFO] [stdout]    |
[INFO] [stdout] 89 |     let nquads_digest = sha256(joined_nquads.as_bytes())?;
[INFO] [stdout]    |                                                         ^ doesn't have a size known at compile-time
[INFO] [stdout]    |
[INFO] [stdout]    = help: the trait `Sized` is not implemented for `[u8]`
[INFO] [stdout] note: required by `Break`
[INFO] [stdout] 
[INFO] [stdout] 
[INFO] [stdout] error[E0277]: the size for values of type `[u8]` cannot be known at compilation time
[INFO] [stdout]    --> /opt/rustwide/cargo-home/registry/src/github.com-1ecc6299db9ec823/ssi-0.3.0/src/urdna2015.rs:369:9
[INFO] [stdout]     |
[INFO] [stdout] 369 |     let digest = sha256(data_to_hash.as_bytes())?;
[INFO] [stdout]     |         ^^^^^^ doesn't have a size known at compile-time
[INFO] [stdout]     |
[INFO] [stdout]     = help: the trait `Sized` is not implemented for `[u8]`
[INFO] [stdout]     = note: all local variables must have a statically known size
[INFO] [stdout]     = help: unsized locals are gated as an unstable feature
[INFO] [stdout] 
[INFO] [stdout] 
[INFO] [stdout] error[E0277]: the size for values of type `[u8]` cannot be known at compilation time
[INFO] [stdout]    --> /opt/rustwide/cargo-home/registry/src/github.com-1ecc6299db9ec823/ssi-0.3.0/src/urdna2015.rs:369:18
[INFO] [stdout]     |
[INFO] [stdout] 369 |     let digest = sha256(data_to_hash.as_bytes())?;
[INFO] [stdout]     |                  ^^^^^^^^^^^^^^^^^^^^^^^^^^^^^^^^ doesn't have a size known at compile-time
[INFO] [stdout]     |
[INFO] [stdout]     = help: the trait `Sized` is not implemented for `[u8]`
[INFO] [stdout]     = note: all local variables must have a statically known size
[INFO] [stdout]     = help: unsized locals are gated as an unstable feature
[INFO] [stdout] 
[INFO] [stdout] 
[INFO] [stdout] error[E0277]: the size for values of type `[u8]` cannot be known at compilation time
[INFO] [stdout]    --> /opt/rustwide/cargo-home/registry/src/github.com-1ecc6299db9ec823/ssi-0.3.0/src/urdna2015.rs:369:49
[INFO] [stdout]     |
[INFO] [stdout] 369 |     let digest = sha256(data_to_hash.as_bytes())?;
[INFO] [stdout]     |                                                 ^ doesn't have a size known at compile-time
[INFO] [stdout]     |
[INFO] [stdout]     = help: the trait `Sized` is not implemented for `[u8]`
[INFO] [stdout] note: required by `Break`
[INFO] [stdout] 
[INFO] [stdout] 
[INFO] [stdout] error[E0277]: the size for values of type `[u8]` cannot be known at compilation time
[INFO] [stdout]    --> /opt/rustwide/cargo-home/registry/src/github.com-1ecc6299db9ec823/ssi-0.3.0/src/urdna2015.rs:409:9
[INFO] [stdout]     |
[INFO] [stdout] 409 |     let digest = sha256(input.as_bytes())?;
[INFO] [stdout]     |         ^^^^^^ doesn't have a size known at compile-time
[INFO] [stdout]     |
[INFO] [stdout]     = help: the trait `Sized` is not implemented for `[u8]`
[INFO] [stdout]     = note: all local variables must have a statically known size
[INFO] [stdout]     = help: unsized locals are gated as an unstable feature
[INFO] [stdout] 
[INFO] [stdout] 
[INFO] [stdout] error[E0277]: the size for values of type `[u8]` cannot be known at compilation time
[INFO] [stdout]    --> /opt/rustwide/cargo-home/registry/src/github.com-1ecc6299db9ec823/ssi-0.3.0/src/urdna2015.rs:409:18
[INFO] [stdout]     |
[INFO] [stdout] 409 |     let digest = sha256(input.as_bytes())?;
[INFO] [stdout]     |                  ^^^^^^^^^^^^^^^^^^^^^^^^^ doesn't have a size known at compile-time
[INFO] [stdout]     |
[INFO] [stdout]     = help: the trait `Sized` is not implemented for `[u8]`
[INFO] [stdout]     = note: all local variables must have a statically known size
[INFO] [stdout]     = help: unsized locals are gated as an unstable feature
[INFO] [stdout] 
[INFO] [stdout] 
[INFO] [stdout] error[E0277]: the size for values of type `[u8]` cannot be known at compilation time
[INFO] [stdout]    --> /opt/rustwide/cargo-home/registry/src/github.com-1ecc6299db9ec823/ssi-0.3.0/src/urdna2015.rs:409:42
[INFO] [stdout]     |
[INFO] [stdout] 409 |     let digest = sha256(input.as_bytes())?;
[INFO] [stdout]     |                                          ^ doesn't have a size known at compile-time
[INFO] [stdout]     |
[INFO] [stdout]     = help: the trait `Sized` is not implemented for `[u8]`
[INFO] [stdout] note: required by `Break`
[INFO] [stdout] 
[INFO] [stdout] 
[INFO] [stdout] error: aborting due to 12 previous errors
[INFO] [stdout] 
[INFO] [stdout] 
[INFO] [stdout] Some errors have detailed explanations: E0277, E0425, E0432.
[INFO] [stdout] 
[INFO] [stdout] For more information about an error, try `rustc --explain E0277`.
[INFO] [stdout] 
[INFO] [stderr] error: could not compile `ssi` due to 13 previous errors
[INFO] running `Command { std: "docker" "inspect" "c8fa8b2095d8c6135486ac675077f9352416660cd02d15976c932112df09da98", kill_on_drop: false }`
[INFO] running `Command { std: "docker" "rm" "-f" "c8fa8b2095d8c6135486ac675077f9352416660cd02d15976c932112df09da98", kill_on_drop: false }`
[INFO] [stdout] c8fa8b2095d8c6135486ac675077f9352416660cd02d15976c932112df09da98
