[INFO] fetching crate did-sol 0.0.1...
[INFO] checking did-sol-0.0.1 against 1.55.0 for beta-1.56-3
[INFO] extracting crate did-sol 0.0.1 into /workspace/builds/worker-11/source
[INFO] validating manifest of crates.io crate did-sol 0.0.1 on toolchain 1.55.0
[INFO] running `Command { std: "/workspace/cargo-home/bin/cargo" "+1.55.0" "metadata" "--manifest-path" "Cargo.toml" "--no-deps", kill_on_drop: false }`
[INFO] started tweaking crates.io crate did-sol 0.0.1
[INFO] finished tweaking crates.io crate did-sol 0.0.1
[INFO] tweaked toml for crates.io crate did-sol 0.0.1 written to /workspace/builds/worker-11/source/Cargo.toml
[INFO] running `Command { std: "/workspace/cargo-home/bin/cargo" "+1.55.0" "generate-lockfile" "--manifest-path" "Cargo.toml" "-Zno-index-update", kill_on_drop: false }`
[INFO] running `Command { std: "/workspace/cargo-home/bin/cargo" "+1.55.0" "fetch" "--manifest-path" "Cargo.toml", kill_on_drop: false }`
[INFO] running `Command { std: "docker" "create" "-v" "/var/lib/crater-agent-workspace/builds/worker-11/target:/opt/rustwide/target:rw,Z" "-v" "/var/lib/crater-agent-workspace/builds/worker-11/source:/opt/rustwide/workdir:ro,Z" "-v" "/var/lib/crater-agent-workspace/cargo-home:/opt/rustwide/cargo-home:ro,Z" "-v" "/var/lib/crater-agent-workspace/rustup-home:/opt/rustwide/rustup-home:ro,Z" "-e" "SOURCE_DIR=/opt/rustwide/workdir" "-e" "CARGO_TARGET_DIR=/opt/rustwide/target" "-e" "CARGO_HOME=/opt/rustwide/cargo-home" "-e" "RUSTUP_HOME=/opt/rustwide/rustup-home" "-w" "/opt/rustwide/workdir" "-m" "1610612736" "--user" "0:0" "--network" "none" "ghcr.io/rust-lang/crates-build-env/linux@sha256:a89201d6b5b9fd45c15d5952ece0a0129e7e80cb26ec023fd59cf09bc26f1604" "/opt/rustwide/cargo-home/bin/cargo" "+1.55.0" "metadata" "--no-deps" "--format-version=1", kill_on_drop: false }`
[INFO] [stderr] WARNING: Your kernel does not support swap limit capabilities or the cgroup is not mounted. Memory limited without swap.
[INFO] [stdout] 4185f71635a08cbc27225e97c74195ee029a42a03f570f0aa78f307e3670e20d
[INFO] running `Command { std: "docker" "start" "-a" "4185f71635a08cbc27225e97c74195ee029a42a03f570f0aa78f307e3670e20d", kill_on_drop: false }`
[INFO] running `Command { std: "docker" "inspect" "4185f71635a08cbc27225e97c74195ee029a42a03f570f0aa78f307e3670e20d", kill_on_drop: false }`
[INFO] running `Command { std: "docker" "rm" "-f" "4185f71635a08cbc27225e97c74195ee029a42a03f570f0aa78f307e3670e20d", kill_on_drop: false }`
[INFO] [stdout] 4185f71635a08cbc27225e97c74195ee029a42a03f570f0aa78f307e3670e20d
[INFO] running `Command { std: "docker" "create" "-v" "/var/lib/crater-agent-workspace/builds/worker-11/target:/opt/rustwide/target:rw,Z" "-v" "/var/lib/crater-agent-workspace/builds/worker-11/source:/opt/rustwide/workdir:ro,Z" "-v" "/var/lib/crater-agent-workspace/cargo-home:/opt/rustwide/cargo-home:ro,Z" "-v" "/var/lib/crater-agent-workspace/rustup-home:/opt/rustwide/rustup-home:ro,Z" "-e" "SOURCE_DIR=/opt/rustwide/workdir" "-e" "CARGO_TARGET_DIR=/opt/rustwide/target" "-e" "CARGO_INCREMENTAL=0" "-e" "RUST_BACKTRACE=full" "-e" "RUSTFLAGS=--cap-lints=warn" "-e" "CARGO_HOME=/opt/rustwide/cargo-home" "-e" "RUSTUP_HOME=/opt/rustwide/rustup-home" "-w" "/opt/rustwide/workdir" "-m" "1610612736" "--user" "0:0" "--network" "none" "ghcr.io/rust-lang/crates-build-env/linux@sha256:a89201d6b5b9fd45c15d5952ece0a0129e7e80cb26ec023fd59cf09bc26f1604" "/opt/rustwide/cargo-home/bin/cargo" "+1.55.0" "check" "--frozen" "--all" "--all-targets" "--message-format=json", kill_on_drop: false }`
[INFO] [stdout] 8e4341308f3dd0c800a051d579c1dee7ddfcebdf2d98617fa14720fac4177e5e
[INFO] [stderr] WARNING: Your kernel does not support swap limit capabilities or the cgroup is not mounted. Memory limited without swap.
[INFO] running `Command { std: "docker" "start" "-a" "8e4341308f3dd0c800a051d579c1dee7ddfcebdf2d98617fa14720fac4177e5e", kill_on_drop: false }`
[INFO] [stderr]    Compiling strsim v0.9.3
[INFO] [stderr]    Compiling ryu-js v0.2.1
[INFO] [stderr]    Compiling data-encoding v2.3.2
[INFO] [stderr]    Compiling serde_json v1.0.68
[INFO] [stderr]    Compiling derive_builder v0.9.0
[INFO] [stderr]     Checking base-x v0.2.8
[INFO] [stderr]     Checking pct-str v1.1.0
[INFO] [stderr]     Checking ssi-contexts v0.1.1
[INFO] [stderr]     Checking langtag v0.2.0
[INFO] [stderr]     Checking json v0.12.4
[INFO] [stderr]     Checking combination v0.1.5
[INFO] [stderr]     Checking mown v0.2.1
[INFO] [stderr]    Compiling num-bigint v0.4.2
[INFO] [stderr]    Compiling tokio v1.12.0
[INFO] [stderr]     Checking futures-lite v1.12.0
[INFO] [stderr]     Checking futures-channel v0.3.17
[INFO] [stderr]     Checking socket2 v0.4.2
[INFO] [stderr]    Compiling syn v1.0.80
[INFO] [stderr]     Checking iref v1.4.3
[INFO] [stderr]     Checking sha2 v0.9.8
[INFO] [stderr]     Checking bs58 v0.4.0
[INFO] [stderr]     Checking async-executor v1.4.1
[INFO] [stderr]     Checking blocking v1.0.2
[INFO] [stderr]    Compiling darling_core v0.10.2
[INFO] [stderr]    Compiling pest_generator v2.1.3
[INFO] [stderr]    Compiling ctor v0.1.21
[INFO] [stderr]    Compiling serde_derive v1.0.130
[INFO] [stderr]    Compiling futures-macro v0.3.17
[INFO] [stderr]    Compiling thiserror-impl v1.0.30
[INFO] [stderr]    Compiling data-encoding-macro-internal v0.1.10
[INFO] [stderr]    Compiling async-attributes v1.1.2
[INFO] [stderr]    Compiling async-trait v0.1.51
[INFO] [stderr]    Compiling pest_derive v2.1.0
[INFO] [stderr]    Compiling tokio-macros v1.5.0
[INFO] [stderr]    Compiling darling_macro v0.10.2
[INFO] [stderr]     Checking value-bag v1.0.0-alpha.7
[INFO] [stderr]     Checking data-encoding-macro v0.1.12
[INFO] [stderr]     Checking multibase v0.8.0
[INFO] [stderr]     Checking log v0.4.14
[INFO] [stderr]     Checking futures-util v0.3.17
[INFO] [stderr]     Checking polling v2.1.0
[INFO] [stderr]     Checking kv-log-macro v1.0.7
[INFO] [stderr]    Compiling darling v0.10.2
[INFO] [stderr]     Checking thiserror v1.0.30
[INFO] [stderr]     Checking async-io v1.6.0
[INFO] [stderr]    Compiling derive_builder_core v0.9.0
[INFO] [stderr]     Checking async-global-executor v2.0.2
[INFO] [stderr]     Checking async-std v1.10.0
[INFO] [stderr]     Checking futures-executor v0.3.17
[INFO] [stderr]     Checking futures v0.3.17
[INFO] [stderr]     Checking serde v1.0.130
[INFO] [stderr]     Checking chrono v0.4.19
[INFO] [stderr]     Checking serde_urlencoded v0.7.0
[INFO] [stderr]     Checking simple_asn1 v0.5.4
[INFO] [stderr]     Checking serde_jcs v0.1.0
[INFO] [stderr]     Checking ssi v0.2.2
[INFO] [stdout] error[E0432]: unresolved import `crate::hash::sha256`
[INFO] [stdout]   --> /opt/rustwide/cargo-home/registry/src/github.com-1ecc6299db9ec823/ssi-0.2.2/src/ldp.rs:20:5
[INFO] [stdout]    |
[INFO] [stdout] 20 | use crate::hash::sha256;
[INFO] [stdout]    |     ^^^^^^^^^^^^^^^^^^^ no `sha256` in `hash`
[INFO] [stdout] 
[INFO] [stdout] 
[INFO] [stdout] error[E0432]: unresolved import `crate::hash::sha256`
[INFO] [stdout]  --> /opt/rustwide/cargo-home/registry/src/github.com-1ecc6299db9ec823/ssi-0.2.2/src/urdna2015.rs:5:5
[INFO] [stdout]   |
[INFO] [stdout] 5 | use crate::hash::sha256;
[INFO] [stdout]   |     ^^^^^^^^^^^^^^^^^^^ no `sha256` in `hash`
[INFO] [stdout] 
[INFO] [stdout] 
[INFO] [stdout] error[E0277]: the size for values of type `[u8]` cannot be known at compilation time
[INFO] [stdout]   --> /opt/rustwide/cargo-home/registry/src/github.com-1ecc6299db9ec823/ssi-0.2.2/src/urdna2015.rs:89:9
[INFO] [stdout]    |
[INFO] [stdout] 89 |     let nquads_digest = sha256(joined_nquads.as_bytes())?;
[INFO] [stdout]    |         ^^^^^^^^^^^^^ doesn't have a size known at compile-time
[INFO] [stdout]    |
[INFO] [stdout]    = help: the trait `Sized` is not implemented for `[u8]`
[INFO] [stdout]    = note: all local variables must have a statically known size
[INFO] [stdout]    = help: unsized locals are gated as an unstable feature
[INFO] [stdout] 
[INFO] [stdout] 
[INFO] [stdout] error[E0277]: the size for values of type `[u8]` cannot be known at compilation time
[INFO] [stdout]   --> /opt/rustwide/cargo-home/registry/src/github.com-1ecc6299db9ec823/ssi-0.2.2/src/urdna2015.rs:89:25
[INFO] [stdout]    |
[INFO] [stdout] 89 |     let nquads_digest = sha256(joined_nquads.as_bytes())?;
[INFO] [stdout]    |                         ^^^^^^^^^^^^^^^^^^^^^^^^^^^^^^^^^ doesn't have a size known at compile-time
[INFO] [stdout]    |
[INFO] [stdout]    = help: the trait `Sized` is not implemented for `[u8]`
[INFO] [stdout]    = note: all local variables must have a statically known size
[INFO] [stdout]    = help: unsized locals are gated as an unstable feature
[INFO] [stdout] 
[INFO] [stdout] 
[INFO] [stdout] error[E0277]: the size for values of type `[u8]` cannot be known at compilation time
[INFO] [stdout]   --> /opt/rustwide/cargo-home/registry/src/github.com-1ecc6299db9ec823/ssi-0.2.2/src/urdna2015.rs:89:57
[INFO] [stdout]    |
[INFO] [stdout] 89 |     let nquads_digest = sha256(joined_nquads.as_bytes())?;
[INFO] [stdout]    |                                                         ^ doesn't have a size known at compile-time
[INFO] [stdout]    |
[INFO] [stdout]    = help: the trait `Sized` is not implemented for `[u8]`
[INFO] [stdout] note: required by `Break`
[INFO] [stdout] 
[INFO] [stdout] 
[INFO] [stdout] error[E0277]: the size for values of type `[u8]` cannot be known at compilation time
[INFO] [stdout]    --> /opt/rustwide/cargo-home/registry/src/github.com-1ecc6299db9ec823/ssi-0.2.2/src/urdna2015.rs:369:9
[INFO] [stdout]     |
[INFO] [stdout] 369 |     let digest = sha256(data_to_hash.as_bytes())?;
[INFO] [stdout]     |         ^^^^^^ doesn't have a size known at compile-time
[INFO] [stdout]     |
[INFO] [stdout]     = help: the trait `Sized` is not implemented for `[u8]`
[INFO] [stdout]     = note: all local variables must have a statically known size
[INFO] [stdout]     = help: unsized locals are gated as an unstable feature
[INFO] [stdout] 
[INFO] [stdout] 
[INFO] [stdout] error[E0277]: the size for values of type `[u8]` cannot be known at compilation time
[INFO] [stdout]    --> /opt/rustwide/cargo-home/registry/src/github.com-1ecc6299db9ec823/ssi-0.2.2/src/urdna2015.rs:369:18
[INFO] [stdout]     |
[INFO] [stdout] 369 |     let digest = sha256(data_to_hash.as_bytes())?;
[INFO] [stdout]     |                  ^^^^^^^^^^^^^^^^^^^^^^^^^^^^^^^^ doesn't have a size known at compile-time
[INFO] [stdout]     |
[INFO] [stdout]     = help: the trait `Sized` is not implemented for `[u8]`
[INFO] [stdout]     = note: all local variables must have a statically known size
[INFO] [stdout]     = help: unsized locals are gated as an unstable feature
[INFO] [stdout] 
[INFO] [stdout] 
[INFO] [stdout] error[E0277]: the size for values of type `[u8]` cannot be known at compilation time
[INFO] [stdout]    --> /opt/rustwide/cargo-home/registry/src/github.com-1ecc6299db9ec823/ssi-0.2.2/src/urdna2015.rs:369:49
[INFO] [stdout]     |
[INFO] [stdout] 369 |     let digest = sha256(data_to_hash.as_bytes())?;
[INFO] [stdout]     |                                                 ^ doesn't have a size known at compile-time
[INFO] [stdout]     |
[INFO] [stdout]     = help: the trait `Sized` is not implemented for `[u8]`
[INFO] [stdout] note: required by `Break`
[INFO] [stdout] 
[INFO] [stdout] 
[INFO] [stdout] error[E0277]: the size for values of type `[u8]` cannot be known at compilation time
[INFO] [stdout]    --> /opt/rustwide/cargo-home/registry/src/github.com-1ecc6299db9ec823/ssi-0.2.2/src/urdna2015.rs:409:9
[INFO] [stdout]     |
[INFO] [stdout] 409 |     let digest = sha256(input.as_bytes())?;
[INFO] [stdout]     |         ^^^^^^ doesn't have a size known at compile-time
[INFO] [stdout]     |
[INFO] [stdout]     = help: the trait `Sized` is not implemented for `[u8]`
[INFO] [stdout]     = note: all local variables must have a statically known size
[INFO] [stdout]     = help: unsized locals are gated as an unstable feature
[INFO] [stdout] 
[INFO] [stdout] 
[INFO] [stdout] error[E0277]: the size for values of type `[u8]` cannot be known at compilation time
[INFO] [stdout]    --> /opt/rustwide/cargo-home/registry/src/github.com-1ecc6299db9ec823/ssi-0.2.2/src/urdna2015.rs:409:18
[INFO] [stdout]     |
[INFO] [stdout] 409 |     let digest = sha256(input.as_bytes())?;
[INFO] [stdout]     |                  ^^^^^^^^^^^^^^^^^^^^^^^^^ doesn't have a size known at compile-time
[INFO] [stdout]     |
[INFO] [stdout]     = help: the trait `Sized` is not implemented for `[u8]`
[INFO] [stdout]     = note: all local variables must have a statically known size
[INFO] [stdout]     = help: unsized locals are gated as an unstable feature
[INFO] [stdout] 
[INFO] [stdout] 
[INFO] [stdout] error[E0277]: the size for values of type `[u8]` cannot be known at compilation time
[INFO] [stdout]    --> /opt/rustwide/cargo-home/registry/src/github.com-1ecc6299db9ec823/ssi-0.2.2/src/urdna2015.rs:409:42
[INFO] [stdout]     |
[INFO] [stdout] 409 |     let digest = sha256(input.as_bytes())?;
[INFO] [stdout]     |                                          ^ doesn't have a size known at compile-time
[INFO] [stdout]     |
[INFO] [stdout]     = help: the trait `Sized` is not implemented for `[u8]`
[INFO] [stdout] note: required by `Break`
[INFO] [stdout] 
[INFO] [stdout] 
[INFO] [stdout] error: aborting due to 11 previous errors
[INFO] [stdout] 
[INFO] [stdout] 
[INFO] [stdout] Some errors have detailed explanations: E0277, E0432.
[INFO] [stdout] 
[INFO] [stdout] For more information about an error, try `rustc --explain E0277`.
[INFO] [stdout] 
[INFO] [stderr] error: could not compile `ssi` due to 12 previous errors
[INFO] running `Command { std: "docker" "inspect" "8e4341308f3dd0c800a051d579c1dee7ddfcebdf2d98617fa14720fac4177e5e", kill_on_drop: false }`
[INFO] running `Command { std: "docker" "rm" "-f" "8e4341308f3dd0c800a051d579c1dee7ddfcebdf2d98617fa14720fac4177e5e", kill_on_drop: false }`
[INFO] [stdout] 8e4341308f3dd0c800a051d579c1dee7ddfcebdf2d98617fa14720fac4177e5e
