[INFO] fetching crate diamond-types 0.1.0...
[INFO] checking diamond-types-0.1.0 against beta-2021-10-15 for beta-1.56-3
[INFO] extracting crate diamond-types 0.1.0 into /workspace/builds/worker-8/source
[INFO] validating manifest of crates.io crate diamond-types 0.1.0 on toolchain beta-2021-10-15
[INFO] running `Command { std: "/workspace/cargo-home/bin/cargo" "+beta-2021-10-15" "metadata" "--manifest-path" "Cargo.toml" "--no-deps", kill_on_drop: false }`
[INFO] started tweaking crates.io crate diamond-types 0.1.0
[INFO] finished tweaking crates.io crate diamond-types 0.1.0
[INFO] tweaked toml for crates.io crate diamond-types 0.1.0 written to /workspace/builds/worker-8/source/Cargo.toml
[INFO] crate crates.io crate diamond-types 0.1.0 already has a lockfile, it will not be regenerated
[INFO] running `Command { std: "/workspace/cargo-home/bin/cargo" "+beta-2021-10-15" "fetch" "--manifest-path" "Cargo.toml", kill_on_drop: false }`
[INFO] running `Command { std: "docker" "create" "-v" "/var/lib/crater-agent-workspace/builds/worker-8/target:/opt/rustwide/target:rw,Z" "-v" "/var/lib/crater-agent-workspace/builds/worker-8/source:/opt/rustwide/workdir:ro,Z" "-v" "/var/lib/crater-agent-workspace/cargo-home:/opt/rustwide/cargo-home:ro,Z" "-v" "/var/lib/crater-agent-workspace/rustup-home:/opt/rustwide/rustup-home:ro,Z" "-e" "SOURCE_DIR=/opt/rustwide/workdir" "-e" "CARGO_TARGET_DIR=/opt/rustwide/target" "-e" "CARGO_HOME=/opt/rustwide/cargo-home" "-e" "RUSTUP_HOME=/opt/rustwide/rustup-home" "-w" "/opt/rustwide/workdir" "-m" "1610612736" "--user" "0:0" "--network" "none" "ghcr.io/rust-lang/crates-build-env/linux@sha256:a89201d6b5b9fd45c15d5952ece0a0129e7e80cb26ec023fd59cf09bc26f1604" "/opt/rustwide/cargo-home/bin/cargo" "+beta-2021-10-15" "metadata" "--no-deps" "--format-version=1", kill_on_drop: false }`
[INFO] [stderr] WARNING: Your kernel does not support swap limit capabilities or the cgroup is not mounted. Memory limited without swap.
[INFO] [stdout] 823159d8ff9081c06baa5b429a9805f255eaadfb00771eff01acd8611f2f52a3
[INFO] running `Command { std: "docker" "start" "-a" "823159d8ff9081c06baa5b429a9805f255eaadfb00771eff01acd8611f2f52a3", kill_on_drop: false }`
[INFO] running `Command { std: "docker" "inspect" "823159d8ff9081c06baa5b429a9805f255eaadfb00771eff01acd8611f2f52a3", kill_on_drop: false }`
[INFO] running `Command { std: "docker" "rm" "-f" "823159d8ff9081c06baa5b429a9805f255eaadfb00771eff01acd8611f2f52a3", kill_on_drop: false }`
[INFO] [stdout] 823159d8ff9081c06baa5b429a9805f255eaadfb00771eff01acd8611f2f52a3
[INFO] running `Command { std: "docker" "create" "-v" "/var/lib/crater-agent-workspace/builds/worker-8/target:/opt/rustwide/target:rw,Z" "-v" "/var/lib/crater-agent-workspace/builds/worker-8/source:/opt/rustwide/workdir:ro,Z" "-v" "/var/lib/crater-agent-workspace/cargo-home:/opt/rustwide/cargo-home:ro,Z" "-v" "/var/lib/crater-agent-workspace/rustup-home:/opt/rustwide/rustup-home:ro,Z" "-e" "SOURCE_DIR=/opt/rustwide/workdir" "-e" "CARGO_TARGET_DIR=/opt/rustwide/target" "-e" "CARGO_INCREMENTAL=0" "-e" "RUST_BACKTRACE=full" "-e" "RUSTFLAGS=--cap-lints=warn" "-e" "CARGO_HOME=/opt/rustwide/cargo-home" "-e" "RUSTUP_HOME=/opt/rustwide/rustup-home" "-w" "/opt/rustwide/workdir" "-m" "1610612736" "--user" "0:0" "--network" "none" "ghcr.io/rust-lang/crates-build-env/linux@sha256:a89201d6b5b9fd45c15d5952ece0a0129e7e80cb26ec023fd59cf09bc26f1604" "/opt/rustwide/cargo-home/bin/cargo" "+beta-2021-10-15" "check" "--frozen" "--all" "--all-targets" "--message-format=json", kill_on_drop: false }`
[INFO] [stderr] WARNING: Your kernel does not support swap limit capabilities or the cgroup is not mounted. Memory limited without swap.
[INFO] [stdout] d2f65ff182edc9f4aa20c05595ebfb99a154e885cf0a56e21139528e7cdee0d2
[INFO] running `Command { std: "docker" "start" "-a" "d2f65ff182edc9f4aa20c05595ebfb99a154e885cf0a56e21139528e7cdee0d2", kill_on_drop: false }`
[INFO] [stderr]    Compiling serde v1.0.126
[INFO] [stderr]    Compiling semver v1.0.3
[INFO] [stderr]    Compiling memchr v2.4.0
[INFO] [stderr]    Compiling syn v1.0.74
[INFO] [stderr]     Checking smallvec v1.6.1
[INFO] [stderr]     Checking smartstring v0.2.7
[INFO] [stderr]     Checking clap v2.33.3
[INFO] [stderr]     Checking crossbeam-deque v0.8.0
[INFO] [stderr]     Checking rand v0.8.4
[INFO] [stderr]     Checking rayon-core v1.9.1
[INFO] [stderr]     Checking ropey v1.3.1
[INFO] [stderr]    Compiling rustc_version v0.4.0
[INFO] [stderr]     Checking csv-core v0.1.10
[INFO] [stderr]     Checking rayon v1.5.1
[INFO] [stderr]     Checking diamond-types v0.1.0 (/opt/rustwide/workdir)
[INFO] [stderr]    Compiling cast v0.2.7
[INFO] [stderr]     Checking criterion-plot v0.4.3
[INFO] [stderr]     Checking serde_json v1.0.64
[INFO] [stderr]     Checking bstr v0.2.16
[INFO] [stderr]     Checking serde_cbor v0.11.1
[INFO] [stderr]     Checking csv v1.1.6
[INFO] [stderr]     Checking tinytemplate v1.2.1
[INFO] [stderr]    Compiling serde_derive v1.0.126
[INFO] [stderr]     Checking criterion v0.3.4
[INFO] [stdout] error[E0432]: unresolved import `crdt_testdata`
[INFO] [stdout]  --> benches/yjs.rs:6:5
[INFO] [stdout]   |
[INFO] [stdout] 6 | use crdt_testdata::{load_testing_data, TestPatch, TestTxn};
[INFO] [stdout]   |     ^^^^^^^^^^^^^ use of undeclared crate or module `crdt_testdata`
[INFO] [stdout] 
[INFO] [stdout] 
[INFO] [stdout] error[E0433]: failed to resolve: use of undeclared crate or module `text_crdt_rust`
[INFO] [stdout]  --> benches/yjs.rs:9:5
[INFO] [stdout]   |
[INFO] [stdout] 9 | use text_crdt_rust::list::*;
[INFO] [stdout]   |     ^^^^^^^^^^^^^^ use of undeclared crate or module `text_crdt_rust`
[INFO] [stdout] 
[INFO] [stdout] 
[INFO] [stdout] error[E0432]: unresolved imports `text_crdt_rust`, `text_crdt_rust::list::*`
[INFO] [stdout]  --> benches/yjs.rs:8:5
[INFO] [stdout]   |
[INFO] [stdout] 8 | use text_crdt_rust::*;
[INFO] [stdout]   |     ^^^^^^^^^^^^^^ use of undeclared crate or module `text_crdt_rust`
[INFO] [stdout] 9 | use text_crdt_rust::list::*;
[INFO] [stdout]   |     ^^^^^^^^^^^^^^^^^^^^^^^
[INFO] [stdout] 
[INFO] [stdout] 
[INFO] [stdout] error[E0432]: unresolved import `crdt_testdata`
[INFO] [stdout]  --> benches/ropey.rs:6:5
[INFO] [stdout]   |
[INFO] [stdout] 6 | use crdt_testdata::{load_testing_data, TestPatch};
[INFO] [stdout]   |     ^^^^^^^^^^^^^ use of undeclared crate or module `crdt_testdata`
[INFO] [stdout] 
[INFO] [stdout] 
[INFO] [stdout] error[E0432]: unresolved import `crdt_testdata`
[INFO] [stdout]  --> benches/yjs.rs:6:5
[INFO] [stdout]   |
[INFO] [stdout] 6 | use crdt_testdata::{load_testing_data, TestPatch, TestTxn};
[INFO] [stdout]   |     ^^^^^^^^^^^^^ use of undeclared crate or module `crdt_testdata`
[INFO] [stdout] 
[INFO] [stdout] 
[INFO] [stdout] error[E0433]: failed to resolve: use of undeclared crate or module `text_crdt_rust`
[INFO] [stdout]  --> benches/yjs.rs:9:5
[INFO] [stdout]   |
[INFO] [stdout] 9 | use text_crdt_rust::list::*;
[INFO] [stdout]   |     ^^^^^^^^^^^^^^ use of undeclared crate or module `text_crdt_rust`
[INFO] [stdout] 
[INFO] [stdout] 
[INFO] [stdout] error[E0432]: unresolved imports `text_crdt_rust`, `text_crdt_rust::list::*`
[INFO] [stdout]  --> benches/yjs.rs:8:5
[INFO] [stdout]   |
[INFO] [stdout] 8 | use text_crdt_rust::*;
[INFO] [stdout]   |     ^^^^^^^^^^^^^^ use of undeclared crate or module `text_crdt_rust`
[INFO] [stdout] 9 | use text_crdt_rust::list::*;
[INFO] [stdout]   |     ^^^^^^^^^^^^^^^^^^^^^^^
[INFO] [stdout] 
[INFO] [stdout] 
[INFO] [stdout] error[E0432]: unresolved import `crdt_testdata`
[INFO] [stdout]  --> tests/realworld.rs:1:5
[INFO] [stdout]   |
[INFO] [stdout] 1 | use crdt_testdata::{load_testing_data, TestPatch, TestTxn, TestData};
[INFO] [stdout]   |     ^^^^^^^^^^^^^ use of undeclared crate or module `crdt_testdata`
[INFO] [stdout] 
[INFO] [stdout] 
[INFO] [stdout] error[E0432]: unresolved import `crdt_testdata`
[INFO] [stdout]   --> examples/stats.rs:11:5
[INFO] [stdout]    |
[INFO] [stdout] 11 | use crdt_testdata::{load_testing_data, TestPatch, TestTxn};
[INFO] [stdout]    |     ^^^^^^^^^^^^^ use of undeclared crate or module `crdt_testdata`
[INFO] [stdout] 
[INFO] [stdout] 
[INFO] [stdout] error[E0412]: cannot find type `ListCRDT` in this scope
[INFO] [stdout]   --> benches/yjs.rs:11:26
[INFO] [stdout]    |
[INFO] [stdout] 11 | fn apply_edits(doc: &mut ListCRDT, txns: &Vec<TestTxn>) {
[INFO] [stdout]    |                          ^^^^^^^^ not found in this scope
[INFO] [stdout]    |
[INFO] [stdout] help: consider importing this struct
[INFO] [stdout]    |
[INFO] [stdout] 5  | use diamond_types::list::ListCRDT;
[INFO] [stdout]    |
[INFO] [stdout] 
[INFO] [stdout] 
[INFO] [stdout] error[E0412]: cannot find type `LocalOp` in this scope
[INFO] [stdout]   --> benches/yjs.rs:14:28
[INFO] [stdout]    |
[INFO] [stdout] 14 |     let mut local_ops: Vec<LocalOp> = Vec::new();
[INFO] [stdout]    |                            ^^^^^^^ not found in this scope
[INFO] [stdout]    |
[INFO] [stdout] help: consider importing this struct
[INFO] [stdout]    |
[INFO] [stdout] 5  | use diamond_types::LocalOp;
[INFO] [stdout]    |
[INFO] [stdout] 
[INFO] [stdout] 
[INFO] [stdout] error[E0422]: cannot find struct, variant or union type `LocalOp` in this scope
[INFO] [stdout]   --> benches/yjs.rs:20:13
[INFO] [stdout]    |
[INFO] [stdout] 20 |             LocalOp {
[INFO] [stdout]    |             ^^^^^^^ not found in this scope
[INFO] [stdout]    |
[INFO] [stdout] help: consider importing this struct
[INFO] [stdout]    |
[INFO] [stdout] 5  | use diamond_types::LocalOp;
[INFO] [stdout]    |
[INFO] [stdout] 
[INFO] [stdout] 
[INFO] [stdout] error[E0433]: failed to resolve: use of undeclared type `ListCRDT`
[INFO] [stdout]   --> benches/yjs.rs:42:27
[INFO] [stdout]    |
[INFO] [stdout] 42 |             let mut doc = ListCRDT::new();
[INFO] [stdout]    |                           ^^^^^^^^ not found in this scope
[INFO] [stdout]    |
[INFO] [stdout] help: consider importing this struct
[INFO] [stdout]    |
[INFO] [stdout] 5  | use diamond_types::list::ListCRDT;
[INFO] [stdout]    |
[INFO] [stdout] 
[INFO] [stdout] 
[INFO] [stdout] error[E0433]: failed to resolve: use of undeclared type `ListCRDT`
[INFO] [stdout]   --> benches/yjs.rs:53:27
[INFO] [stdout]    |
[INFO] [stdout] 53 |             let mut doc = ListCRDT::new();
[INFO] [stdout]    |                           ^^^^^^^^ not found in this scope
[INFO] [stdout]    |
[INFO] [stdout] help: consider importing this struct
[INFO] [stdout]    |
[INFO] [stdout] 5  | use diamond_types::list::ListCRDT;
[INFO] [stdout]    |
[INFO] [stdout] 
[INFO] [stdout] 
[INFO] [stdout] error[E0412]: cannot find type `ListCRDT` in this scope
[INFO] [stdout]   --> benches/yjs.rs:11:26
[INFO] [stdout]    |
[INFO] [stdout] 11 | fn apply_edits(doc: &mut ListCRDT, txns: &Vec<TestTxn>) {
[INFO] [stdout]    |                          ^^^^^^^^ not found in this scope
[INFO] [stdout]    |
[INFO] [stdout] help: consider importing this struct
[INFO] [stdout]    |
[INFO] [stdout] 5  | use diamond_types::list::ListCRDT;
[INFO] [stdout]    |
[INFO] [stdout] 
[INFO] [stdout] 
[INFO] [stdout] error[E0412]: cannot find type `LocalOp` in this scope
[INFO] [stdout]   --> benches/yjs.rs:14:28
[INFO] [stdout]    |
[INFO] [stdout] 14 |     let mut local_ops: Vec<LocalOp> = Vec::new();
[INFO] [stdout]    |                            ^^^^^^^ not found in this scope
[INFO] [stdout]    |
[INFO] [stdout] help: consider importing this struct
[INFO] [stdout]    |
[INFO] [stdout] 5  | use diamond_types::LocalOp;
[INFO] [stdout]    |
[INFO] [stdout] 
[INFO] [stdout] 
[INFO] [stdout] error[E0422]: cannot find struct, variant or union type `LocalOp` in this scope
[INFO] [stdout]   --> benches/yjs.rs:20:13
[INFO] [stdout]    |
[INFO] [stdout] 20 |             LocalOp {
[INFO] [stdout]    |             ^^^^^^^ not found in this scope
[INFO] [stdout]    |
[INFO] [stdout] help: consider importing this struct
[INFO] [stdout]    |
[INFO] [stdout] 5  | use diamond_types::LocalOp;
[INFO] [stdout]    |
[INFO] [stdout] 
[INFO] [stdout] 
[INFO] [stdout] error[E0433]: failed to resolve: use of undeclared type `ListCRDT`
[INFO] [stdout]   --> benches/yjs.rs:42:27
[INFO] [stdout]    |
[INFO] [stdout] 42 |             let mut doc = ListCRDT::new();
[INFO] [stdout]    |                           ^^^^^^^^ not found in this scope
[INFO] [stdout]    |
[INFO] [stdout] help: consider importing this struct
[INFO] [stdout]    |
[INFO] [stdout] 5  | use diamond_types::list::ListCRDT;
[INFO] [stdout]    |
[INFO] [stdout] 
[INFO] [stdout] 
[INFO] [stdout] error[E0433]: failed to resolve: use of undeclared type `ListCRDT`
[INFO] [stdout]   --> benches/yjs.rs:53:27
[INFO] [stdout]    |
[INFO] [stdout] 53 |             let mut doc = ListCRDT::new();
[INFO] [stdout]    |                           ^^^^^^^^ not found in this scope
[INFO] [stdout]    |
[INFO] [stdout] help: consider importing this struct
[INFO] [stdout]    |
[INFO] [stdout] 5  | use diamond_types::list::ListCRDT;
[INFO] [stdout]    |
[INFO] [stdout] 
[INFO] [stdout] 
[INFO] [stdout] error[E0432]: unresolved import `crdt_testdata`
[INFO] [stdout]  --> benches/ropey.rs:6:5
[INFO] [stdout]   |
[INFO] [stdout] 6 | use crdt_testdata::{load_testing_data, TestPatch};
[INFO] [stdout]   |     ^^^^^^^^^^^^^ use of undeclared crate or module `crdt_testdata`
[INFO] [stdout] 
[INFO] [stdout] 
[INFO] [stderr] error: could not compile `diamond-types` due to 2 previous errors
[INFO] [stdout] error: aborting due to previous error
[INFO] [stdout] 
[INFO] [stdout] 
[INFO] [stderr] warning: build failed, waiting for other jobs to finish...
[INFO] [stdout] For more information about this error, try `rustc --explain E0432`.
[INFO] [stdout] 
[INFO] [stdout] error: aborting due to 8 previous errors
[INFO] [stdout] 
[INFO] [stdout] 
[INFO] [stdout] Some errors have detailed explanations: E0412, E0422, E0432, E0433.
[INFO] [stdout] 
[INFO] [stdout] For more information about an error, try `rustc --explain E0412`.
[INFO] [stdout] 
[INFO] [stdout] error: aborting due to previous error
[INFO] [stdout] 
[INFO] [stdout] 
[INFO] [stdout] For more information about this error, try `rustc --explain E0432`.
[INFO] [stdout] 
[INFO] [stdout] error: aborting due to 9 previous errors
[INFO] [stdout] 
[INFO] [stdout] 
[INFO] [stdout] Some errors have detailed explanations: E0412, E0422, E0432, E0433.
[INFO] [stdout] 
[INFO] [stdout] For more information about an error, try `rustc --explain E0412`.
[INFO] [stdout] 
[INFO] [stdout] error: aborting due to previous error
[INFO] [stdout] 
[INFO] [stdout] 
[INFO] [stdout] For more information about this error, try `rustc --explain E0432`.
[INFO] [stdout] 
[INFO] [stderr] error: build failed
[INFO] running `Command { std: "docker" "inspect" "d2f65ff182edc9f4aa20c05595ebfb99a154e885cf0a56e21139528e7cdee0d2", kill_on_drop: false }`
[INFO] running `Command { std: "docker" "rm" "-f" "d2f65ff182edc9f4aa20c05595ebfb99a154e885cf0a56e21139528e7cdee0d2", kill_on_drop: false }`
[INFO] [stdout] d2f65ff182edc9f4aa20c05595ebfb99a154e885cf0a56e21139528e7cdee0d2
